{"id":689257,"date":"2025-08-27T13:10:48","date_gmt":"2025-08-27T10:10:48","guid":{"rendered":"https:\/\/roveyayinevi.com.tr\/index.php\/urun\/nezihe-muhittin-ve-turk-kadini-1931\/"},"modified":"2026-04-16T01:58:47","modified_gmt":"2026-04-15T22:58:47","slug":"nezihe-muhittin-ve-turk-kadini-1931","status":"publish","type":"product","link":"https:\/\/roveyayinevi.com.tr\/index.php\/urun\/nezihe-muhittin-ve-turk-kadini-1931\/","title":{"rendered":"Nezihe Muhittin ve T\u00fcrk Kad\u0131n\u0131 1931"},"content":{"rendered":"<p>T\u00fcrkye kad\u0131n hareketi tarihinde \u00f6nemli bir isim Nezihe Muhittin; bug\u00fcn hala faaliyetlerini s\u00fcrd\u00fcren T\u00fcrk Kad\u0131nlar Birli\u011fi\u2019nin kurucular\u0131 aras\u0131nda yeralm\u0131\u015f ve Kad\u0131n Yolu gibi pek \u00e7ok derginin \u00e7\u0131kar\u0131lmas\u0131nda eme\u011fi ge\u00e7mi\u015f biri. Bu kitapta Ay\u015feg\u00fcl Baykan, Nezihe Mihittin\u2019in g\u00f6r\u00fc\u015flerini, feminist tarih yaz\u0131ma ba\u011flam\u0131nda \u00e7\u00f6z\u00fcml\u00fcyor. Baykan, Muhittin\u2019in d\u00fc\u015f\u00fcnceleri \u00fczerinden kad\u0131nlar\u0131n kendi \u00f6zg\u00fcrle\u015fmelerinde etkin bir rol oynad\u0131klar\u0131n\u0131 ve yaln\u0131zca Bat\u0131l\u0131la\u015fma politikalar\u0131n\u0131n nesneleri olarak alg\u0131lanam\u0131yacaklar\u0131n\u0131 g\u00f6steriyor. Belma \u00d6t\u00fc\u015f-Baskett ise Nezihe Muhittin\u2019in duygusal romanlar\u0131n\u0131feminist edebiyat ele\u015ftirisinin y\u00f6ntemleriyle inceliyor. Atat\u00fcrk devrimlerine, Medeni Kanun\u2019a ve geleneksel aile ve ahlak de\u011ferlerine ba\u011fl\u0131l\u0131\u011f\u0131 vurgulayan bu romanlarda, \u00f6ncelikli ama\u00e7 kad\u0131nlar\u0131 e\u011fitmek. Kitab\u0131n ikinci b\u00f6l\u00fcm\u00fc, Nezihe Muhittin\u2019in T\u00fcrk Kad\u0131n\u0131 adl\u0131 otobiyografik eserinin g\u00fcn\u00fcm\u00fcze T\u00fcrk\u00e7esi\u2019ne uyarlanm\u0131\u015f hali. Farkl\u0131 bir anlat\u0131m tekni\u011fine sahip olan T\u00fcrk Kad\u0131n\u0131\u2019nda yaln\u0131zca T\u00fcrkiye\u2019deki kad\u0131n hareketinin tarihi de\u011fil, Nezihe Muhittin\u2019in an\u0131lar\u0131, deneyimleri ve feminizm yorumu da var. Kad\u0131nl\u0131k mefk\u00fcresi ni savunan Nezihe Muhittin\u2019in d\u00fc\u015f\u00fcncelerini \u00f6\u011frenmek, hem kad\u0131nlar\u0131n modernle\u015fme projelerinin onlara atfetti\u011fi rolle ili\u015fkilerini kavramak hem de Kad\u0131nlar haklar\u0131n\u0131 m\u00fccadele etmeden kazand\u0131lar s\u00f6yleminin ge\u00e7erlili\u011fini sorgulamak a\u00e7\u0131s\u0131ndan \u00f6nemli. \ufffcTan\u0131t\u0131m Metni<\/p>\n","protected":false},"excerpt":{"rendered":"<p>T\u00fcrkye kad\u0131n hareketi tarihinde \u00f6nemli bir isim Nezihe Muhittin; bug\u00fcn hala faaliyetlerini s\u00fcrd\u00fcren T\u00fcrk Kad\u0131nlar Birli\u011fi\u2019nin kurucular\u0131 aras\u0131nda yeralm\u0131\u015f ve Kad\u0131n Yolu gibi pek \u00e7ok derginin<span class=\"excerpt-hellip\"> [\u2026]<\/span><\/p>\n","protected":false},"featured_media":0,"template":"","meta":{"_monsterinsights_skip_tracking":false,"_monsterinsights_sitenote_active":false,"_monsterinsights_sitenote_note":"","_monsterinsights_sitenote_category":0},"product_brand":[],"product_cat":[12304,13493],"product_tag":[],"class_list":{"0":"post-689257","1":"product","2":"type-product","3":"status-publish","5":"product_cat-tarih","6":"product_cat-turkiye-ve-cumhuriyet-tarihi","7":"pa_cilt-ciltsiz","8":"pa_tur-kitap","9":"pa_yayinevi-iletisim-yayinlari","10":"pa_yazar-aysegul-baykan","11":"pa_yazar-belma-otus-baskett-yay-haz","13":"first","14":"instock","15":"sale","16":"shipping-taxable","17":"purchasable","18":"product-type-simple"},"_links":{"self":[{"href":"https:\/\/roveyayinevi.com.tr\/index.php\/wp-json\/wp\/v2\/product\/689257","targetHints":{"allow":["GET"]}}],"collection":[{"href":"https:\/\/roveyayinevi.com.tr\/index.php\/wp-json\/wp\/v2\/product"}],"about":[{"href":"https:\/\/roveyayinevi.com.tr\/index.php\/wp-json\/wp\/v2\/types\/product"}],"wp:attachment":[{"href":"https:\/\/roveyayinevi.com.tr\/index.php\/wp-json\/wp\/v2\/media?parent=689257"}],"wp:term":[{"taxonomy":"product_brand","embeddable":true,"href":"https:\/\/roveyayinevi.com.tr\/index.php\/wp-json\/wp\/v2\/product_brand?post=689257"},{"taxonomy":"product_cat","embeddable":true,"href":"https:\/\/roveyayinevi.com.tr\/index.php\/wp-json\/wp\/v2\/product_cat?post=689257"},{"taxonomy":"product_tag","embeddable":true,"href":"https:\/\/roveyayinevi.com.tr\/index.php\/wp-json\/wp\/v2\/product_tag?post=689257"}],"curies":[{"name":"wp","href":"https:\/\/api.w.org\/{rel}","templated":true}]}}