{"id":689248,"date":"2025-08-27T13:10:47","date_gmt":"2025-08-27T10:10:47","guid":{"rendered":"https:\/\/roveyayinevi.com.tr\/index.php\/urun\/stoa-felsefesi\/"},"modified":"2026-04-13T01:58:51","modified_gmt":"2026-04-12T22:58:51","slug":"stoa-felsefesi","status":"publish","type":"product","link":"https:\/\/roveyayinevi.com.tr\/index.php\/urun\/stoa-felsefesi\/","title":{"rendered":"Stoa Felsefesi"},"content":{"rendered":"<p>Stoa okulu, Bat\u0131 d\u00fc\u015f\u00fcnce d\u00fcnyas\u0131n\u0131n temelinde bulunan Antik Yunan k\u00fclt\u00fcr\u00fcn\u00fcn belli ba\u015fla d\u00fc\u015f\u00fcnce okullar\u0131ndan birini olu\u015fturur. \u0130.\u00d6. 4. y\u00fczy\u0131lda ya\u015fayan ve Aristoteles\u2019in \u00e7a\u011fda\u015f\u0131 olan ilk Stoa filozoflar\u0131, Attika yar\u0131madas\u0131na d\u0131\u015fardan gelmi\u015f yabanc\u0131lard\u0131; belki de bu nedenle, farkl\u0131l\u0131klar\u0131 ortadan kald\u0131rmadan ama aralar\u0131nda belli bir ayr\u0131cal\u0131k da g\u00f6zetmeksizin t\u00fcm insanlar\u0131 kucaklamay\u0131 ama\u00e7layan bir insanc\u0131l\u0131k, Stoa felsefesinin ba\u015fl\u0131ca temalar\u0131ndan birini olu\u015fturmu\u015ftur. Stoa d\u00fc\u015f\u00fcncesi felsefeyi; mant\u0131k, fizik ve ahlak olarak \u00fc\u00e7 genel ba\u015fl\u0131kta de\u011ferlendirip i\u015fler. Aristoteles\u2019in t\u00fcmellere ve mutlakl\u0131\u011fa dayal\u0131 mant\u0131\u011f\u0131n\u0131n uzun y\u0131llar boyunca egemen oldu\u011fu d\u00fc\u015f\u00fcnce tarihinde, Stoa mant\u0131\u011f\u0131n\u0131n yapm\u0131\u015f oldu\u011fu \u00e7al\u0131\u015fmalar, \u00f6zellikle 19. y\u00fczy\u0131lla birlikte yeniden ele al\u0131nm\u0131\u015f ve mant\u0131k \u00e7al\u0131\u015fmalar\u0131n\u0131n \u00e7e\u015fitlenip geli\u015fmesinde belirgin bir rol oynam\u0131\u015ft\u0131r. Stoa d\u00fc\u015f\u00fcncesinin temel anlay\u0131\u015flar\u0131ndan birini olu\u015fturan do\u011fayla uyum i\u00e7inde ya\u015famak , do\u011fa insan ili\u015fkilerinin \u00e7ok y\u00f6nl\u00fc bir bi\u00e7imde de\u011ferlendirildi\u011fi g\u00fcn\u00fcm\u00fcze bir\u00e7ok bak\u0131mdan \u0131\u015f\u0131k tutacak niteliktedir. Dijon \u00dcniversitesi profes\u00f6rlerinden Jean Brun\u2019n\u00fcn haz\u0131rlam\u0131\u015f oldu\u011fu bu \u00e7al\u0131\u015fma, Stoa okulunun tarih\u00e7esini ve \u00e7e\u015fitli d\u00f6nemlerini belli ba\u015fl\u0131 temsilcileriyle birlikte verirken, Stoa felsefesinin mant\u0131k, fizik ve ahlak \u00f6\u011fretilerini de ayr\u0131nt\u0131lar\u0131yla bize sunuyor. Kitapta ayr\u0131ca Stoa d\u00fc\u015f\u00fcncesine ili\u015fkin kapsaml\u0131 bir kaynak\u00e7a da yer al\u0131yor.<\/p>\n","protected":false},"excerpt":{"rendered":"<p>Stoa okulu, Bat\u0131 d\u00fc\u015f\u00fcnce d\u00fcnyas\u0131n\u0131n temelinde bulunan Antik Yunan k\u00fclt\u00fcr\u00fcn\u00fcn belli ba\u015fla d\u00fc\u015f\u00fcnce okullar\u0131ndan birini olu\u015fturur. \u0130.\u00d6. 4. y\u00fczy\u0131lda ya\u015fayan ve Aristoteles\u2019in \u00e7a\u011fda\u015f\u0131 olan ilk Stoa<span class=\"excerpt-hellip\"> [\u2026]<\/span><\/p>\n","protected":false},"featured_media":0,"template":"","meta":{"_monsterinsights_skip_tracking":false,"_monsterinsights_sitenote_active":false,"_monsterinsights_sitenote_note":"","_monsterinsights_sitenote_category":0},"product_brand":[],"product_cat":[12312,12304],"product_tag":[],"class_list":{"0":"post-689248","1":"product","2":"type-product","3":"status-publish","5":"product_cat-diger","6":"product_cat-tarih","7":"pa_cilt-ciltsiz","8":"pa_tur-kitap","9":"pa_yayinevi-iletisim-yayinlari","10":"pa_yazar-jean-brun","12":"first","13":"instock","14":"sale","15":"shipping-taxable","16":"purchasable","17":"product-type-simple"},"_links":{"self":[{"href":"https:\/\/roveyayinevi.com.tr\/index.php\/wp-json\/wp\/v2\/product\/689248","targetHints":{"allow":["GET"]}}],"collection":[{"href":"https:\/\/roveyayinevi.com.tr\/index.php\/wp-json\/wp\/v2\/product"}],"about":[{"href":"https:\/\/roveyayinevi.com.tr\/index.php\/wp-json\/wp\/v2\/types\/product"}],"wp:attachment":[{"href":"https:\/\/roveyayinevi.com.tr\/index.php\/wp-json\/wp\/v2\/media?parent=689248"}],"wp:term":[{"taxonomy":"product_brand","embeddable":true,"href":"https:\/\/roveyayinevi.com.tr\/index.php\/wp-json\/wp\/v2\/product_brand?post=689248"},{"taxonomy":"product_cat","embeddable":true,"href":"https:\/\/roveyayinevi.com.tr\/index.php\/wp-json\/wp\/v2\/product_cat?post=689248"},{"taxonomy":"product_tag","embeddable":true,"href":"https:\/\/roveyayinevi.com.tr\/index.php\/wp-json\/wp\/v2\/product_tag?post=689248"}],"curies":[{"name":"wp","href":"https:\/\/api.w.org\/{rel}","templated":true}]}}