{"id":689236,"date":"2025-08-27T13:10:44","date_gmt":"2025-08-27T10:10:44","guid":{"rendered":"https:\/\/roveyayinevi.com.tr\/index.php\/urun\/iktisatta-yeni-yaklasimlar\/"},"modified":"2026-04-16T01:58:47","modified_gmt":"2026-04-15T22:58:47","slug":"iktisatta-yeni-yaklasimlar","status":"publish","type":"product","link":"https:\/\/roveyayinevi.com.tr\/index.php\/urun\/iktisatta-yeni-yaklasimlar\/","title":{"rendered":"\u0130ktisatta Yeni Yakla\u015f\u0131mlar"},"content":{"rendered":"<p>Ekonomi politik pek \u00e7ok d\u00fc\u015f\u00fcn\u00fcrle de\u011fi\u015fim ge\u00e7irmi\u015f, ba\u015fkala\u015farak yeni ve zihin a\u00e7\u0131c\u0131 a\u00e7\u0131l\u0131mlara sahip olmu\u015ftur. Smith, Mill veya Marx hemen say\u0131labilecek \u00f6nc\u00fc isimler. G\u00f6r\u00fcnenin ard\u0131ndakini a\u00e7\u0131\u011fa \u00e7\u0131karmak, yeni sorular sormak ve anlamaya ili\u015fkin k\u0131lavuzlar olu\u015fturmak hususunda \u00e7\u0131\u011f\u0131r a\u00e7\u0131c\u0131 isimlerden biri de ku\u015fkusuz Walras. Kuramsal yakla\u015f\u0131mlar\u0131 irdelemek, mevcut birikimi \u00f6zg\u00fcn bir y\u00f6ntemle farkl\u0131 bir merhaleye ta\u015f\u0131mak, iktisat biliminin her zaman temel ama\u00e7lar\u0131ndan biri oldu.  \u0130ktisatta Yeni Yakla\u015f\u0131mlar  bu s\u00fcrecin geli\u015fimini ve analizini yap\u0131yor. \u0130ktisat teorisinin temel \u00e7\u0131kar\u0131m ve varsay\u0131mlar\u0131nda neyin de\u011fi\u015fti\u011fini anlamaya \u00e7al\u0131\u015f\u0131yor. \u00c7e\u015fitli sorular sorarak tart\u0131\u015f\u0131yor: \u0130ktisad\u0131n yar\u0131n\u0131 a\u00e7\u0131klama iddias\u0131 ne kadar sahiciydi ya da bu iddiay\u0131 bug\u00fcn koruyabiliyor mu? Bilimsel olmamakla itham edilen klasik ekonomi politik,  yeni iktisat  i\u00e7in hala bilim d\u0131\u015f\u0131 m\u0131d\u0131r? Ortodoks iktisada y\u00f6nelik heterodoks yakla\u015f\u0131mlar ne denli ba\u015far\u0131l\u0131 oldular? \u0130ktisad\u0131n nas\u0131l de\u011fi\u015fti\u011fini sorgulayan, yeni yakla\u015f\u0131mlar\u0131 de\u011ferlendiren ufuk a\u00e7\u0131c\u0131 bir ba\u015fvuru kitab\u0131&#8230; Ercan Eren, Metin Arslan, Sevin\u00e7 Orhan, Mine Kara, Metin Sarfati, H\u00fcseyin \u00d6zel, Rag\u0131p Ege, Alp Y\u00fccel Kaya, \u00c7\u0131nla Akdere kitaba katk\u0131da bulunan iktisat\u00e7\u0131lar. <\/p>\n","protected":false},"excerpt":{"rendered":"<p>Ekonomi politik pek \u00e7ok d\u00fc\u015f\u00fcn\u00fcrle de\u011fi\u015fim ge\u00e7irmi\u015f, ba\u015fkala\u015farak yeni ve zihin a\u00e7\u0131c\u0131 a\u00e7\u0131l\u0131mlara sahip olmu\u015ftur. Smith, Mill veya Marx hemen say\u0131labilecek \u00f6nc\u00fc isimler. G\u00f6r\u00fcnenin ard\u0131ndakini a\u00e7\u0131\u011fa<span class=\"excerpt-hellip\"> [\u2026]<\/span><\/p>\n","protected":false},"featured_media":0,"template":"","meta":{"_monsterinsights_skip_tracking":false,"_monsterinsights_sitenote_active":false,"_monsterinsights_sitenote_note":"","_monsterinsights_sitenote_category":0},"product_brand":[],"product_cat":[12573,12566],"product_tag":[],"class_list":{"0":"post-689236","1":"product","2":"type-product","3":"status-publish","5":"product_cat-akademik-kitaplar","6":"product_cat-egitim","7":"pa_cilt-ciltsiz","8":"pa_tur-kitap","9":"pa_yayinevi-iletisim-yayinlari","10":"pa_yazar-ercan-eren","11":"pa_yazar-metin-sarfati","13":"first","14":"instock","15":"sale","16":"shipping-taxable","17":"purchasable","18":"product-type-simple"},"_links":{"self":[{"href":"https:\/\/roveyayinevi.com.tr\/index.php\/wp-json\/wp\/v2\/product\/689236","targetHints":{"allow":["GET"]}}],"collection":[{"href":"https:\/\/roveyayinevi.com.tr\/index.php\/wp-json\/wp\/v2\/product"}],"about":[{"href":"https:\/\/roveyayinevi.com.tr\/index.php\/wp-json\/wp\/v2\/types\/product"}],"wp:attachment":[{"href":"https:\/\/roveyayinevi.com.tr\/index.php\/wp-json\/wp\/v2\/media?parent=689236"}],"wp:term":[{"taxonomy":"product_brand","embeddable":true,"href":"https:\/\/roveyayinevi.com.tr\/index.php\/wp-json\/wp\/v2\/product_brand?post=689236"},{"taxonomy":"product_cat","embeddable":true,"href":"https:\/\/roveyayinevi.com.tr\/index.php\/wp-json\/wp\/v2\/product_cat?post=689236"},{"taxonomy":"product_tag","embeddable":true,"href":"https:\/\/roveyayinevi.com.tr\/index.php\/wp-json\/wp\/v2\/product_tag?post=689236"}],"curies":[{"name":"wp","href":"https:\/\/api.w.org\/{rel}","templated":true}]}}