{"id":689215,"date":"2025-08-27T13:10:04","date_gmt":"2025-08-27T10:10:04","guid":{"rendered":"https:\/\/roveyayinevi.com.tr\/index.php\/urun\/lolita\/"},"modified":"2026-04-16T01:58:47","modified_gmt":"2026-04-15T22:58:47","slug":"lolita","status":"publish","type":"product","link":"https:\/\/roveyayinevi.com.tr\/index.php\/urun\/lolita\/","title":{"rendered":"Lolita"},"content":{"rendered":"<p>Soylu bir Rus ailesinin o\u011flu olan Nabokov\u2019un Lolita\u2019s\u0131 i\u00e7in \u00f6zetle cinsel tutkunun d\u00fcnya \u00e7ap\u0131nda en \u00f6nemli klasiklerinden biri denebilir. Okurlar\u0131n yabanc\u0131s\u0131 olmad\u0131\u011f\u0131 Nabokov yine dili ustal\u0131kla kulland\u0131\u011f\u0131 roman\u0131nda, \u201cbeyaz \u0131rktan dul bir erke\u011fin\u201d k\u00fc\u00e7\u00fck \u201csu pericikleri\u201dne tutkusunu anlat\u0131yor.<\/p>\n","protected":false},"excerpt":{"rendered":"<p>Soylu bir Rus ailesinin o\u011flu olan Nabokov\u2019un Lolita\u2019s\u0131 i\u00e7in \u00f6zetle cinsel tutkunun d\u00fcnya \u00e7ap\u0131nda en \u00f6nemli klasiklerinden biri denebilir. Okurlar\u0131n yabanc\u0131s\u0131 olmad\u0131\u011f\u0131 Nabokov yine dili ustal\u0131kla<span class=\"excerpt-hellip\"> [\u2026]<\/span><\/p>\n","protected":false},"featured_media":0,"template":"","meta":{"_monsterinsights_skip_tracking":false,"_monsterinsights_sitenote_active":false,"_monsterinsights_sitenote_note":"","_monsterinsights_sitenote_category":0},"product_brand":[],"product_cat":[12891,12291],"product_tag":[],"class_list":{"0":"post-689215","1":"product","2":"type-product","3":"status-publish","5":"product_cat-amerikan-edebiyati","6":"product_cat-edebiyat","7":"pa_cilt-ciltsiz","8":"pa_tur-kitap","9":"pa_yayinevi-iletisim-yayinlari","10":"pa_yazar-vladimir-nabokov","12":"first","13":"instock","14":"sale","15":"shipping-taxable","16":"purchasable","17":"product-type-simple"},"_links":{"self":[{"href":"https:\/\/roveyayinevi.com.tr\/index.php\/wp-json\/wp\/v2\/product\/689215","targetHints":{"allow":["GET"]}}],"collection":[{"href":"https:\/\/roveyayinevi.com.tr\/index.php\/wp-json\/wp\/v2\/product"}],"about":[{"href":"https:\/\/roveyayinevi.com.tr\/index.php\/wp-json\/wp\/v2\/types\/product"}],"wp:attachment":[{"href":"https:\/\/roveyayinevi.com.tr\/index.php\/wp-json\/wp\/v2\/media?parent=689215"}],"wp:term":[{"taxonomy":"product_brand","embeddable":true,"href":"https:\/\/roveyayinevi.com.tr\/index.php\/wp-json\/wp\/v2\/product_brand?post=689215"},{"taxonomy":"product_cat","embeddable":true,"href":"https:\/\/roveyayinevi.com.tr\/index.php\/wp-json\/wp\/v2\/product_cat?post=689215"},{"taxonomy":"product_tag","embeddable":true,"href":"https:\/\/roveyayinevi.com.tr\/index.php\/wp-json\/wp\/v2\/product_tag?post=689215"}],"curies":[{"name":"wp","href":"https:\/\/api.w.org\/{rel}","templated":true}]}}