{"id":689212,"date":"2025-08-27T13:10:03","date_gmt":"2025-08-27T10:10:03","guid":{"rendered":"https:\/\/roveyayinevi.com.tr\/index.php\/urun\/drina-koprusu\/"},"modified":"2026-04-16T01:58:47","modified_gmt":"2026-04-15T22:58:47","slug":"drina-koprusu","status":"publish","type":"product","link":"https:\/\/roveyayinevi.com.tr\/index.php\/urun\/drina-koprusu\/","title":{"rendered":"Drina K\u00f6pr\u00fcs\u00fc"},"content":{"rendered":"<p>Bir \u00fclkeyi ve insanlar\u0131n\u0131, onlar\u0131n \u00fc\u00e7 y\u00fcz elli y\u0131ll\u0131k tarihine tan\u0131kl\u0131k eden bir k\u00f6pr\u00fcn\u00fcn dilinden anlatan ola\u011fan\u00fcst\u00fc bir roman. Nobelli yazar \u0130vo Andri\u00e7, Drina K\u00f6pr\u00fcs\u00fc\u2019nde, isyanlar\u0131n, salg\u0131nlar\u0131n, sava\u015flar\u0131n ve do\u011fal felaketlerin g\u00f6lgesinde Balkanlar\u2019\u0131n tarihini, eski Bosna\u2019y\u0131, orada ya\u015fayan halklar\u0131n payla\u015ft\u0131\u011f\u0131 hayat\u0131 ve bu hayat\u0131n milliyet\u00e7ilikler \u00e7a\u011f\u0131nda nas\u0131l de\u011fi\u015fti\u011fini anlat\u0131yor. Osmanl\u0131 y\u00f6netimi alt\u0131nda farkl\u0131 topluluklar\u0131n bir arada nas\u0131l ya\u015fad\u0131\u011f\u0131n\u0131 geni\u015f bir g\u00f6r\u00fc\u015fle ve incelikle, efsanelerle, masallarla zenginle\u015ftirerek resmederken, Andri\u00e7\u2019in bize sundu\u011fu ne m\u00fcthi\u015f bir uyum tablosu ne de mutlak bir zul\u00fcm hik\u00e2yesidir. Kimliklerin, dinlerin, devletlerin ve de her \u015feyin \u00f6tesinde, i\u00e7inde insanlar\u0131n oldu\u011fu karma\u015f\u0131k ve zengin bir hayat anlat\u0131s\u0131d\u0131r bu. \u201c\u0130vo Andri\u00e7 izini s\u00fcrd\u00fc\u011f\u00fc temalar\u0131 ve \u00fclkesinin tarihinden se\u00e7ti\u011fi insan yazg\u0131lar\u0131n\u0131, g\u00fc\u00e7l\u00fc ve destans\u0131 bir dille anlatm\u0131\u015ft\u0131r.\u201d 1961 Nobel Edebiyat \u00d6d\u00fcl\u00fc Komitesi<\/p>\n","protected":false},"excerpt":{"rendered":"<p>Bir \u00fclkeyi ve insanlar\u0131n\u0131, onlar\u0131n \u00fc\u00e7 y\u00fcz elli y\u0131ll\u0131k tarihine tan\u0131kl\u0131k eden bir k\u00f6pr\u00fcn\u00fcn dilinden anlatan ola\u011fan\u00fcst\u00fc bir roman. Nobelli yazar \u0130vo Andri\u00e7, Drina K\u00f6pr\u00fcs\u00fc\u2019nde, isyanlar\u0131n,<span class=\"excerpt-hellip\"> [\u2026]<\/span><\/p>\n","protected":false},"featured_media":0,"template":"","meta":{"_monsterinsights_skip_tracking":false,"_monsterinsights_sitenote_active":false,"_monsterinsights_sitenote_note":"","_monsterinsights_sitenote_category":0},"product_brand":[],"product_cat":[13661,12291],"product_tag":[],"class_list":{"0":"post-689212","1":"product","2":"type-product","3":"status-publish","5":"product_cat-diger-ulke-edebiyatlari","6":"product_cat-edebiyat","7":"pa_cilt-ciltsiz","8":"pa_tur-kitap","9":"pa_yayinevi-iletisim-yayinlari","10":"pa_yazar-ivo-andric","12":"first","13":"instock","14":"sale","15":"shipping-taxable","16":"purchasable","17":"product-type-simple"},"_links":{"self":[{"href":"https:\/\/roveyayinevi.com.tr\/index.php\/wp-json\/wp\/v2\/product\/689212","targetHints":{"allow":["GET"]}}],"collection":[{"href":"https:\/\/roveyayinevi.com.tr\/index.php\/wp-json\/wp\/v2\/product"}],"about":[{"href":"https:\/\/roveyayinevi.com.tr\/index.php\/wp-json\/wp\/v2\/types\/product"}],"wp:attachment":[{"href":"https:\/\/roveyayinevi.com.tr\/index.php\/wp-json\/wp\/v2\/media?parent=689212"}],"wp:term":[{"taxonomy":"product_brand","embeddable":true,"href":"https:\/\/roveyayinevi.com.tr\/index.php\/wp-json\/wp\/v2\/product_brand?post=689212"},{"taxonomy":"product_cat","embeddable":true,"href":"https:\/\/roveyayinevi.com.tr\/index.php\/wp-json\/wp\/v2\/product_cat?post=689212"},{"taxonomy":"product_tag","embeddable":true,"href":"https:\/\/roveyayinevi.com.tr\/index.php\/wp-json\/wp\/v2\/product_tag?post=689212"}],"curies":[{"name":"wp","href":"https:\/\/api.w.org\/{rel}","templated":true}]}}