{"id":689195,"date":"2025-08-27T13:10:00","date_gmt":"2025-08-27T10:10:00","guid":{"rendered":"https:\/\/roveyayinevi.com.tr\/index.php\/urun\/kapitalizmin-tasrasi-16-yuzyildan-19-yuzyila-bursada-toplumsal-surecler-ve-mekansal-degisim\/"},"modified":"2026-04-16T01:58:46","modified_gmt":"2026-04-15T22:58:46","slug":"kapitalizmin-tasrasi-16-yuzyildan-19-yuzyila-bursada-toplumsal-surecler-ve-mekansal-degisim","status":"publish","type":"product","link":"https:\/\/roveyayinevi.com.tr\/index.php\/urun\/kapitalizmin-tasrasi-16-yuzyildan-19-yuzyila-bursada-toplumsal-surecler-ve-mekansal-degisim\/","title":{"rendered":"Kapitalizmin Ta\u015fras\u0131: 16. Y\u00fczy\u0131ldan 19. Y\u00fczy\u0131la Bursa&#8217;da Toplumsal S\u00fcre\u00e7ler ve Mekansal De\u011fi\u015fim"},"content":{"rendered":"<p>Bursa\u2019n\u0131n Osmanl\u0131 iktisad\u00ee tarihi i\u00e7inde istisnai say\u0131labilecek bir yeri vard\u0131r. Hem hinterland\u0131 ile kurdu\u011fu ili\u015fki hem de ipekli kuma\u015f ticaretinin 16. y\u00fczy\u0131ldan itibaren Bursa \u015fehir hayat\u0131n\u0131 etkileyen y\u00fcz\u00fc, ara\u015ft\u0131rmac\u0131lar\u0131n ilgisini \u00e7ekmi\u015ftir. Ancak Bursa tarihinin bu \u00f6zellikli kesiti, hem d\u00f6nemler aras\u0131ndaki devaml\u0131l\u0131\u011f\u0131yla hem de tarihsel farkl\u0131l\u0131\u011f\u0131yla kapsaml\u0131 bir de\u011ferlendirmeye tabi tutulmam\u0131\u015ft\u0131r. Sevilay Kaygalak,  Kapitalizmin Ta\u015fras\u0131 nda me\u015fakkatli bir yolu se\u00e7erek, 16. y\u00fczy\u0131ldan 19. y\u00fczy\u0131la kapitalist ili\u015fki bi\u00e7imlerinin Bursa \u015fehri ve sosyal hayat\u0131ndaki etkisini kapsaml\u0131 bir analizle ele al\u0131yor. Bir kent tarihi ara\u015ft\u0131rmas\u0131 ya da kapitalizm-kent tart\u0131\u015fmas\u0131 ile s\u0131n\u0131rl\u0131 kalmayan, monografi boyutlar\u0131n\u0131 a\u015f\u0131p kapsaml\u0131 bir kuramsal tart\u0131\u015fman\u0131n k\u00f6\u015fe ta\u015flar\u0131n\u0131 dizen ve bu \u00e7er\u00e7evenin i\u00e7ini sakin bir anlat\u0131m, derin bir bilgi ve kaynaklar\u0131na y\u00f6neltti\u011fi analitik bir ele\u015ftiri ile doldurarak s\u00fcreci ele alan \u00e7al\u0131\u015fma, olgunlu\u011fu ile \u00f6ne \u00e7\u0131k\u0131yor. Aram\u0131zdan \u00e7ok erken ayr\u0131lan gen\u00e7 bir akademisyenin bu de\u011ferli ara\u015ft\u0131rmas\u0131n\u0131 okuyucularla bulu\u015fturabilmek bize b\u00fcy\u00fck bir gurur veriyor. <\/p>\n","protected":false},"excerpt":{"rendered":"<p>Bursa\u2019n\u0131n Osmanl\u0131 iktisad\u00ee tarihi i\u00e7inde istisnai say\u0131labilecek bir yeri vard\u0131r. Hem hinterland\u0131 ile kurdu\u011fu ili\u015fki hem de ipekli kuma\u015f ticaretinin 16. y\u00fczy\u0131ldan itibaren Bursa \u015fehir hayat\u0131n\u0131<span class=\"excerpt-hellip\"> [\u2026]<\/span><\/p>\n","protected":false},"featured_media":0,"template":"","meta":{"_monsterinsights_skip_tracking":false,"_monsterinsights_sitenote_active":false,"_monsterinsights_sitenote_note":"","_monsterinsights_sitenote_category":0},"product_brand":[],"product_cat":[12767,12324],"product_tag":[],"class_list":{"0":"post-689195","1":"product","2":"type-product","3":"status-publish","5":"product_cat-kentlesme-modernlesme","6":"product_cat-sosyoloji","7":"pa_cilt-ciltsiz","8":"pa_tur-kitap","9":"pa_yayinevi-iletisim-yayinlari","10":"pa_yazar-sevilay-kaygalak","12":"first","13":"instock","14":"sale","15":"shipping-taxable","16":"purchasable","17":"product-type-simple"},"_links":{"self":[{"href":"https:\/\/roveyayinevi.com.tr\/index.php\/wp-json\/wp\/v2\/product\/689195","targetHints":{"allow":["GET"]}}],"collection":[{"href":"https:\/\/roveyayinevi.com.tr\/index.php\/wp-json\/wp\/v2\/product"}],"about":[{"href":"https:\/\/roveyayinevi.com.tr\/index.php\/wp-json\/wp\/v2\/types\/product"}],"wp:attachment":[{"href":"https:\/\/roveyayinevi.com.tr\/index.php\/wp-json\/wp\/v2\/media?parent=689195"}],"wp:term":[{"taxonomy":"product_brand","embeddable":true,"href":"https:\/\/roveyayinevi.com.tr\/index.php\/wp-json\/wp\/v2\/product_brand?post=689195"},{"taxonomy":"product_cat","embeddable":true,"href":"https:\/\/roveyayinevi.com.tr\/index.php\/wp-json\/wp\/v2\/product_cat?post=689195"},{"taxonomy":"product_tag","embeddable":true,"href":"https:\/\/roveyayinevi.com.tr\/index.php\/wp-json\/wp\/v2\/product_tag?post=689195"}],"curies":[{"name":"wp","href":"https:\/\/api.w.org\/{rel}","templated":true}]}}