{"id":689190,"date":"2025-08-27T13:09:59","date_gmt":"2025-08-27T10:09:59","guid":{"rendered":"https:\/\/roveyayinevi.com.tr\/index.php\/urun\/devlet-sistem-ve-kimlik\/"},"modified":"2025-12-30T09:34:25","modified_gmt":"2025-12-30T06:34:25","slug":"devlet-sistem-ve-kimlik","status":"publish","type":"product","link":"https:\/\/roveyayinevi.com.tr\/index.php\/urun\/devlet-sistem-ve-kimlik\/","title":{"rendered":"Devlet, Sistem ve Kimlik"},"content":{"rendered":"<p>So\u011fuk Sava\u015f d\u00f6neminin sona ermesi, klasik anlam\u0131yla uluslararas\u0131 ili\u015fkileri alt\u00fcst ederken, uluslararas\u0131 ili\u015fkiler kavram\u0131 \u00fczerine de yeni tart\u0131\u015fmalar ba\u015flatt\u0131. Devlet, Sistem ve Kimlik s\u00f6zkonusu tart\u0131\u015fmalara katk\u0131 niteli\u011findeki \u00e7al\u0131\u015fmalardan olu\u015fan \u00f6nemli ve &#8220;yeni&#8221; bir derleme. Atila Eralp, \u0130hsan Da\u011f\u0131, Fuat Keyman, Necati Polat, Oktay Tanr\u0131sever, Faruk Yalva\u00e7 ve Nuri Yurdusev&#8217;in makaleleriyle&#8230;<\/p>\n","protected":false},"excerpt":{"rendered":"<p>So\u011fuk Sava\u015f d\u00f6neminin sona ermesi, klasik anlam\u0131yla uluslararas\u0131 ili\u015fkileri alt\u00fcst ederken, uluslararas\u0131 ili\u015fkiler kavram\u0131 \u00fczerine de yeni tart\u0131\u015fmalar ba\u015flatt\u0131. Devlet, Sistem ve Kimlik s\u00f6zkonusu tart\u0131\u015fmalara katk\u0131<span class=\"excerpt-hellip\"> [\u2026]<\/span><\/p>\n","protected":false},"featured_media":0,"template":"","meta":{"_monsterinsights_skip_tracking":false,"_monsterinsights_sitenote_active":false,"_monsterinsights_sitenote_note":"","_monsterinsights_sitenote_category":0},"product_brand":[],"product_cat":[13590,12337],"product_tag":[],"class_list":{"0":"post-689190","1":"product","2":"type-product","3":"status-publish","5":"product_cat-arastirma-inceleme-politika-siyaset","6":"product_cat-politika-siyaset","7":"pa_cilt-ciltsiz","8":"pa_tur-kitap","9":"pa_yayinevi-iletisim-yayinlari","10":"pa_yazar-atila-eralp-yay-haz","12":"first","13":"instock","14":"sale","15":"shipping-taxable","16":"purchasable","17":"product-type-simple"},"_links":{"self":[{"href":"https:\/\/roveyayinevi.com.tr\/index.php\/wp-json\/wp\/v2\/product\/689190","targetHints":{"allow":["GET"]}}],"collection":[{"href":"https:\/\/roveyayinevi.com.tr\/index.php\/wp-json\/wp\/v2\/product"}],"about":[{"href":"https:\/\/roveyayinevi.com.tr\/index.php\/wp-json\/wp\/v2\/types\/product"}],"wp:attachment":[{"href":"https:\/\/roveyayinevi.com.tr\/index.php\/wp-json\/wp\/v2\/media?parent=689190"}],"wp:term":[{"taxonomy":"product_brand","embeddable":true,"href":"https:\/\/roveyayinevi.com.tr\/index.php\/wp-json\/wp\/v2\/product_brand?post=689190"},{"taxonomy":"product_cat","embeddable":true,"href":"https:\/\/roveyayinevi.com.tr\/index.php\/wp-json\/wp\/v2\/product_cat?post=689190"},{"taxonomy":"product_tag","embeddable":true,"href":"https:\/\/roveyayinevi.com.tr\/index.php\/wp-json\/wp\/v2\/product_tag?post=689190"}],"curies":[{"name":"wp","href":"https:\/\/api.w.org\/{rel}","templated":true}]}}