{"id":689182,"date":"2025-08-27T13:09:58","date_gmt":"2025-08-27T10:09:58","guid":{"rendered":"https:\/\/roveyayinevi.com.tr\/index.php\/urun\/kati-olan-hersey-buharlasiyor-modernite-deneyimi\/"},"modified":"2026-04-16T01:58:46","modified_gmt":"2026-04-15T22:58:46","slug":"kati-olan-hersey-buharlasiyor-modernite-deneyimi","status":"publish","type":"product","link":"https:\/\/roveyayinevi.com.tr\/index.php\/urun\/kati-olan-hersey-buharlasiyor-modernite-deneyimi\/","title":{"rendered":"Kat\u0131 Olan Her\u015fey Buharla\u015f\u0131yor: Modernite Deneyimi"},"content":{"rendered":"<p>Modernizm \u00e7ocuklar\u0131n\u0131 yiyor&#8230;Yoksa her \u015fey zaten y\u00fczy\u0131l\u0131m\u0131z\u0131n ta ba\u015f\u0131nda yap\u0131lan Faustvari bir kontrat\u0131n sonu\u00e7lar\u0131 m\u0131? 20. y\u00fczy\u0131l\u0131n enerjisi ve sefaleti, Petersburg\u2019dan New York\u2019a&#8230; 2000\u2019li y\u0131llar\u0131n sa\u011fl\u0131kl\u0131 modernizmini kurmak i\u00e7in ge\u00e7en y\u00fczy\u0131l\u0131n modernistlerine d\u00f6nmeyi sal\u0131k veren Marshall Berman\u2019\u0131n kaynak kitab\u0131. \ufffcTan\u0131t\u0131m Metni<\/p>\n","protected":false},"excerpt":{"rendered":"<p>Modernizm \u00e7ocuklar\u0131n\u0131 yiyor&#8230;Yoksa her \u015fey zaten y\u00fczy\u0131l\u0131m\u0131z\u0131n ta ba\u015f\u0131nda yap\u0131lan Faustvari bir kontrat\u0131n sonu\u00e7lar\u0131 m\u0131? 20. y\u00fczy\u0131l\u0131n enerjisi ve sefaleti, Petersburg\u2019dan New York\u2019a&#8230; 2000\u2019li y\u0131llar\u0131n sa\u011fl\u0131kl\u0131<span class=\"excerpt-hellip\"> [\u2026]<\/span><\/p>\n","protected":false},"featured_media":0,"template":"","meta":{"_monsterinsights_skip_tracking":false,"_monsterinsights_sitenote_active":false,"_monsterinsights_sitenote_note":"","_monsterinsights_sitenote_category":0},"product_brand":[],"product_cat":[12767,12324],"product_tag":[],"class_list":{"0":"post-689182","1":"product","2":"type-product","3":"status-publish","5":"product_cat-kentlesme-modernlesme","6":"product_cat-sosyoloji","7":"pa_cilt-ciltsiz","8":"pa_tur-kitap","9":"pa_yayinevi-iletisim-yayinlari","10":"pa_yazar-marshall-berman","12":"first","13":"instock","14":"sale","15":"shipping-taxable","16":"purchasable","17":"product-type-simple"},"_links":{"self":[{"href":"https:\/\/roveyayinevi.com.tr\/index.php\/wp-json\/wp\/v2\/product\/689182","targetHints":{"allow":["GET"]}}],"collection":[{"href":"https:\/\/roveyayinevi.com.tr\/index.php\/wp-json\/wp\/v2\/product"}],"about":[{"href":"https:\/\/roveyayinevi.com.tr\/index.php\/wp-json\/wp\/v2\/types\/product"}],"wp:attachment":[{"href":"https:\/\/roveyayinevi.com.tr\/index.php\/wp-json\/wp\/v2\/media?parent=689182"}],"wp:term":[{"taxonomy":"product_brand","embeddable":true,"href":"https:\/\/roveyayinevi.com.tr\/index.php\/wp-json\/wp\/v2\/product_brand?post=689182"},{"taxonomy":"product_cat","embeddable":true,"href":"https:\/\/roveyayinevi.com.tr\/index.php\/wp-json\/wp\/v2\/product_cat?post=689182"},{"taxonomy":"product_tag","embeddable":true,"href":"https:\/\/roveyayinevi.com.tr\/index.php\/wp-json\/wp\/v2\/product_tag?post=689182"}],"curies":[{"name":"wp","href":"https:\/\/api.w.org\/{rel}","templated":true}]}}