{"id":689172,"date":"2025-08-27T13:09:56","date_gmt":"2025-08-27T10:09:56","guid":{"rendered":"https:\/\/roveyayinevi.com.tr\/index.php\/urun\/kantin-dunyasi\/"},"modified":"2026-04-16T01:58:46","modified_gmt":"2026-04-15T22:58:46","slug":"kantin-dunyasi","status":"publish","type":"product","link":"https:\/\/roveyayinevi.com.tr\/index.php\/urun\/kantin-dunyasi\/","title":{"rendered":"Kant&#8217;\u0131n D\u00fcnyas\u0131"},"content":{"rendered":"<p>Immanuel Kant sadece 22 Nisan 1724\u2019te K\u00f6nigsberg\u2019te do\u011fmu\u015f, 12 \u015eubat 1804\u2019te orada \u00f6lm\u00fc\u015f ve geriye \u00e7ok say\u0131da eser b\u0131rakm\u0131\u015f herhangi bir d\u00fc\u015f\u00fcn\u00fcr de\u011fildir. O,  Ne bilebilirim? ,  Ne yapmal\u0131y\u0131m? ,  Ne umabilirim? ,  \u0130nsan nedir?  sorular\u0131n\u0131n pe\u015finde felsefeye ve insanl\u0131\u011fa yeni ufuklar a\u00e7makla kalmam\u0131\u015f, insanl\u0131k tarihinin seyri i\u00e7inde t\u0131pk\u0131 b\u00fcy\u00fck bir co\u015fkuyla destekledi\u011fi Frans\u0131z Devrimi gibi b\u00fcy\u00fck bir ilerleme imk\u00e2n\u0131na da i\u015faret etmi\u015ftir. Manfred Geier, Kant\u2019\u0131n felsefi varolu\u015funun temellerine indi\u011fi bu kitapta b\u00fcy\u00fck felsefecinin \u00e7ok katmanl\u0131 d\u00fcnyas\u0131na etrafl\u0131 bir bak\u0131\u015f sunuyor. \u00c7ocuklu\u011fundan ba\u015flayarak, \u00f6l\u00fcm\u00fcne kadar Kant\u2019\u0131n takip etti\u011fi yolu izleyen Geier, onun u\u011fra\u015ft\u0131\u011f\u0131 sorunlar\u0131n asl\u0131nda g\u00fcn\u00fcm\u00fczde de ne kadar g\u00fcncel oldu\u011funu ortaya koyuyor. Zira Kant, bug\u00fcn y\u00fcz y\u00fcze oldu\u011fumuz neredeyse t\u00fcm b\u00fcy\u00fck d\u00fc\u015f\u00fcnsel ve siyasi meydan okumalar\u0131 belirginlikle ortaya koyan, bunlar\u0131 olas\u0131 \u00e7\u00f6z\u00fcmlere ula\u015ft\u0131rmay\u0131 hedefleyen bir d\u00fc\u015f\u00fcnce insan\u0131 ayn\u0131 zamanda: Bar\u0131\u015f sorunundan s\u00f6ylenebilir ve d\u00fc\u015f\u00fcn\u00fclebilir olan\u0131n s\u0131n\u0131rlar\u0131na; din\u00ee ve siyasi ahl\u00e2k\u00e7\u0131lar\u0131n ba\u015ftan \u00e7\u0131kar\u0131c\u0131 selamet vaatlerinden insan do\u011fas\u0131n\u0131n a\u00e7mazlar\u0131na; ahl\u00e2k\u0131n nas\u0131l kavramsalla\u015ft\u0131\u011f\u0131ndan \u00f6zg\u00fcrl\u00fck ve e\u015fitlik kavgalar\u0131na&#8230; Kant\u2019\u0131n D\u00fcnyas\u0131, insanl\u0131k tarihinde \u00e7arp\u0131c\u0131 bir i\u015faret noktas\u0131 olan b\u00fcy\u00fck bir felsefeciyi t\u00fcm y\u00f6nleriyle tan\u0131mak isteyenler i\u00e7in vazge\u00e7ilmez bir kaynak. <\/p>\n","protected":false},"excerpt":{"rendered":"<p>Immanuel Kant sadece 22 Nisan 1724\u2019te K\u00f6nigsberg\u2019te do\u011fmu\u015f, 12 \u015eubat 1804\u2019te orada \u00f6lm\u00fc\u015f ve geriye \u00e7ok say\u0131da eser b\u0131rakm\u0131\u015f herhangi bir d\u00fc\u015f\u00fcn\u00fcr de\u011fildir. O, Ne bilebilirim?<span class=\"excerpt-hellip\"> [\u2026]<\/span><\/p>\n","protected":false},"featured_media":0,"template":"","meta":{"_monsterinsights_skip_tracking":false,"_monsterinsights_sitenote_active":false,"_monsterinsights_sitenote_note":"","_monsterinsights_sitenote_category":0},"product_brand":[],"product_cat":[13946,12304],"product_tag":[],"class_list":{"0":"post-689172","1":"product","2":"type-product","3":"status-publish","5":"product_cat-biyografi-otobiyografi","6":"product_cat-tarih","7":"pa_cilt-ciltsiz","8":"pa_tur-kitap","9":"pa_yayinevi-iletisim-yayinlari","10":"pa_yazar-manfred-geier","12":"first","13":"instock","14":"sale","15":"shipping-taxable","16":"purchasable","17":"product-type-simple"},"_links":{"self":[{"href":"https:\/\/roveyayinevi.com.tr\/index.php\/wp-json\/wp\/v2\/product\/689172","targetHints":{"allow":["GET"]}}],"collection":[{"href":"https:\/\/roveyayinevi.com.tr\/index.php\/wp-json\/wp\/v2\/product"}],"about":[{"href":"https:\/\/roveyayinevi.com.tr\/index.php\/wp-json\/wp\/v2\/types\/product"}],"wp:attachment":[{"href":"https:\/\/roveyayinevi.com.tr\/index.php\/wp-json\/wp\/v2\/media?parent=689172"}],"wp:term":[{"taxonomy":"product_brand","embeddable":true,"href":"https:\/\/roveyayinevi.com.tr\/index.php\/wp-json\/wp\/v2\/product_brand?post=689172"},{"taxonomy":"product_cat","embeddable":true,"href":"https:\/\/roveyayinevi.com.tr\/index.php\/wp-json\/wp\/v2\/product_cat?post=689172"},{"taxonomy":"product_tag","embeddable":true,"href":"https:\/\/roveyayinevi.com.tr\/index.php\/wp-json\/wp\/v2\/product_tag?post=689172"}],"curies":[{"name":"wp","href":"https:\/\/api.w.org\/{rel}","templated":true}]}}