{"id":689171,"date":"2025-08-27T13:09:56","date_gmt":"2025-08-27T10:09:56","guid":{"rendered":"https:\/\/roveyayinevi.com.tr\/index.php\/urun\/devlet-piyasa-karsitliginin-otesinde-ihtiyaclar-ve-tuketim-uzerine-yazilar\/"},"modified":"2025-12-30T09:34:25","modified_gmt":"2025-12-30T06:34:25","slug":"devlet-piyasa-karsitliginin-otesinde-ihtiyaclar-ve-tuketim-uzerine-yazilar","status":"publish","type":"product","link":"https:\/\/roveyayinevi.com.tr\/index.php\/urun\/devlet-piyasa-karsitliginin-otesinde-ihtiyaclar-ve-tuketim-uzerine-yazilar\/","title":{"rendered":"Devlet-Piyasa Kar\u015f\u0131tl\u0131\u011f\u0131n\u0131n \u00d6tesinde: \u0130htiya\u00e7lar ve T\u00fcketim \u00dczerine Yaz\u0131lar"},"content":{"rendered":"<p>Ay\u015fe Bu\u011fra bu yeni \u00e7al\u0131\u015fmas\u0131nda, insan\u0131n en temel davran\u0131\u015f bi\u00e7imlerinden biri olan t\u00fcketimi, iktisadi, siyasi, sosyal ve k\u00fclt\u00fcrel dinamiklerin kesi\u015fti\u011fi bir noktada inceliyor. \u0130lk bak\u0131\u015fta salt bireysel bir \u00f6zellikmi\u015f gibi g\u00f6r\u00fclen t\u00fcketim ili\u015fkileri, ahlaki ve siyasi boyutlar\u0131ndan soyutlanarak ele al\u0131nabilir mi? Bu\u011fra, bu soruya a\u00e7\u0131k ve inand\u0131r\u0131c\u0131 bi\u00e7imde olumsuz yan\u0131t verirken, iktisat bilimindeki t\u00fcketim kavram\u0131n\u0131n yetersizliklerine de i\u015faret ediyor. Sosyal davran\u0131\u015f bi\u00e7imlerinin T\u00fcrkiye\u2019nin sosyo-ekonomik ve politik dinamiklerini yans\u0131tan bir s\u00fcre\u00e7 olarak irdelenmesi gerekti\u011fini g\u00f6steren yazar, ihtiya\u00e7 kavram\u0131n, iktisadi ve sosyal politikalar\u0131n merkezine yerle\u015ftiriyor. Bu kavram\u0131 bireysel istek ve tercihler alan\u0131ndan ay\u0131rarak yeni bir bak\u0131\u015f a\u00e7\u0131s\u0131 da getiriyor. Bu\u011fra, ihtiya\u00e7lar\u0131 kar\u015f\u0131lama bi\u00e7imlerini anlamak i\u00e7in devlet ve piyasa ikileminin nas\u0131l yetersiz kald\u0131\u011f\u0131n\u0131 ve piyasa ve devlet d\u0131\u015f\u0131 ili\u015fkilerin bu konuda nas\u0131l kilit bir rol oynad\u0131\u011f\u0131n\u0131, Cumhuriyet d\u00f6nemi i\u00e7inde, \u00e7e\u015fitli sekt\u00f6rlerden se\u00e7ti\u011fi \u00f6rneklerle g\u00f6steriyor. Gerek gecekondu olgusu gerekse bayilik sistemi, insanlar aras\u0131ndaki kar\u015f\u0131l\u0131kl\u0131l\u0131k ili\u015fkisinin iktisadi ve siyasi rol\u00fcn\u00fcn \u00e7arp\u0131c\u0131 bir bi\u00e7imde sergilendi\u011fi alanlar. Salt pazar ili\u015fkisi i\u00e7inde tatmin edilmeyen bireysel ihtiya\u00e7lar ba\u015fka hangi yollarla kar\u015f\u0131lanabilir? Anonim olmayan ili\u015fkiler temelinde bi\u00e7imlenmi\u015f topluluklar\u0131n, \u00f6rne\u011fin cemaatlerin, ihtiya\u00e7lar\u0131n kar\u015f\u0131lanmas\u0131nda devreye girmeleri ne gibi bireysel ve politik sonu\u00e7lar do\u011furabilir? Ay\u015fe Bu\u011fra, -ne denli modern g\u00f6r\u00fcn\u00fcmde olursa olsun- T\u00fcrkiye\u2019de kar\u015f\u0131l\u0131kl\u0131l\u0131k ili\u015fkisinin, sosyal ve iktisadi faaliyetlerin i\u015fleyi\u015findeki \u00f6nemine i\u015faret ediyor ve bizi bu ili\u015fkiler i\u00e7indeki bireyin \u00f6zg\u00fcrl\u00fc\u011f\u00fc \u00fczerine de d\u00fc\u015f\u00fcnmeye zorluyor. \ufffcTan\u0131t\u0131m Metni<\/p>\n","protected":false},"excerpt":{"rendered":"<p>Ay\u015fe Bu\u011fra bu yeni \u00e7al\u0131\u015fmas\u0131nda, insan\u0131n en temel davran\u0131\u015f bi\u00e7imlerinden biri olan t\u00fcketimi, iktisadi, siyasi, sosyal ve k\u00fclt\u00fcrel dinamiklerin kesi\u015fti\u011fi bir noktada inceliyor. \u0130lk bak\u0131\u015fta salt<span class=\"excerpt-hellip\"> [\u2026]<\/span><\/p>\n","protected":false},"featured_media":0,"template":"","meta":{"_monsterinsights_skip_tracking":false,"_monsterinsights_sitenote_active":false,"_monsterinsights_sitenote_note":"","_monsterinsights_sitenote_category":0},"product_brand":[],"product_cat":[13590,12337],"product_tag":[],"class_list":{"0":"post-689171","1":"product","2":"type-product","3":"status-publish","5":"product_cat-arastirma-inceleme-politika-siyaset","6":"product_cat-politika-siyaset","7":"pa_cilt-ciltsiz","8":"pa_tur-kitap","9":"pa_yayinevi-iletisim-yayinlari","10":"pa_yazar-ayse-bugra","12":"first","13":"instock","14":"sale","15":"shipping-taxable","16":"purchasable","17":"product-type-simple"},"_links":{"self":[{"href":"https:\/\/roveyayinevi.com.tr\/index.php\/wp-json\/wp\/v2\/product\/689171","targetHints":{"allow":["GET"]}}],"collection":[{"href":"https:\/\/roveyayinevi.com.tr\/index.php\/wp-json\/wp\/v2\/product"}],"about":[{"href":"https:\/\/roveyayinevi.com.tr\/index.php\/wp-json\/wp\/v2\/types\/product"}],"wp:attachment":[{"href":"https:\/\/roveyayinevi.com.tr\/index.php\/wp-json\/wp\/v2\/media?parent=689171"}],"wp:term":[{"taxonomy":"product_brand","embeddable":true,"href":"https:\/\/roveyayinevi.com.tr\/index.php\/wp-json\/wp\/v2\/product_brand?post=689171"},{"taxonomy":"product_cat","embeddable":true,"href":"https:\/\/roveyayinevi.com.tr\/index.php\/wp-json\/wp\/v2\/product_cat?post=689171"},{"taxonomy":"product_tag","embeddable":true,"href":"https:\/\/roveyayinevi.com.tr\/index.php\/wp-json\/wp\/v2\/product_tag?post=689171"}],"curies":[{"name":"wp","href":"https:\/\/api.w.org\/{rel}","templated":true}]}}