{"id":689169,"date":"2025-08-27T13:09:56","date_gmt":"2025-08-27T10:09:56","guid":{"rendered":"https:\/\/roveyayinevi.com.tr\/index.php\/urun\/cok-sevdigim-bir-yakinimi-kaybettim\/"},"modified":"2026-04-16T01:58:46","modified_gmt":"2026-04-15T22:58:46","slug":"cok-sevdigim-bir-yakinimi-kaybettim","status":"publish","type":"product","link":"https:\/\/roveyayinevi.com.tr\/index.php\/urun\/cok-sevdigim-bir-yakinimi-kaybettim\/","title":{"rendered":"\u00c7ok Sevdi\u011fim Bir Yak\u0131n\u0131m\u0131 Kaybettim"},"content":{"rendered":"<p>Bu kitap, \u00e7ocuklar\u0131n \u00f6l\u00fcm\u00fcn \u00fcstesinden gelmeleri ve kayb\u0131n yaratt\u0131\u011f\u0131 keder duygusunu tan\u0131y\u0131p ifade etmeleri i\u00e7in g\u00fcvenilir ve incelikli bir yol sunuyor. Kitaptaki yarat\u0131c\u0131 ve interaktif \u00e7izim aktiviteleri \u00e7ocuklar\u0131n \u015fu konular\u0131 \u00f6\u011frenmelerine yard\u0131mc\u0131 olmak amac\u0131yla haz\u0131rlanm\u0131\u015ft\u0131r: &#8211; De\u011fi\u015fimi hayat\u0131n bir par\u00e7as\u0131 olarak g\u00f6rmek &#8211; \u00d6l\u00fcmle ili\u015fkili de\u011fi\u015fimleri tart\u0131\u015fmak &#8211; \u00d6l\u00fcm\u00fcn ya\u015fam\u0131n sonlanmas\u0131 oldu\u011funu anlamak &#8211; \u00d6l\u00fcmle ilgili temel kavramlar\u0131 \u00f6\u011frenmek &#8211; \u00d6l\u00fcm nedeninin anla\u015f\u0131lmas\u0131n\u0131 sa\u011flamak &#8211; Kay\u0131p ger\u00e7e\u011fini kabul etmek &#8211; Kay\u0131p ve keder duygusunu tan\u0131mak &#8211; T\u00fcm duygular\u0131n do\u011fal oldu\u011funu kabul etmek &#8211; Duygular\u0131 ifade etmenin sa\u011fl\u0131kl\u0131 yollar\u0131n\u0131 bulmak &#8211; \u00d6len ki\u015fiyle ilgili an\u0131lar\u0131 payla\u015fmak \ufffcTan\u0131t\u0131m Metni<\/p>\n","protected":false},"excerpt":{"rendered":"<p>Bu kitap, \u00e7ocuklar\u0131n \u00f6l\u00fcm\u00fcn \u00fcstesinden gelmeleri ve kayb\u0131n yaratt\u0131\u011f\u0131 keder duygusunu tan\u0131y\u0131p ifade etmeleri i\u00e7in g\u00fcvenilir ve incelikli bir yol sunuyor. Kitaptaki yarat\u0131c\u0131 ve interaktif \u00e7izim<span class=\"excerpt-hellip\"> [\u2026]<\/span><\/p>\n","protected":false},"featured_media":0,"template":"","meta":{"_monsterinsights_skip_tracking":false,"_monsterinsights_sitenote_active":false,"_monsterinsights_sitenote_note":"","_monsterinsights_sitenote_category":0},"product_brand":[],"product_cat":[12312,12304],"product_tag":[],"class_list":{"0":"post-689169","1":"product","2":"type-product","3":"status-publish","5":"product_cat-diger","6":"product_cat-tarih","7":"pa_cilt-ciltsiz","8":"pa_tur-kitap","9":"pa_yayinevi-iletisim-yayinlari","10":"pa_yazar-marge-eaton-heegaard","12":"first","13":"instock","14":"sale","15":"shipping-taxable","16":"purchasable","17":"product-type-simple"},"_links":{"self":[{"href":"https:\/\/roveyayinevi.com.tr\/index.php\/wp-json\/wp\/v2\/product\/689169","targetHints":{"allow":["GET"]}}],"collection":[{"href":"https:\/\/roveyayinevi.com.tr\/index.php\/wp-json\/wp\/v2\/product"}],"about":[{"href":"https:\/\/roveyayinevi.com.tr\/index.php\/wp-json\/wp\/v2\/types\/product"}],"wp:attachment":[{"href":"https:\/\/roveyayinevi.com.tr\/index.php\/wp-json\/wp\/v2\/media?parent=689169"}],"wp:term":[{"taxonomy":"product_brand","embeddable":true,"href":"https:\/\/roveyayinevi.com.tr\/index.php\/wp-json\/wp\/v2\/product_brand?post=689169"},{"taxonomy":"product_cat","embeddable":true,"href":"https:\/\/roveyayinevi.com.tr\/index.php\/wp-json\/wp\/v2\/product_cat?post=689169"},{"taxonomy":"product_tag","embeddable":true,"href":"https:\/\/roveyayinevi.com.tr\/index.php\/wp-json\/wp\/v2\/product_tag?post=689169"}],"curies":[{"name":"wp","href":"https:\/\/api.w.org\/{rel}","templated":true}]}}