{"id":689160,"date":"2025-08-27T13:09:54","date_gmt":"2025-08-27T10:09:54","guid":{"rendered":"https:\/\/roveyayinevi.com.tr\/index.php\/urun\/ilacsiz-yasam\/"},"modified":"2026-04-16T01:58:46","modified_gmt":"2026-04-15T22:58:46","slug":"ilacsiz-yasam","status":"publish","type":"product","link":"https:\/\/roveyayinevi.com.tr\/index.php\/urun\/ilacsiz-yasam\/","title":{"rendered":"\u0130la\u00e7s\u0131z Ya\u015fam"},"content":{"rendered":"<p>Ba\u011f\u0131\u015f\u0131kl\u0131\u011f\u0131n\u0131 g\u00fc\u00e7lendir, ila\u00e7 mahkumu olmaktan kurtul!Gereksiz ve bilin\u00e7siz ila\u00e7 kullan\u0131mlar\u0131n, hayat boyu ilaca mahkum edilenlerin, hastane hastane gezip de derdine derman bulamayanlar\u0131n ne \u00e7ekti\u011fini iyi biliyorum. Oysa \u00e7ok basit, \u00e7ok ucuz \u00f6nlemler olarak bu cefay\u0131 \u00e7ekmemek m\u00fcmk\u00fcn! \u0130nsani, do\u011fan ve yan etkisiz \u00f6nlemler&#8230; Yani hastalanmamak m\u00fcmk\u00fcn! Ben bunun formul\u00fcn\u00fc veriyorum, koruyucu hekimlik anlay\u0131\u015f\u0131n\u0131 modern, g\u00fcncel verilerle bug\u00fcne ta\u015f\u0131yorum. Bunu yaparken de t\u0131bb\u0131n ve fitoterapinin ara\u015ft\u0131rma-geli\u015ftirme g\u00fcc\u00fcnden yararlan\u0131yorum.-Dr. \u00dcmit Akta\u015f-Bitkilerle tedavi alan\u0131nda y\u00fcksek lisans yapan ilk T\u00fcrk hekimlerinden biri olan Dr. \u00dcmit Akta\u015f&#8217;a g\u00f6re hastalanmamak m\u00fcmk\u00fcn. Nas\u0131l m\u00fcmk\u00fcn? Ba\u011f\u0131\u015f\u0131kl\u0131k sistemini tabiattan gelen ila\u00e7 besinlerle ve probiyotiklerle her daim g\u00fc\u00e7l\u00fc tutmakla m\u00fcmk\u00fcn. Ba\u011f\u0131\u015f\u0131kl\u0131k sistemi zay\u0131fland\u0131\u011f\u0131nda ise do\u011fal takviyelerle desteklemek gerekiyor.\u00dcmit Akta\u015f bir ba\u011f\u0131\u015f\u0131kl\u0131k sistemi uzman\u0131. Modern t\u0131bb\u0131n \u00f6nce zarar verme anlay\u0131\u015f\u0131n\u0131n takip\u00e7isi. \u0130la\u00e7s\u0131z Ya\u015famda romatoid atrit, fibromiyalji, multipl skleroz (MS), sedef, alerji, egzama, Hashimato, diyabet, \u00fclseratif kolit ve kanser gibi sebebi bilinmiyor, tam olarak iyile\u015fmez, \u00f6lene kadar ila\u00e7 kullanacaks\u0131n denen hastal\u0131klar\u0131n temel sebebini a\u00e7\u0131klayarak do\u011fal tedavi y\u00f6ntemlerini anlat\u0131yor. Hayat\u0131n\u0131zda uygulayabilece\u011finiz pratik \u00f6neriler sunuyor.Bu kitap bir hastalanmama ve hastal\u0131klardan kurtulma kitab\u0131! Kitapta yer alan t\u00fcm bilgiler bilimin s\u00fczgecinden ge\u00e7irildi. Bilimsel kan\u0131t\u0131 bulunmayan hi\u00e7bir \u00f6neriye yer verilmedi. Kendinizin ve sevdikleriniz sa\u011fl\u0131\u011f\u0131n\u0131z\u0131 ak\u0131ll\u0131ca y\u00f6netmek istiyorsan\u0131z \u0130la\u00e7s\u0131z Ya\u015fam benzersiz bir ba\u015fucu kitab\u0131! <\/p>\n","protected":false},"excerpt":{"rendered":"<p>Ba\u011f\u0131\u015f\u0131kl\u0131\u011f\u0131n\u0131 g\u00fc\u00e7lendir, ila\u00e7 mahkumu olmaktan kurtul!Gereksiz ve bilin\u00e7siz ila\u00e7 kullan\u0131mlar\u0131n, hayat boyu ilaca mahkum edilenlerin, hastane hastane gezip de derdine derman bulamayanlar\u0131n ne \u00e7ekti\u011fini iyi biliyorum.<span class=\"excerpt-hellip\"> [\u2026]<\/span><\/p>\n","protected":false},"featured_media":0,"template":"","meta":{"_monsterinsights_skip_tracking":false,"_monsterinsights_sitenote_active":false,"_monsterinsights_sitenote_note":"","_monsterinsights_sitenote_category":0},"product_brand":[],"product_cat":[13397,13365],"product_tag":[],"class_list":{"0":"post-689160","1":"product","2":"type-product","3":"status-publish","5":"product_cat-alternatif-tip-sifali-bitkiler","6":"product_cat-saglik","7":"pa_cilt-ciltsiz","8":"pa_tur-kitap","9":"pa_yayinevi-hayykitap","10":"pa_yazar-umit-aktas","12":"first","13":"instock","14":"sale","15":"shipping-taxable","16":"purchasable","17":"product-type-simple"},"_links":{"self":[{"href":"https:\/\/roveyayinevi.com.tr\/index.php\/wp-json\/wp\/v2\/product\/689160","targetHints":{"allow":["GET"]}}],"collection":[{"href":"https:\/\/roveyayinevi.com.tr\/index.php\/wp-json\/wp\/v2\/product"}],"about":[{"href":"https:\/\/roveyayinevi.com.tr\/index.php\/wp-json\/wp\/v2\/types\/product"}],"wp:attachment":[{"href":"https:\/\/roveyayinevi.com.tr\/index.php\/wp-json\/wp\/v2\/media?parent=689160"}],"wp:term":[{"taxonomy":"product_brand","embeddable":true,"href":"https:\/\/roveyayinevi.com.tr\/index.php\/wp-json\/wp\/v2\/product_brand?post=689160"},{"taxonomy":"product_cat","embeddable":true,"href":"https:\/\/roveyayinevi.com.tr\/index.php\/wp-json\/wp\/v2\/product_cat?post=689160"},{"taxonomy":"product_tag","embeddable":true,"href":"https:\/\/roveyayinevi.com.tr\/index.php\/wp-json\/wp\/v2\/product_tag?post=689160"}],"curies":[{"name":"wp","href":"https:\/\/api.w.org\/{rel}","templated":true}]}}