{"id":689146,"date":"2025-08-27T13:09:52","date_gmt":"2025-08-27T10:09:52","guid":{"rendered":"https:\/\/roveyayinevi.com.tr\/index.php\/urun\/turkler-turkiye-ve-islam-yaklasim-yontem-ve-yorum-denemeleri\/"},"modified":"2025-11-22T02:02:07","modified_gmt":"2025-11-21T23:02:07","slug":"turkler-turkiye-ve-islam-yaklasim-yontem-ve-yorum-denemeleri","status":"publish","type":"product","link":"https:\/\/roveyayinevi.com.tr\/index.php\/urun\/turkler-turkiye-ve-islam-yaklasim-yontem-ve-yorum-denemeleri\/","title":{"rendered":"T\u00fcrkler, T\u00fcrkiye ve \u0130slam: Yakla\u015f\u0131m, Y\u00f6ntem ve Yorum Denemeleri"},"content":{"rendered":"<p>Alan\u0131nda otorite olarak kabul edilen Ahmet Ya\u015far Ocak bu kitab\u0131nda yer alan makaleleriyle, Tanzimat\u2019la ba\u015flayarak b\u00fct\u00fcn Cumhuriyet tarihi boyunca, g\u00fcndelik hayattan siyasete, hukuktan k\u00fclt\u00fcre bir\u00e7ok alanda zaman zaman ate\u015fli tart\u0131\u015fmalar\u0131n, zaman zamansa \u00e7at\u0131\u015fmalar\u0131n konusu olan \u0130sl\u00e2m\u2019\u0131n rol\u00fc meselesine \u0131\u015f\u0131k tutuyor. Kitap, \u2018T\u00fcrk\u2019, \u2018Ortodoks\u2019, \u2018Heterodoks\u2019, \u2018Halk\u2019 ya da \u2018Fundamentalist\u2019 gibi \u00f6ntan\u0131mlarla an\u0131lan ve tart\u0131\u015f\u0131lan \u0130sl\u00e2miyet kavram\u0131na a\u00e7\u0131kl\u0131k getirmeyi ama\u00e7layan 10 makaleden olu\u015fuyor. T\u00fcrklerin \u0130sl\u00e2miyet\u2019e bak\u0131\u015f\u0131n\u0131n tarihsel s\u00fcre\u00e7teki de\u011fi\u015fimini inceleyen Ahmet Ya\u015far Ocak, Cumhuriyet d\u00f6neminde \u0130sl\u00e2miyet\u2019in ald\u0131\u011f\u0131 bi\u00e7imleri ve devletin din politikas\u0131n\u0131 da ayr\u0131 ve \u00f6nemli bir tart\u0131\u015fma konusu olarak ele al\u0131yor. \u201cKemalist M\u00fcsl\u00fcmanl\u0131k\u201d\u0131, Alevili\u011fi, heterodoks ya da \u201csapk\u0131n\u201d s\u0131fat\u0131yla an\u0131lan de\u011fi\u015fik \u0130sl\u00e2miyet yorumlar\u0131n\u0131 ele alan yaz\u0131lar ise kitab\u0131n \u00f6nemini ve zenginli\u011fini art\u0131r\u0131yor.<\/p>\n","protected":false},"excerpt":{"rendered":"<p>Alan\u0131nda otorite olarak kabul edilen Ahmet Ya\u015far Ocak bu kitab\u0131nda yer alan makaleleriyle, Tanzimat\u2019la ba\u015flayarak b\u00fct\u00fcn Cumhuriyet tarihi boyunca, g\u00fcndelik hayattan siyasete, hukuktan k\u00fclt\u00fcre bir\u00e7ok alanda<span class=\"excerpt-hellip\"> [\u2026]<\/span><\/p>\n","protected":false},"featured_media":0,"template":"","meta":{"_monsterinsights_skip_tracking":false,"_monsterinsights_sitenote_active":false,"_monsterinsights_sitenote_note":"","_monsterinsights_sitenote_category":0},"product_brand":[],"product_cat":[12718,12719],"product_tag":[],"class_list":{"0":"post-689146","1":"product","2":"type-product","3":"status-publish","5":"product_cat-din","6":"product_cat-islam","7":"pa_cilt-ciltsiz","8":"pa_tur-kitap","9":"pa_yayinevi-iletisim-yayinlari","10":"pa_yazar-ahmet-yasar-ocak","12":"first","13":"instock","14":"sale","15":"shipping-taxable","16":"purchasable","17":"product-type-simple"},"_links":{"self":[{"href":"https:\/\/roveyayinevi.com.tr\/index.php\/wp-json\/wp\/v2\/product\/689146","targetHints":{"allow":["GET"]}}],"collection":[{"href":"https:\/\/roveyayinevi.com.tr\/index.php\/wp-json\/wp\/v2\/product"}],"about":[{"href":"https:\/\/roveyayinevi.com.tr\/index.php\/wp-json\/wp\/v2\/types\/product"}],"wp:attachment":[{"href":"https:\/\/roveyayinevi.com.tr\/index.php\/wp-json\/wp\/v2\/media?parent=689146"}],"wp:term":[{"taxonomy":"product_brand","embeddable":true,"href":"https:\/\/roveyayinevi.com.tr\/index.php\/wp-json\/wp\/v2\/product_brand?post=689146"},{"taxonomy":"product_cat","embeddable":true,"href":"https:\/\/roveyayinevi.com.tr\/index.php\/wp-json\/wp\/v2\/product_cat?post=689146"},{"taxonomy":"product_tag","embeddable":true,"href":"https:\/\/roveyayinevi.com.tr\/index.php\/wp-json\/wp\/v2\/product_tag?post=689146"}],"curies":[{"name":"wp","href":"https:\/\/api.w.org\/{rel}","templated":true}]}}