{"id":689134,"date":"2025-08-27T13:09:50","date_gmt":"2025-08-27T10:09:50","guid":{"rendered":"https:\/\/roveyayinevi.com.tr\/index.php\/urun\/ideoloji\/"},"modified":"2026-04-16T01:58:45","modified_gmt":"2026-04-15T22:58:45","slug":"ideoloji","status":"publish","type":"product","link":"https:\/\/roveyayinevi.com.tr\/index.php\/urun\/ideoloji\/","title":{"rendered":"\u0130deoloji"},"content":{"rendered":"<p>Herhalde son yirmi y\u0131lda T\u00fcrkiye\u2019nin entelekt\u00fcel hayat\u0131nda en fazla tart\u0131\u015f\u0131lan, en fazla \u00e7eviriye konu olan kavramlardan biri, \u201cideoloji\u201d. \u015eerif Mardin\u2019in ilk kez 1976\u2019da bas\u0131lan eseri, bu konu ve kavram hakk\u0131nda T\u00fcrkiye\u2019de yay\u0131mlanm\u0131\u015f ilk telif eserdir. Mardin bu \u00e7al\u0131\u015fmas\u0131nda ideolojik d\u00fc\u015f\u00fcnce tarz\u0131n\u0131n yap\u0131sal \u00f6zelliklerini, kavram\u0131n tarihsel geli\u015fim s\u00fcreci i\u00e7inde tart\u0131\u015f\u0131yor.<\/p>\n","protected":false},"excerpt":{"rendered":"<p>Herhalde son yirmi y\u0131lda T\u00fcrkiye\u2019nin entelekt\u00fcel hayat\u0131nda en fazla tart\u0131\u015f\u0131lan, en fazla \u00e7eviriye konu olan kavramlardan biri, \u201cideoloji\u201d. \u015eerif Mardin\u2019in ilk kez 1976\u2019da bas\u0131lan eseri, bu<span class=\"excerpt-hellip\"> [\u2026]<\/span><\/p>\n","protected":false},"featured_media":0,"template":"","meta":{"_monsterinsights_skip_tracking":false,"_monsterinsights_sitenote_active":false,"_monsterinsights_sitenote_note":"","_monsterinsights_sitenote_category":0},"product_brand":[],"product_cat":[13633,12324],"product_tag":[],"class_list":{"0":"post-689134","1":"product","2":"type-product","3":"status-publish","5":"product_cat-kultur-ve-bilim","6":"product_cat-sosyoloji","7":"pa_cilt-ciltsiz","8":"pa_tur-kitap","9":"pa_yayinevi-iletisim-yayinlari","10":"pa_yazar-serif-mardin","12":"first","13":"instock","14":"sale","15":"shipping-taxable","16":"purchasable","17":"product-type-simple"},"_links":{"self":[{"href":"https:\/\/roveyayinevi.com.tr\/index.php\/wp-json\/wp\/v2\/product\/689134","targetHints":{"allow":["GET"]}}],"collection":[{"href":"https:\/\/roveyayinevi.com.tr\/index.php\/wp-json\/wp\/v2\/product"}],"about":[{"href":"https:\/\/roveyayinevi.com.tr\/index.php\/wp-json\/wp\/v2\/types\/product"}],"wp:attachment":[{"href":"https:\/\/roveyayinevi.com.tr\/index.php\/wp-json\/wp\/v2\/media?parent=689134"}],"wp:term":[{"taxonomy":"product_brand","embeddable":true,"href":"https:\/\/roveyayinevi.com.tr\/index.php\/wp-json\/wp\/v2\/product_brand?post=689134"},{"taxonomy":"product_cat","embeddable":true,"href":"https:\/\/roveyayinevi.com.tr\/index.php\/wp-json\/wp\/v2\/product_cat?post=689134"},{"taxonomy":"product_tag","embeddable":true,"href":"https:\/\/roveyayinevi.com.tr\/index.php\/wp-json\/wp\/v2\/product_tag?post=689134"}],"curies":[{"name":"wp","href":"https:\/\/api.w.org\/{rel}","templated":true}]}}