{"id":689131,"date":"2025-08-27T13:09:50","date_gmt":"2025-08-27T10:09:50","guid":{"rendered":"https:\/\/roveyayinevi.com.tr\/index.php\/urun\/kizlarin-sessizligi-kiz-enstitulerinin-uzun-tarihi\/"},"modified":"2026-04-16T01:58:45","modified_gmt":"2026-04-15T22:58:45","slug":"kizlarin-sessizligi-kiz-enstitulerinin-uzun-tarihi","status":"publish","type":"product","link":"https:\/\/roveyayinevi.com.tr\/index.php\/urun\/kizlarin-sessizligi-kiz-enstitulerinin-uzun-tarihi\/","title":{"rendered":"K\u0131zlar\u0131n Sessizli\u011fi: K\u0131z Enstit\u00fclerinin Uzun Tarihi"},"content":{"rendered":"<p>Gen\u00e7 k\u0131zl\u0131\u011f\u0131ma kadar en iyi arkada\u015f\u0131m ve en k\u00f6t\u00fc yarg\u0131c\u0131m olan anneannem bir K\u0131z Enstit\u00fcl\u00fcyd\u00fc. Ger\u00e7i babas\u0131 onu okulu bitirmeden oradan al\u0131p evlendirmi\u015fti ama, her zaman bu okullar\u0131n ideallerini hayat\u0131n\u0131n idealleri bildi. Bu y\u0131llar hakk\u0131nda pek konu\u015fmazd\u0131 ama konu\u015ftu\u011funda elbiseler dikip bunlar\u0131 sergilemelerinden, hocalar\u0131ndan zevkle bahsederdi. Kendisi hayat\u0131 boyunca elbiseler \u00fcretmeye devam etti &#8211; bize, sadece ailesine. Pi\u015firdi\u011fi yemekler hep m\u00fckemmel, evinin d\u00fczeni mutlak, ve e\u015finin erken \u00f6l\u00fcm\u00fcnden sonraki bek\u00e2rl\u0131\u011f\u0131 tavizsizdi. Azimli birisiydi, kararlar\u0131 kesindi. Ama bu kesinli\u011fe, zaman\u0131na g\u00f6re olduk\u00e7a e\u011fitimli olmas\u0131na ve belki de en \u00f6nemlisi bunu \u00e7ok istedi\u011fini belli etmesine ra\u011fmen bir meslek edinmemi\u015fti. Hafif ac\u0131 sessizli\u011fi ona dair b\u00fct\u00fcn bu \u00f6zellikleri birbirine ular, onu bir gizem perdesiyle \u00e7evirirdi. Halbuki a\u00e7\u0131k birisiydi.  K\u00f6kleri Osmanl\u0131 d\u00f6nemindeki K\u0131z Sanayi Mekteplerine uzanan K\u0131z Enstit\u00fcleri, T\u00fcrkiye Cumhuriyeti\u2019nin modernle\u015fme projesinin \u00f6nemli bir aya\u011f\u0131yd\u0131. Cumhuriyet\u2019in modernle\u015fmeyi anlama ve tatbik etme tarz\u0131na dair \u00f6nemli bir \u00f6rnekti bu kurumlar. Bu ?tarz?\u0131n, Osmanl\u0131?n\u0131n son d\u00f6nemindeki anlay\u0131\u015f ve uygulamayla devaml\u0131l\u0131\u011f\u0131n\u0131n da bir kan\u0131t\u0131yd\u0131lar. Bunun yan\u0131nda, T\u00fcrk modernle\u015fmesinin, k\u0131zlar\u0131n\/kad\u0131nlar\u0131n modern hayattaki yerini ve halini nas\u0131l kurgulad\u0131\u011f\u0131n\u0131 g\u00f6steriyorlard\u0131. Elif Ekin Ak\u015fit, etkileyici \u00e7al\u0131\u015fmas\u0131nda, K\u0131z Enstit\u00fclerinin hik\u00e2yesini, genel olarak T\u00fcrk modernle\u015fmesinin ve \u00f6zel olarak bu kurumlar\u0131n neticedeki ba\u015far\u0131s\u0131zl\u0131\u011f\u0131na indirgemeden inceliyor. Enstit\u00fcl\u00fc k\u0131zlar\u0131n, bu e\u011fitim ve terbiye s\u00fcrecini nas\u0131l deneyimlediklerine bak\u0131yor ve bu Cumhuriyet k\u0131zlar\u0131n\u0131n geriye kalan sessizli\u011fine kulak veriyor! <\/p>\n","protected":false},"excerpt":{"rendered":"<p>Gen\u00e7 k\u0131zl\u0131\u011f\u0131ma kadar en iyi arkada\u015f\u0131m ve en k\u00f6t\u00fc yarg\u0131c\u0131m olan anneannem bir K\u0131z Enstit\u00fcl\u00fcyd\u00fc. Ger\u00e7i babas\u0131 onu okulu bitirmeden oradan al\u0131p evlendirmi\u015fti ama, her zaman<span class=\"excerpt-hellip\"> [\u2026]<\/span><\/p>\n","protected":false},"featured_media":0,"template":"","meta":{"_monsterinsights_skip_tracking":false,"_monsterinsights_sitenote_active":false,"_monsterinsights_sitenote_note":"","_monsterinsights_sitenote_category":0},"product_brand":[],"product_cat":[12312,12304],"product_tag":[],"class_list":{"0":"post-689131","1":"product","2":"type-product","3":"status-publish","5":"product_cat-diger","6":"product_cat-tarih","7":"pa_cilt-ciltsiz","8":"pa_tur-kitap","9":"pa_yayinevi-iletisim-yayinlari","10":"pa_yazar-elif-ekin-aksit","12":"first","13":"instock","14":"sale","15":"shipping-taxable","16":"purchasable","17":"product-type-simple"},"_links":{"self":[{"href":"https:\/\/roveyayinevi.com.tr\/index.php\/wp-json\/wp\/v2\/product\/689131","targetHints":{"allow":["GET"]}}],"collection":[{"href":"https:\/\/roveyayinevi.com.tr\/index.php\/wp-json\/wp\/v2\/product"}],"about":[{"href":"https:\/\/roveyayinevi.com.tr\/index.php\/wp-json\/wp\/v2\/types\/product"}],"wp:attachment":[{"href":"https:\/\/roveyayinevi.com.tr\/index.php\/wp-json\/wp\/v2\/media?parent=689131"}],"wp:term":[{"taxonomy":"product_brand","embeddable":true,"href":"https:\/\/roveyayinevi.com.tr\/index.php\/wp-json\/wp\/v2\/product_brand?post=689131"},{"taxonomy":"product_cat","embeddable":true,"href":"https:\/\/roveyayinevi.com.tr\/index.php\/wp-json\/wp\/v2\/product_cat?post=689131"},{"taxonomy":"product_tag","embeddable":true,"href":"https:\/\/roveyayinevi.com.tr\/index.php\/wp-json\/wp\/v2\/product_tag?post=689131"}],"curies":[{"name":"wp","href":"https:\/\/api.w.org\/{rel}","templated":true}]}}