{"id":689126,"date":"2025-08-27T13:09:49","date_gmt":"2025-08-27T10:09:49","guid":{"rendered":"https:\/\/roveyayinevi.com.tr\/index.php\/urun\/kalkinma-iktisadi\/"},"modified":"2026-04-16T01:58:45","modified_gmt":"2026-04-15T22:58:45","slug":"kalkinma-iktisadi","status":"publish","type":"product","link":"https:\/\/roveyayinevi.com.tr\/index.php\/urun\/kalkinma-iktisadi\/","title":{"rendered":"Kalk\u0131nma \u0130ktisad\u0131"},"content":{"rendered":"<p>Kalk\u0131nma \u0130ktisad\u0131, 1940\u2019lardan 80\u2019lere kadar sadece iktisat\u00e7\u0131lar\u0131n de\u011fil, d\u00fcnya meseleleri \u00fczerine d\u00fc\u015f\u00fcnen hemen herkesin ilgi oda\u011f\u0131yd\u0131. \u00d6zellikle azgeli\u015fmi\u015f \u00fclkelerde, yani \u00dc\u00e7\u00fcnc\u00fc D\u00fcnya\u2019da 21. y\u00fczy\u0131la yakla\u015f\u0131rken bu konu kenara itilmi\u015f g\u00f6r\u00fcn\u00fcyor. Oysa \u00dc\u00e7\u00fcnc\u00fc D\u00fcnyal\u0131lar\u0131n sorunlar\u0131 derinle\u015ferek s\u00fcr\u00fcyor. D\u00fcnya n\u00fcfusunun y\u00fczde 75\u2019ini olu\u015fturan bu \u00fclkelerin geli\u015fme sorunlar\u0131n\u0131 dert eden iktisat\u00e7\u0131lar\u0131n da nesli t\u00fckenmi\u015f de\u011fil, neyse ki&#8230; Prof. Dr. Fikret \u015eenses, elinizdeki kitapta, bu \u00e7izgideki bir dizi iktisat\u00e7\u0131n\u0131n \u00f6nemli makalelerini derledi. \u015eenses, \u00dc\u00e7\u00fcnc\u00fc D\u00fcnya \u00fclkelerinin iktisad\u00ee ve sosyal sorunlar\u0131n\u0131n piyasa a\u011f\u0131rl\u0131kl\u0131 yakla\u015f\u0131mlarla \u00e7\u00f6z\u00fclmeyece\u011fine, Kalk\u0131nma \u0130ktisad\u0131\u2019n\u0131n ayr\u0131 bir bilim dal\u0131 olarak gereklili\u011fine dikkat \u00e7ekiyor. Kitapta, \u00dc\u00e7\u00fcnc\u00fc D\u00fcnya ekonomilerinin geli\u015fme tarihinin ve gelecek perspektiflerinin analizine d\u00f6n\u00fck kapsaml\u0131 makaleler yer al\u0131yor. Yine sadece iktisat\u00e7\u0131lar\u0131 de\u011fil herkesi ilgilendiren temel konu ba\u015fl\u0131klar\u0131 hakk\u0131nda \u00e7\u00f6z\u00fcmlemeler var: Kalk\u0131nma sorununun tarihsel y\u00f6n\u00fc, enflasyon ve istikrar politikalar\u0131; uluslararas\u0131 bor\u00e7 krizi; sanayile\u015fme ve d\u00fcnya ekonomisi; azgeli\u015fmi\u015f \u00fclkelerin sanayile\u015fme tecr\u00fcbelerinden \u00e7\u0131kar\u0131lacak dersler; devletin sanayile\u015fme politikas\u0131na etkisi&#8230; \ufffcTan\u0131t\u0131m Metni<\/p>\n","protected":false},"excerpt":{"rendered":"<p>Kalk\u0131nma \u0130ktisad\u0131, 1940\u2019lardan 80\u2019lere kadar sadece iktisat\u00e7\u0131lar\u0131n de\u011fil, d\u00fcnya meseleleri \u00fczerine d\u00fc\u015f\u00fcnen hemen herkesin ilgi oda\u011f\u0131yd\u0131. \u00d6zellikle azgeli\u015fmi\u015f \u00fclkelerde, yani \u00dc\u00e7\u00fcnc\u00fc D\u00fcnya\u2019da 21. y\u00fczy\u0131la yakla\u015f\u0131rken bu<span class=\"excerpt-hellip\"> [\u2026]<\/span><\/p>\n","protected":false},"featured_media":0,"template":"","meta":{"_monsterinsights_skip_tracking":false,"_monsterinsights_sitenote_active":false,"_monsterinsights_sitenote_note":"","_monsterinsights_sitenote_category":0},"product_brand":[],"product_cat":[13044,13043],"product_tag":[],"class_list":{"0":"post-689126","1":"product","2":"type-product","3":"status-publish","5":"product_cat-dunya-ekonomisi","6":"product_cat-ekonomi","7":"pa_cilt-ciltsiz","8":"pa_tur-kitap","9":"pa_yayinevi-iletisim-yayinlari","10":"pa_yazar-fikret-senses-haz","12":"first","13":"instock","14":"sale","15":"shipping-taxable","16":"purchasable","17":"product-type-simple"},"_links":{"self":[{"href":"https:\/\/roveyayinevi.com.tr\/index.php\/wp-json\/wp\/v2\/product\/689126","targetHints":{"allow":["GET"]}}],"collection":[{"href":"https:\/\/roveyayinevi.com.tr\/index.php\/wp-json\/wp\/v2\/product"}],"about":[{"href":"https:\/\/roveyayinevi.com.tr\/index.php\/wp-json\/wp\/v2\/types\/product"}],"wp:attachment":[{"href":"https:\/\/roveyayinevi.com.tr\/index.php\/wp-json\/wp\/v2\/media?parent=689126"}],"wp:term":[{"taxonomy":"product_brand","embeddable":true,"href":"https:\/\/roveyayinevi.com.tr\/index.php\/wp-json\/wp\/v2\/product_brand?post=689126"},{"taxonomy":"product_cat","embeddable":true,"href":"https:\/\/roveyayinevi.com.tr\/index.php\/wp-json\/wp\/v2\/product_cat?post=689126"},{"taxonomy":"product_tag","embeddable":true,"href":"https:\/\/roveyayinevi.com.tr\/index.php\/wp-json\/wp\/v2\/product_tag?post=689126"}],"curies":[{"name":"wp","href":"https:\/\/api.w.org\/{rel}","templated":true}]}}