{"id":689124,"date":"2025-08-27T13:09:49","date_gmt":"2025-08-27T10:09:49","guid":{"rendered":"https:\/\/roveyayinevi.com.tr\/index.php\/urun\/jurnal-1-cilt\/"},"modified":"2026-04-16T01:58:45","modified_gmt":"2026-04-15T22:58:45","slug":"jurnal-1-cilt","status":"publish","type":"product","link":"https:\/\/roveyayinevi.com.tr\/index.php\/urun\/jurnal-1-cilt\/","title":{"rendered":"Jurnal 1. Cilt"},"content":{"rendered":"<p>Cemil Meri\u00e7\u2019in d\u00fc\u015f\u00fcnce ve duygu d\u00fcnyas\u0131n\u0131n \u201cmahremi\u201d&#8230; Yazar\u0131n kendi hayat\u0131yla ilgili buhranlar\u0131, aray\u0131\u015flar\u0131, sorgulamalar\u0131 ile i\u00e7i\u00e7e, T\u00fcrk d\u00fc\u015f\u00fcnce hayat\u0131yla ilgili tespitleri, s\u0131k\u0131nt\u0131lar\u0131, isyanlar\u0131. Yaln\u0131zl\u0131\u011fa (ve marjinalli\u011fe) itilen, ama belki de se\u00e7en bu insan\u0131n toplumla hesapla\u015fmas\u0131. O itili\u015f ile o se\u00e7i\u015f aras\u0131ndaki ba\u011flar ve gidip gelmeler&#8230; Jurnal biyografik de\u011feriyle kalm\u0131yor; o, i\u00e7eri\u011fiyle ve diliyle, ayn\u0131 zamanda bir Cemil Meri\u00e7 kitab\u0131.<\/p>\n","protected":false},"excerpt":{"rendered":"<p>Cemil Meri\u00e7\u2019in d\u00fc\u015f\u00fcnce ve duygu d\u00fcnyas\u0131n\u0131n \u201cmahremi\u201d&#8230; Yazar\u0131n kendi hayat\u0131yla ilgili buhranlar\u0131, aray\u0131\u015flar\u0131, sorgulamalar\u0131 ile i\u00e7i\u00e7e, T\u00fcrk d\u00fc\u015f\u00fcnce hayat\u0131yla ilgili tespitleri, s\u0131k\u0131nt\u0131lar\u0131, isyanlar\u0131. Yaln\u0131zl\u0131\u011fa (ve marjinalli\u011fe)<span class=\"excerpt-hellip\"> [\u2026]<\/span><\/p>\n","protected":false},"featured_media":0,"template":"","meta":{"_monsterinsights_skip_tracking":false,"_monsterinsights_sitenote_active":false,"_monsterinsights_sitenote_note":"","_monsterinsights_sitenote_category":0},"product_brand":[],"product_cat":[13633,12324],"product_tag":[],"class_list":{"0":"post-689124","1":"product","2":"type-product","3":"status-publish","5":"product_cat-kultur-ve-bilim","6":"product_cat-sosyoloji","7":"pa_cilt-ciltsiz","8":"pa_tur-kitap","9":"pa_yayinevi-iletisim-yayinlari","10":"pa_yazar-cemil-meric","12":"first","13":"instock","14":"sale","15":"shipping-taxable","16":"purchasable","17":"product-type-simple"},"_links":{"self":[{"href":"https:\/\/roveyayinevi.com.tr\/index.php\/wp-json\/wp\/v2\/product\/689124","targetHints":{"allow":["GET"]}}],"collection":[{"href":"https:\/\/roveyayinevi.com.tr\/index.php\/wp-json\/wp\/v2\/product"}],"about":[{"href":"https:\/\/roveyayinevi.com.tr\/index.php\/wp-json\/wp\/v2\/types\/product"}],"wp:attachment":[{"href":"https:\/\/roveyayinevi.com.tr\/index.php\/wp-json\/wp\/v2\/media?parent=689124"}],"wp:term":[{"taxonomy":"product_brand","embeddable":true,"href":"https:\/\/roveyayinevi.com.tr\/index.php\/wp-json\/wp\/v2\/product_brand?post=689124"},{"taxonomy":"product_cat","embeddable":true,"href":"https:\/\/roveyayinevi.com.tr\/index.php\/wp-json\/wp\/v2\/product_cat?post=689124"},{"taxonomy":"product_tag","embeddable":true,"href":"https:\/\/roveyayinevi.com.tr\/index.php\/wp-json\/wp\/v2\/product_tag?post=689124"}],"curies":[{"name":"wp","href":"https:\/\/api.w.org\/{rel}","templated":true}]}}

<p>Cemil Meriç’in düşünce ve duygu dünyasının “mahremi”&#8230; Yazarın kendi hayatıyla ilgili buhranları, arayışları, sorgulamaları ile içiçe, Türk düşünce hayatıyla ilgili tespitleri, sıkıntıları, isyanları. Yalnızlığa (ve marjinalliğe) itilen, ama belki de seçen bu insanın toplumla hesaplaşması. O itiliş ile o seçiş arasındaki bağlar ve gidip gelmeler&#8230; Jurnal biyografik değeriyle kalmıyor; o, içeriğiyle ve diliyle, aynı zamanda bir Cemil Meriç kitabı.</p>

<p>Cemil Meriç’in düşünce ve duygu dünyasının “mahremi”&#8230; Yazarın kendi hayatıyla ilgili buhranları, arayışları, sorgulamaları ile içiçe, Türk düşünce hayatıyla ilgili tespitleri, sıkıntıları, isyanları. Yalnızlığa (ve marjinalliğe)<span class="excerpt-hellip"> […]</span></p>
