{"id":689121,"date":"2025-08-27T13:09:48","date_gmt":"2025-08-27T10:09:48","guid":{"rendered":"https:\/\/roveyayinevi.com.tr\/index.php\/urun\/sayilarin-efendileri-matematikciler\/"},"modified":"2026-04-16T01:58:45","modified_gmt":"2026-04-15T22:58:45","slug":"sayilarin-efendileri-matematikciler","status":"publish","type":"product","link":"https:\/\/roveyayinevi.com.tr\/index.php\/urun\/sayilarin-efendileri-matematikciler\/","title":{"rendered":"Say\u0131lar\u0131n Efendileri &#8211; Matematik\u00e7iler"},"content":{"rendered":"<p>Tarih boyunca matemati\u011fe g\u00f6n\u00fcl veren bir\u00e7ok ki\u015fi onu bir bilim olmaktan \u00e7ok resim, m\u00fczik gibi bir sanat dal\u0131 veya evreni anlaman\u0131n anahtar\u0131 olarak g\u00f6rd\u00fc. Evrende olan her \u015feyi say\u0131lar\u0131n diliyle anlamland\u0131rd\u0131. Pisagor, \u00d6klid, Harezm\u00ee, Ebu\u2019l Vefa, Birun\u00ee, Fibonacci, Carl Friedrich Gausse, Sophie Germain, Henrik Abel ve Cahit Arf&#8230; Bu kitap sizi Do\u011fu ve Bat\u0131\u2019n\u0131n on bir m\u00fcthi\u015f matematik\u00e7isi ile tan\u0131\u015ft\u0131racak. Onlar\u0131n hayat hik\u00e2yelerini, ara\u015ft\u0131rma ve bulu\u015flar\u0131n\u0131 okurken hem e\u011flenecek hem de daha fazlas\u0131n\u0131 merak edeceksiniz. Tabi onlarla birlikte say\u0131lar\u0131n tuhaf d\u00fcnyas\u0131na ad\u0131m atmaya cesaretiniz varsa&#8230; \u00c7\u00fcnk\u00fc \u00fcnl\u00fc matematik\u00e7i Gauss diyor ki, Bu y\u00fcce bilimin ola\u011fan\u00fcst\u00fc \u00e7ekim g\u00fcc\u00fc, kendisini ancak i\u00e7ine girmeye cesareti olanlara g\u00f6sterir! Madem evet diyorsunuz, o zaman matematik denizine bal\u0131klama atlay\u0131n! Keyifli okumalar&#8230; <\/p>\n","protected":false},"excerpt":{"rendered":"<p>Tarih boyunca matemati\u011fe g\u00f6n\u00fcl veren bir\u00e7ok ki\u015fi onu bir bilim olmaktan \u00e7ok resim, m\u00fczik gibi bir sanat dal\u0131 veya evreni anlaman\u0131n anahtar\u0131 olarak g\u00f6rd\u00fc. Evrende olan<span class=\"excerpt-hellip\"> [\u2026]<\/span><\/p>\n","protected":false},"featured_media":0,"template":"","meta":{"_monsterinsights_skip_tracking":false,"_monsterinsights_sitenote_active":false,"_monsterinsights_sitenote_note":"","_monsterinsights_sitenote_category":0},"product_brand":[],"product_cat":[12492,12274],"product_tag":[],"class_list":{"0":"post-689121","1":"product","2":"type-product","3":"status-publish","5":"product_cat-bilmece-bulmaca","6":"product_cat-cocuk-ve-genclik-kitaplari","7":"pa_cilt-ciltsiz","8":"pa_tur-kitap","9":"pa_yayinevi-genc-timas","10":"pa_yazar-duygu-kacaranoglu","12":"first","13":"instock","14":"sale","15":"shipping-taxable","16":"purchasable","17":"product-type-simple"},"_links":{"self":[{"href":"https:\/\/roveyayinevi.com.tr\/index.php\/wp-json\/wp\/v2\/product\/689121","targetHints":{"allow":["GET"]}}],"collection":[{"href":"https:\/\/roveyayinevi.com.tr\/index.php\/wp-json\/wp\/v2\/product"}],"about":[{"href":"https:\/\/roveyayinevi.com.tr\/index.php\/wp-json\/wp\/v2\/types\/product"}],"wp:attachment":[{"href":"https:\/\/roveyayinevi.com.tr\/index.php\/wp-json\/wp\/v2\/media?parent=689121"}],"wp:term":[{"taxonomy":"product_brand","embeddable":true,"href":"https:\/\/roveyayinevi.com.tr\/index.php\/wp-json\/wp\/v2\/product_brand?post=689121"},{"taxonomy":"product_cat","embeddable":true,"href":"https:\/\/roveyayinevi.com.tr\/index.php\/wp-json\/wp\/v2\/product_cat?post=689121"},{"taxonomy":"product_tag","embeddable":true,"href":"https:\/\/roveyayinevi.com.tr\/index.php\/wp-json\/wp\/v2\/product_tag?post=689121"}],"curies":[{"name":"wp","href":"https:\/\/api.w.org\/{rel}","templated":true}]}}