{"id":689093,"date":"2025-08-27T13:09:43","date_gmt":"2025-08-27T10:09:43","guid":{"rendered":"https:\/\/roveyayinevi.com.tr\/index.php\/urun\/butun-eserleri-1-jon-turklerin-siyasi-fikirleri-1895-1908\/"},"modified":"2026-04-16T01:58:44","modified_gmt":"2026-04-15T22:58:44","slug":"butun-eserleri-1-jon-turklerin-siyasi-fikirleri-1895-1908","status":"publish","type":"product","link":"https:\/\/roveyayinevi.com.tr\/index.php\/urun\/butun-eserleri-1-jon-turklerin-siyasi-fikirleri-1895-1908\/","title":{"rendered":"B\u00fct\u00fcn Eserleri 1 &#8211; J\u00f6n T\u00fcrklerin Siyasi Fikirleri 1895-1908"},"content":{"rendered":"<p>Siyas\u00ee d\u00fc\u015f\u00fcnce tarihimiz konusunda klasikle\u015fen bu eserinde Mardin, J\u00f6n T\u00fcrkler\u2019in g\u00fcn\u00fcm\u00fcz\u00fcn siyas\u00ee ak\u0131mlar\u0131nda g\u00f6rebildi\u011fimiz fikirlerinin ortaya \u00e7\u0131k\u0131\u015f\u0131n\u0131 ve \u015fekillenmesini inceliyor. Be\u015fir Fuat, Mizanc\u0131 Murat, Ahmet R\u0131za, Abdullah Cevdet ve Prens Sabahattin gibi fikir ve siyaset adamlar\u0131n\u0131n d\u00fc\u015f\u00fcncelerine e\u011filiyor.<\/p>\n","protected":false},"excerpt":{"rendered":"<p>Siyas\u00ee d\u00fc\u015f\u00fcnce tarihimiz konusunda klasikle\u015fen bu eserinde Mardin, J\u00f6n T\u00fcrkler\u2019in g\u00fcn\u00fcm\u00fcz\u00fcn siyas\u00ee ak\u0131mlar\u0131nda g\u00f6rebildi\u011fimiz fikirlerinin ortaya \u00e7\u0131k\u0131\u015f\u0131n\u0131 ve \u015fekillenmesini inceliyor. Be\u015fir Fuat, Mizanc\u0131 Murat, Ahmet R\u0131za,<span class=\"excerpt-hellip\"> [\u2026]<\/span><\/p>\n","protected":false},"featured_media":0,"template":"","meta":{"_monsterinsights_skip_tracking":false,"_monsterinsights_sitenote_active":false,"_monsterinsights_sitenote_note":"","_monsterinsights_sitenote_category":0},"product_brand":[],"product_cat":[13517,12304],"product_tag":[],"class_list":{"0":"post-689093","1":"product","2":"type-product","3":"status-publish","5":"product_cat-osmanli-tarihi","6":"product_cat-tarih","7":"pa_cilt-ciltsiz","8":"pa_tur-kitap","9":"pa_yayinevi-iletisim-yayinlari","10":"pa_yazar-serif-mardin","12":"first","13":"instock","14":"sale","15":"shipping-taxable","16":"purchasable","17":"product-type-simple"},"_links":{"self":[{"href":"https:\/\/roveyayinevi.com.tr\/index.php\/wp-json\/wp\/v2\/product\/689093","targetHints":{"allow":["GET"]}}],"collection":[{"href":"https:\/\/roveyayinevi.com.tr\/index.php\/wp-json\/wp\/v2\/product"}],"about":[{"href":"https:\/\/roveyayinevi.com.tr\/index.php\/wp-json\/wp\/v2\/types\/product"}],"wp:attachment":[{"href":"https:\/\/roveyayinevi.com.tr\/index.php\/wp-json\/wp\/v2\/media?parent=689093"}],"wp:term":[{"taxonomy":"product_brand","embeddable":true,"href":"https:\/\/roveyayinevi.com.tr\/index.php\/wp-json\/wp\/v2\/product_brand?post=689093"},{"taxonomy":"product_cat","embeddable":true,"href":"https:\/\/roveyayinevi.com.tr\/index.php\/wp-json\/wp\/v2\/product_cat?post=689093"},{"taxonomy":"product_tag","embeddable":true,"href":"https:\/\/roveyayinevi.com.tr\/index.php\/wp-json\/wp\/v2\/product_tag?post=689093"}],"curies":[{"name":"wp","href":"https:\/\/api.w.org\/{rel}","templated":true}]}}