{"id":689092,"date":"2025-08-27T13:09:43","date_gmt":"2025-08-27T10:09:43","guid":{"rendered":"https:\/\/roveyayinevi.com.tr\/index.php\/urun\/izmir-yahudileri\/"},"modified":"2026-04-16T01:58:44","modified_gmt":"2026-04-15T22:58:44","slug":"izmir-yahudileri","status":"publish","type":"product","link":"https:\/\/roveyayinevi.com.tr\/index.php\/urun\/izmir-yahudileri\/","title":{"rendered":"\u0130zmir Yahudileri"},"content":{"rendered":"<p>Henri Nahum\u2019a ait bu titiz \u00e7al\u0131\u015fma, II. Abd\u00fclhamit\u2019in tahta \u00e7\u0131k\u0131\u015f\u0131ndan II. D\u00fcnya Sava\u015f\u0131\u2019na kadar ge\u00e7en 60 y\u0131ll\u0131k s\u00fcrede bir \u015fehri, \u0130zmir\u2019i ve bir d\u00f6nem \u015fehre damgas\u0131n\u0131 vuran bir cemaati, Yahudi cemaatinin tarihini ayd\u0131nlat\u0131yor. \u0130zmir, Osmanl\u0131 \u0130mparatorlu\u011fu\u2019nun \u00e7ok cemaatli yap\u0131s\u0131n\u0131n en karakteristik \u015fehirlerinden biriydi. T\u00fcrkler, Rumlar, Ermeniler, Yahudiler ve Frenk toplumlar\u0131 bir arada ya\u015f\u0131yordu. Keza \u0130zmir Avrupa\u2019n\u0131n iktisadi ve k\u00fclt\u00fcrel etkisinin en etkili ve \u00e7abuk g\u00f6r\u00fcld\u00fc\u011f\u00fc \u015fehirlerden biriydi. Bu \u015fehir, cemaatler aras\u0131ndaki ili\u015fkileri, Osmanl\u0131 iktidar\u0131n\u0131n rol\u00fcn\u00fc ve devlet yap\u0131s\u0131n\u0131 incelemede imparatorlu\u011fun di\u011fer \u015fehirlerine oranla daha geni\u015f olanaklar sunmaktayd\u0131. \u0130zmir Yahudileri\u2019nde hem bir \u015fehrin tarihini, hem de Yahudi cemaatinin \u0130zmir\u2019de ya\u015fad\u0131\u011f\u0131 ilgin\u00e7 ser\u00fcven ve m\u00fccadelesi ak\u0131c\u0131 bir dille, canl\u0131 ve ayr\u0131nt\u0131l\u0131 bir \u00fcslupla anlat\u0131l\u0131yor. \u201cBir Yahudi \u2018ulusu\u2019nun yap\u0131lanmas\u0131, imparatorlu\u011fun di\u011fer milletleri aras\u0131ndabir millet&#8230; Abd\u00fclhamit Osmanl\u0131l\u0131\u011f\u0131\u2019na, sonra da \u0130ttihat\u00e7\u0131 Osmanl\u0131l\u0131\u011fa kat\u0131lma&#8230; Avrupa etkisi, (&#8230;) Siyonizm hareketi&#8230; Cumhuriyet\u2019in T\u00fcrkiye Yahudilerini (&#8230;) d\u00f6n\u00fc\u015ft\u00fcrme hareketi. 1922\u2019den sonra \u0130zmir\u2019de kalan tek gayrim\u00fcslim cemaati Yahudi cemaati oldu. Yahudilerin co\u015fku ile kar\u015f\u0131lad\u0131klar\u0131 iktidarla ili\u015fkiler cumhuriyet\u00e7i, yeni ulus-devlette nas\u0131ld\u0131?Neden cemaatin \u00e7o\u011funlu\u011fu sonunda g\u00f6\u00e7 etmeyi tercih etti?\u201d HENRI NAHUM<\/p>\n","protected":false},"excerpt":{"rendered":"<p>Henri Nahum\u2019a ait bu titiz \u00e7al\u0131\u015fma, II. Abd\u00fclhamit\u2019in tahta \u00e7\u0131k\u0131\u015f\u0131ndan II. D\u00fcnya Sava\u015f\u0131\u2019na kadar ge\u00e7en 60 y\u0131ll\u0131k s\u00fcrede bir \u015fehri, \u0130zmir\u2019i ve bir d\u00f6nem \u015fehre damgas\u0131n\u0131<span class=\"excerpt-hellip\"> [\u2026]<\/span><\/p>\n","protected":false},"featured_media":0,"template":"","meta":{"_monsterinsights_skip_tracking":false,"_monsterinsights_sitenote_active":false,"_monsterinsights_sitenote_note":"","_monsterinsights_sitenote_category":0},"product_brand":[],"product_cat":[13517,12304],"product_tag":[],"class_list":{"0":"post-689092","1":"product","2":"type-product","3":"status-publish","5":"product_cat-osmanli-tarihi","6":"product_cat-tarih","7":"pa_cilt-ciltsiz","8":"pa_tur-kitap","9":"pa_yayinevi-iletisim-yayinlari","10":"pa_yazar-henri-nahum","12":"first","13":"instock","14":"sale","15":"shipping-taxable","16":"purchasable","17":"product-type-simple"},"_links":{"self":[{"href":"https:\/\/roveyayinevi.com.tr\/index.php\/wp-json\/wp\/v2\/product\/689092","targetHints":{"allow":["GET"]}}],"collection":[{"href":"https:\/\/roveyayinevi.com.tr\/index.php\/wp-json\/wp\/v2\/product"}],"about":[{"href":"https:\/\/roveyayinevi.com.tr\/index.php\/wp-json\/wp\/v2\/types\/product"}],"wp:attachment":[{"href":"https:\/\/roveyayinevi.com.tr\/index.php\/wp-json\/wp\/v2\/media?parent=689092"}],"wp:term":[{"taxonomy":"product_brand","embeddable":true,"href":"https:\/\/roveyayinevi.com.tr\/index.php\/wp-json\/wp\/v2\/product_brand?post=689092"},{"taxonomy":"product_cat","embeddable":true,"href":"https:\/\/roveyayinevi.com.tr\/index.php\/wp-json\/wp\/v2\/product_cat?post=689092"},{"taxonomy":"product_tag","embeddable":true,"href":"https:\/\/roveyayinevi.com.tr\/index.php\/wp-json\/wp\/v2\/product_tag?post=689092"}],"curies":[{"name":"wp","href":"https:\/\/api.w.org\/{rel}","templated":true}]}}