{"id":689055,"date":"2025-08-27T13:09:37","date_gmt":"2025-08-27T10:09:37","guid":{"rendered":"https:\/\/roveyayinevi.com.tr\/index.php\/urun\/ne-mutlu-turkum-diyebilene-turk-ulusal-kimliginin-etno-sekuler-sinirlari-1919-1938\/"},"modified":"2026-04-16T01:58:44","modified_gmt":"2026-04-15T22:58:44","slug":"ne-mutlu-turkum-diyebilene-turk-ulusal-kimliginin-etno-sekuler-sinirlari-1919-1938","status":"publish","type":"product","link":"https:\/\/roveyayinevi.com.tr\/index.php\/urun\/ne-mutlu-turkum-diyebilene-turk-ulusal-kimliginin-etno-sekuler-sinirlari-1919-1938\/","title":{"rendered":"Ne Mutlu T\u00fcrk\u00fcm Diyebilene: T\u00fcrk Ulusal Kimli\u011finin Etno-Sek\u00fcler S\u0131n\u0131rlar\u0131 (1919-1938)"},"content":{"rendered":"<p>T\u00fcrk ulusal kimli\u011fine ili\u015fkin hala s\u00fcregiden tart\u0131\u015fmalar\u0131n kutuplar\u0131nda iki tasavvur duruyor: Vatanda\u015fl\u0131k esas\u0131na dayal\u0131 anlay\u0131\u015f ve etnik-k\u00fclt\u00fcrel kimlik esas\u0131na dayal\u0131 anlay\u0131\u015f. Ahmet Y\u0131ld\u0131z\u2019\u0131n incelemesi, T\u00fcrkiye\u2019de milli kimli\u011fin in\u015fa s\u00fcrecinde etnik-k\u00fclt\u00fcrel kimlik vurgusunun ve tazyikinin en g\u00fc\u00e7l\u00fc oldu\u011fu evreyi ele al\u0131yor: 1919-1938 D\u00f6nemi. Milli kimli\u011fin sek\u00fcler iddias\u0131 ile onu z\u0131mnen &#8211; k\u0131smen de a\u00e7\u0131k\u00e7a!- k\u0131s\u0131tlayan dinsel y\u00fck\u00fcmler aras\u0131ndaki gerilim bu d\u00f6nemde belirgindir. Fakat as\u0131l belirgin olan, milli kimli\u011fin ve vatanda\u015fl\u0131\u011f\u0131n etnik y\u00fck\u00fcmleridir. Kitab\u0131n \u00f6ns\u00f6z\u00fcnde Ay\u015fe Kad\u0131o\u011flu\u2019nun belirtti\u011fi gibi, bu devrede halk, hem vatanda\u015f hem T\u00fcrk olmakla vazifelendirilmi\u015ftir . Etnisizm, m\u00fcfredatta ve dil-tarih politikalar\u0131nda, K\u00fcrt Meselesi\u2019ne ve gayrim\u00fcslim az\u0131nl\u0131klara bak\u0131\u015fta, iskan ve tehcir uygulamalar\u0131nda, asimilasyoncu \u00f6nlemlerde b\u00fct\u00fcnl\u00fckl\u00fc ve atak bir tutum olarak kendini g\u00f6sterir. Ahmet Y\u0131ld\u0131z, milli kimli\u011fin\/vatanda\u015fl\u0131\u011f\u0131n etno-sek\u00fcler \u00e7er\u00e7evesinin alabildi\u011fine darald\u0131\u011f\u0131 bu d\u00f6nemin tarihsel arkaplan\u0131n\u0131 da, T\u00fcrk milliyet\u00e7ili\u011finin Osmanl\u0131\u2019n\u0131n son evresinden Milli M\u00fccadele\u2019nin zoraki \u00e7o\u011fulculu\u011funa uzanan olu\u015fum d\u00f6nemine bakarak inceliyor. S\u00f6zkonusu d\u00f6neme damgas\u0131n\u0131 vuran etnisist milliyet\u00e7ilik anlay\u0131\u015f\u0131, ge\u00e7ici veya tesad\u00fcfi midir; yoksa T\u00fcrkiye\u2019deki resmi milli kimli\u011fi alttan alta belirleyen bir s\u00fcreklilil\u011fi var m\u0131d\u0131r? Ahmet Y\u0131ld\u0131z\u2019\u0131n sa\u011flam bir teorik zemine, zengin ayr\u0131nt\u0131ya, \u00f6zenli bir dile dayanan kitab\u0131, bu kritik tart\u0131\u015fmay\u0131 da uyar\u0131yor.<\/p>\n","protected":false},"excerpt":{"rendered":"<p>T\u00fcrk ulusal kimli\u011fine ili\u015fkin hala s\u00fcregiden tart\u0131\u015fmalar\u0131n kutuplar\u0131nda iki tasavvur duruyor: Vatanda\u015fl\u0131k esas\u0131na dayal\u0131 anlay\u0131\u015f ve etnik-k\u00fclt\u00fcrel kimlik esas\u0131na dayal\u0131 anlay\u0131\u015f. Ahmet Y\u0131ld\u0131z\u2019\u0131n incelemesi, T\u00fcrkiye\u2019de milli<span class=\"excerpt-hellip\"> [\u2026]<\/span><\/p>\n","protected":false},"featured_media":0,"template":"","meta":{"_monsterinsights_skip_tracking":false,"_monsterinsights_sitenote_active":false,"_monsterinsights_sitenote_note":"","_monsterinsights_sitenote_category":0},"product_brand":[],"product_cat":[13633,12324],"product_tag":[],"class_list":{"0":"post-689055","1":"product","2":"type-product","3":"status-publish","5":"product_cat-kultur-ve-bilim","6":"product_cat-sosyoloji","7":"pa_cilt-ciltsiz","8":"pa_tur-kitap","9":"pa_yayinevi-iletisim-yayinlari","10":"pa_yazar-ahmet-yildiz","12":"first","13":"instock","14":"sale","15":"shipping-taxable","16":"purchasable","17":"product-type-simple"},"_links":{"self":[{"href":"https:\/\/roveyayinevi.com.tr\/index.php\/wp-json\/wp\/v2\/product\/689055","targetHints":{"allow":["GET"]}}],"collection":[{"href":"https:\/\/roveyayinevi.com.tr\/index.php\/wp-json\/wp\/v2\/product"}],"about":[{"href":"https:\/\/roveyayinevi.com.tr\/index.php\/wp-json\/wp\/v2\/types\/product"}],"wp:attachment":[{"href":"https:\/\/roveyayinevi.com.tr\/index.php\/wp-json\/wp\/v2\/media?parent=689055"}],"wp:term":[{"taxonomy":"product_brand","embeddable":true,"href":"https:\/\/roveyayinevi.com.tr\/index.php\/wp-json\/wp\/v2\/product_brand?post=689055"},{"taxonomy":"product_cat","embeddable":true,"href":"https:\/\/roveyayinevi.com.tr\/index.php\/wp-json\/wp\/v2\/product_cat?post=689055"},{"taxonomy":"product_tag","embeddable":true,"href":"https:\/\/roveyayinevi.com.tr\/index.php\/wp-json\/wp\/v2\/product_tag?post=689055"}],"curies":[{"name":"wp","href":"https:\/\/api.w.org\/{rel}","templated":true}]}}

Ne Mutlu Türküm Diyebilene: Türk Ulusal Kimliğinin Etno-Seküler Sınırları (1919-1938)

<p>Türk ulusal kimliğine ilişkin hala süregiden tartışmaların kutuplarında iki tasavvur duruyor: Vatandaşlık esasına dayalı anlayış ve etnik-kültürel kimlik esasına dayalı anlayış. Ahmet Yıldız’ın incelemesi, Türkiye’de milli kimliğin inşa sürecinde etnik-kültürel kimlik vurgusunun ve tazyikinin en güçlü olduğu evreyi ele alıyor: 1919-1938 Dönemi. Milli kimliğin seküler iddiası ile onu zımnen &#8211; kısmen de açıkça!- kısıtlayan dinsel yükümler arasındaki gerilim bu dönemde belirgindir. Fakat asıl belirgin olan, milli kimliğin ve vatandaşlığın etnik yükümleridir. Kitabın önsözünde Ayşe Kadıoğlu’nun belirttiği gibi, bu devrede halk, hem vatandaş hem Türk olmakla vazifelendirilmiştir . Etnisizm, müfredatta ve dil-tarih politikalarında, Kürt Meselesi’ne ve gayrimüslim azınlıklara bakışta, iskan ve tehcir uygulamalarında, asimilasyoncu önlemlerde bütünlüklü ve atak bir tutum olarak kendini gösterir. Ahmet Yıldız, milli kimliğin/vatandaşlığın etno-seküler çerçevesinin alabildiğine daraldığı bu dönemin tarihsel arkaplanını da, Türk milliyetçiliğinin Osmanlı’nın son evresinden Milli Mücadele’nin zoraki çoğulculuğuna uzanan oluşum dönemine bakarak inceliyor. Sözkonusu döneme damgasını vuran etnisist milliyetçilik anlayışı, geçici veya tesadüfi midir; yoksa Türkiye’deki resmi milli kimliği alttan alta belirleyen bir süreklililği var mıdır? Ahmet Yıldız’ın sağlam bir teorik zemine, zengin ayrıntıya, özenli bir dile dayanan kitabı, bu kritik tartışmayı da uyarıyor.</p>

<p>Türk ulusal kimliğine ilişkin hala süregiden tartışmaların kutuplarında iki tasavvur duruyor: Vatandaşlık esasına dayalı anlayış ve etnik-kültürel kimlik esasına dayalı anlayış. Ahmet Yıldız’ın incelemesi, Türkiye’de milli<span class="excerpt-hellip"> […]</span></p>
