{"id":689049,"date":"2025-08-27T13:09:36","date_gmt":"2025-08-27T10:09:36","guid":{"rendered":"https:\/\/roveyayinevi.com.tr\/index.php\/urun\/gecmisle-hesaplasma-unutma-kulturunden-hatirlama-kulturune\/"},"modified":"2026-04-16T01:58:44","modified_gmt":"2026-04-15T22:58:44","slug":"gecmisle-hesaplasma-unutma-kulturunden-hatirlama-kulturune","status":"publish","type":"product","link":"https:\/\/roveyayinevi.com.tr\/index.php\/urun\/gecmisle-hesaplasma-unutma-kulturunden-hatirlama-kulturune\/","title":{"rendered":"Ge\u00e7mi\u015fle Hesapla\u015fma: Unutma K\u00fclt\u00fcr\u00fcnden Hat\u0131rlama K\u00fclt\u00fcr\u00fcne"},"content":{"rendered":"<p>Her insan\u0131n ve her toplumun bir ge\u00e7mi\u015fi vard\u0131r; bunun yan\u0131nda bir de ge\u00e7mi\u015fle bir ili\u015fkisi. Bireyler ve toplumlar ya ge\u00e7mi\u015flerini hesaba katarak onunla ili\u015fkilerini kar\u015f\u0131l\u0131kl\u0131 etkile\u015fim i\u00e7inde kendileri bi\u00e7imlendirirler ya da ge\u00e7mi\u015f kendisi harekete ge\u00e7er, takip eder, bug\u00fcn\u00fc i\u015fgal etmeye \u00e7al\u0131\u015f\u0131r. Ge\u00e7mi\u015fi g\u00f6rmezden gelme tutumunda diretildik\u00e7e, ge\u00e7mi\u015fin bug\u00fcn \u00fczerindeki etkisi artar; bir s\u00fcre sonra bug\u00fcn, korkulan ve ka\u00e7\u0131lan ge\u00e7mi\u015fin bir \u00fcr\u00fcn\u00fc haline gelir. Bizde de b\u00f6yle oluyor; ge\u00e7mi\u015f yakam\u0131z\u0131 b\u0131rakm\u0131yor; biz onu yok sayd\u0131k\u00e7a, o giderek daha as\u00ee ve inat\u00e7\u0131 oluyor. Oysa ge\u00e7mi\u015fe uysal bir hizmetk\u00e2r muamelesi yapmaya \u00e7ok al\u0131\u015fm\u0131\u015ft\u0131k; onu istedi\u011fimiz zaman \u00e7a\u011f\u0131r\u0131r, istedi\u011fimiz gibi kullan\u0131r, i\u015fimiz bitince de karanl\u0131k odaya hapsederdik&#8230;  Toplumlar\u0131n, uluslar\u0131n, ulus-devletlerin ge\u00e7mi\u015flerindeki travmatik olaylarla y\u00fczle\u015fmelerinin gere\u011fini bu s\u00f6zlerle ortaya koyan Mithat Sancar, kitab\u0131nda  Ge\u00e7mi\u015fle Hesapla\u015fma n\u0131n teorik sorunlar\u0131n\u0131 ve somut deneyimlerini inceliyor. Haf\u0131zan\u0131n ve hat\u0131rlaman\u0131n farkl\u0131 bi\u00e7imlerini kavramla\u015ft\u0131r\u0131yor, ge\u00e7mi\u015fle hesapla\u015fman\u0131n evrensel bir toplumsal-politik ve etik ihtiya\u00e7 olarak idrak edildi\u011fi konjonkt\u00fcr\u00fc yorumluyor; Avrupa Birli\u011fi projesi i\u00e7indeki kilit \u00f6nemine dikkat \u00e7ekerek. Ge\u00e7mi\u015fle hesapla\u015fman\u0131n yollar\u0131 ve ara\u00e7lar\u0131 neler olabilir?  Hakikat leri kamu \u00f6n\u00fcnde ortaya serme, \u00f6z\u00fcr dileme, yarg\u0131lama, ceza, anma, tazminat? Sancar, Avrupa, Latin Amerika ve G\u00fcney Afrika\u2019daki somut deneyimlerin ayr\u0131nt\u0131l\u0131 bir analizi \u00e7er\u00e7evesinde, bu y\u00f6ntemlerin imk\u00e2nlar\u0131n\u0131 ve zorluklar\u0131n\u0131 tart\u0131\u015f\u0131yor. Ge\u00e7mi\u015fle hesapla\u015fman\u0131n,  uygarl\u0131k s\u00fcreci nin bir u\u011fra\u011f\u0131 oldu\u011funu d\u00fc\u015f\u00fcnd\u00fcren bir kitap. <\/p>\n","protected":false},"excerpt":{"rendered":"<p>Her insan\u0131n ve her toplumun bir ge\u00e7mi\u015fi vard\u0131r; bunun yan\u0131nda bir de ge\u00e7mi\u015fle bir ili\u015fkisi. Bireyler ve toplumlar ya ge\u00e7mi\u015flerini hesaba katarak onunla ili\u015fkilerini kar\u015f\u0131l\u0131kl\u0131 etkile\u015fim<span class=\"excerpt-hellip\"> [\u2026]<\/span><\/p>\n","protected":false},"featured_media":0,"template":"","meta":{"_monsterinsights_skip_tracking":false,"_monsterinsights_sitenote_active":false,"_monsterinsights_sitenote_note":"","_monsterinsights_sitenote_category":0},"product_brand":[],"product_cat":[12312,12304],"product_tag":[],"class_list":{"0":"post-689049","1":"product","2":"type-product","3":"status-publish","5":"product_cat-diger","6":"product_cat-tarih","7":"pa_cilt-ciltsiz","8":"pa_tur-kitap","9":"pa_yayinevi-iletisim-yayinlari","10":"pa_yazar-mithat-sancar","12":"first","13":"instock","14":"sale","15":"shipping-taxable","16":"purchasable","17":"product-type-simple"},"_links":{"self":[{"href":"https:\/\/roveyayinevi.com.tr\/index.php\/wp-json\/wp\/v2\/product\/689049","targetHints":{"allow":["GET"]}}],"collection":[{"href":"https:\/\/roveyayinevi.com.tr\/index.php\/wp-json\/wp\/v2\/product"}],"about":[{"href":"https:\/\/roveyayinevi.com.tr\/index.php\/wp-json\/wp\/v2\/types\/product"}],"wp:attachment":[{"href":"https:\/\/roveyayinevi.com.tr\/index.php\/wp-json\/wp\/v2\/media?parent=689049"}],"wp:term":[{"taxonomy":"product_brand","embeddable":true,"href":"https:\/\/roveyayinevi.com.tr\/index.php\/wp-json\/wp\/v2\/product_brand?post=689049"},{"taxonomy":"product_cat","embeddable":true,"href":"https:\/\/roveyayinevi.com.tr\/index.php\/wp-json\/wp\/v2\/product_cat?post=689049"},{"taxonomy":"product_tag","embeddable":true,"href":"https:\/\/roveyayinevi.com.tr\/index.php\/wp-json\/wp\/v2\/product_tag?post=689049"}],"curies":[{"name":"wp","href":"https:\/\/api.w.org\/{rel}","templated":true}]}}