{"id":689031,"date":"2025-08-27T13:08:59","date_gmt":"2025-08-27T10:08:59","guid":{"rendered":"https:\/\/roveyayinevi.com.tr\/index.php\/urun\/bir-adim-daha\/"},"modified":"2026-04-16T01:58:43","modified_gmt":"2026-04-15T22:58:43","slug":"bir-adim-daha","status":"publish","type":"product","link":"https:\/\/roveyayinevi.com.tr\/index.php\/urun\/bir-adim-daha\/","title":{"rendered":"Bir Ad\u0131m Daha"},"content":{"rendered":"<p>Yar\u0131n\u0131n ger\u00e7e\u011fine ad\u0131m ad\u0131m y\u00fcr\u00fcrken cesaret i\u015fe yarar m\u0131?..Kesi\u015fmi\u015f \u00fc\u00e7 gen\u00e7 hayat, birbirinden ba\u011f\u0131ms\u0131z \u00fc\u00e7 m\u00fccadele\u2026 Ger\u00e7e\u011fe yakla\u015fmak i\u00e7in \u00f6nce sevdiklerinden uzakla\u015fanlar bu mesafeyi tekrar katedebilir mi?.. Pek \u00e7ok \u00f6d\u00fcle de\u011fer g\u00f6r\u00fclm\u00fc\u015f \u0130rlandal\u0131 yazar Mark O\u2019Sullivan bu soruya yan\u0131t ararken, \u00fc\u00e7 gencin farkl\u0131 sorunlardan \u00e7\u0131k\u0131\u015f aray\u0131\u015flar\u0131n\u0131 anlat\u0131yor. K\u00f6ken, aile ve s\u0131n\u0131fsall\u0131\u011f\u0131n ne kadar\u0131n\u0131n belirleyici, ne kadar\u0131n\u0131n ise yan\u0131lg\u0131 oldu\u011fu \u00fczerine etkileyici roman, 1998 Uluslararas\u0131 Gen\u00e7 K\u00fct\u00fcphaneciler Birli\u011fi Beyaz Karga \u00d6d\u00fcl\u00fc\u2019n\u00fcn de sahibi.Ailem kim ki ben..? Kim olup, neye karar verdi\u011fim neden sizin i\u00e7in..? Ya sizin cevaplar\u0131n\u0131z beni ni\u00e7in..? Nance, OD ve Seanie\u2019nin kurulamayan c\u00fcmleleri, ifade bulamayan kayg\u0131lar\u0131\u2026 Bir nedenle s\u00f6yledi\u011fimiz yalanlar ya da sustuk\u00e7a buharla\u015faca\u011f\u0131n\u0131 umdu\u011fumuz ger\u00e7ekler. Hepsi de doluluktan her an patlayacak birer bavul, ta\u015f\u0131mas\u0131 g\u00fc\u00e7 birer y\u00fck gibi. Oysa ne yalan\u0131n beyaz\u0131 sand\u0131\u011f\u0131m\u0131z kadar \u00f6rt\u00fcc\u00fc, ne de sessizli\u011fin k\u0131vam\u0131 yeterince yo\u011fun. Sanarak, tahmin ederek, bir ba\u015f\u0131na d\u00fc\u015f\u00fcn\u00fcp emin olarak dokundu\u011fumuzu sand\u0131\u011f\u0131m\u0131z hakikate ula\u015fmaksa, tek bir yolla m\u00fcmk\u00fcn: Ona do\u011fru at\u0131lacak bir ad\u0131mla. Bir ad\u0131m daha ve belki bir ad\u0131m daha\u2026<\/p>\n","protected":false},"excerpt":{"rendered":"<p>Yar\u0131n\u0131n ger\u00e7e\u011fine ad\u0131m ad\u0131m y\u00fcr\u00fcrken cesaret i\u015fe yarar m\u0131?..Kesi\u015fmi\u015f \u00fc\u00e7 gen\u00e7 hayat, birbirinden ba\u011f\u0131ms\u0131z \u00fc\u00e7 m\u00fccadele\u2026 Ger\u00e7e\u011fe yakla\u015fmak i\u00e7in \u00f6nce sevdiklerinden uzakla\u015fanlar bu mesafeyi tekrar katedebilir<span class=\"excerpt-hellip\"> [\u2026]<\/span><\/p>\n","protected":false},"featured_media":0,"template":"","meta":{"_monsterinsights_skip_tracking":false,"_monsterinsights_sitenote_active":false,"_monsterinsights_sitenote_note":"","_monsterinsights_sitenote_category":0},"product_brand":[],"product_cat":[12291,12866],"product_tag":[],"class_list":{"0":"post-689031","1":"product","2":"type-product","3":"status-publish","5":"product_cat-edebiyat","6":"product_cat-ingiliz-edebiyati","7":"pa_cilt-ciltsiz","8":"pa_tur-kitap","9":"pa_yayinevi-on8-kitap","10":"pa_yazar-mark-osullivan","12":"first","13":"instock","14":"sale","15":"shipping-taxable","16":"purchasable","17":"product-type-simple"},"_links":{"self":[{"href":"https:\/\/roveyayinevi.com.tr\/index.php\/wp-json\/wp\/v2\/product\/689031","targetHints":{"allow":["GET"]}}],"collection":[{"href":"https:\/\/roveyayinevi.com.tr\/index.php\/wp-json\/wp\/v2\/product"}],"about":[{"href":"https:\/\/roveyayinevi.com.tr\/index.php\/wp-json\/wp\/v2\/types\/product"}],"wp:attachment":[{"href":"https:\/\/roveyayinevi.com.tr\/index.php\/wp-json\/wp\/v2\/media?parent=689031"}],"wp:term":[{"taxonomy":"product_brand","embeddable":true,"href":"https:\/\/roveyayinevi.com.tr\/index.php\/wp-json\/wp\/v2\/product_brand?post=689031"},{"taxonomy":"product_cat","embeddable":true,"href":"https:\/\/roveyayinevi.com.tr\/index.php\/wp-json\/wp\/v2\/product_cat?post=689031"},{"taxonomy":"product_tag","embeddable":true,"href":"https:\/\/roveyayinevi.com.tr\/index.php\/wp-json\/wp\/v2\/product_tag?post=689031"}],"curies":[{"name":"wp","href":"https:\/\/api.w.org\/{rel}","templated":true}]}}