{"id":689028,"date":"2025-08-27T13:08:59","date_gmt":"2025-08-27T10:08:59","guid":{"rendered":"https:\/\/roveyayinevi.com.tr\/index.php\/urun\/bediuzzaman-said-nursi-olayi-modern-turkiyede-din-ve-toplumsal-degisim\/"},"modified":"2026-01-28T01:59:18","modified_gmt":"2026-01-27T22:59:18","slug":"bediuzzaman-said-nursi-olayi-modern-turkiyede-din-ve-toplumsal-degisim","status":"publish","type":"product","link":"https:\/\/roveyayinevi.com.tr\/index.php\/urun\/bediuzzaman-said-nursi-olayi-modern-turkiyede-din-ve-toplumsal-degisim\/","title":{"rendered":"Bedi\u00fczzaman Said Nursi Olay\u0131: Modern T\u00fcrkiye&#8217;de Din ve Toplumsal De\u011fi\u015fim"},"content":{"rendered":"<p>Yazar\u0131n\u0131n \u201cmodern T\u00fcrkiye\u2019de din ve toplumun kayna\u015ft\u0131\u011f\u0131 yollar\u0131 kavrama y\u00f6n\u00fcnde bir \u00f6n \u00e7al\u0131\u015fmad\u0131r\u201d diye niteledi\u011fi kitapta, M\u00fcsl\u00fcman d\u00fc\u015f\u00fcn\u00fcr Said Nursi\u2019nin hayat\u0131, T\u00fcrkiye toplumunun din, ideoloji, bilin\u00e7 sorunlar\u0131 ve modernizm olgusu ele al\u0131n\u0131yor. Bedi\u00fczzaman\u2019\u0131n, \u00f6zellikle reformlar\u0131n yabanc\u0131 k\u00fclt\u00fcrlerle birlikte g\u00fcndelik hayat\u0131-m\u0131za girip yerle\u015fik usulleri-mizi zorlayan prati\u011fine kar\u015f\u0131 m\u00fccadelesi inceleniyor.<\/p>\n","protected":false},"excerpt":{"rendered":"<p>Yazar\u0131n\u0131n \u201cmodern T\u00fcrkiye\u2019de din ve toplumun kayna\u015ft\u0131\u011f\u0131 yollar\u0131 kavrama y\u00f6n\u00fcnde bir \u00f6n \u00e7al\u0131\u015fmad\u0131r\u201d diye niteledi\u011fi kitapta, M\u00fcsl\u00fcman d\u00fc\u015f\u00fcn\u00fcr Said Nursi\u2019nin hayat\u0131, T\u00fcrkiye toplumunun din, ideoloji, bilin\u00e7<span class=\"excerpt-hellip\"> [\u2026]<\/span><\/p>\n","protected":false},"featured_media":0,"template":"","meta":{"_monsterinsights_skip_tracking":false,"_monsterinsights_sitenote_active":false,"_monsterinsights_sitenote_note":"","_monsterinsights_sitenote_category":0},"product_brand":[],"product_cat":[13517,12304],"product_tag":[],"class_list":{"0":"post-689028","1":"product","2":"type-product","3":"status-publish","5":"product_cat-osmanli-tarihi","6":"product_cat-tarih","7":"pa_cilt-ciltsiz","8":"pa_tur-kitap","9":"pa_yayinevi-iletisim-yayinlari","10":"pa_yazar-serif-mardin","12":"first","13":"instock","14":"sale","15":"shipping-taxable","16":"purchasable","17":"product-type-simple"},"_links":{"self":[{"href":"https:\/\/roveyayinevi.com.tr\/index.php\/wp-json\/wp\/v2\/product\/689028","targetHints":{"allow":["GET"]}}],"collection":[{"href":"https:\/\/roveyayinevi.com.tr\/index.php\/wp-json\/wp\/v2\/product"}],"about":[{"href":"https:\/\/roveyayinevi.com.tr\/index.php\/wp-json\/wp\/v2\/types\/product"}],"wp:attachment":[{"href":"https:\/\/roveyayinevi.com.tr\/index.php\/wp-json\/wp\/v2\/media?parent=689028"}],"wp:term":[{"taxonomy":"product_brand","embeddable":true,"href":"https:\/\/roveyayinevi.com.tr\/index.php\/wp-json\/wp\/v2\/product_brand?post=689028"},{"taxonomy":"product_cat","embeddable":true,"href":"https:\/\/roveyayinevi.com.tr\/index.php\/wp-json\/wp\/v2\/product_cat?post=689028"},{"taxonomy":"product_tag","embeddable":true,"href":"https:\/\/roveyayinevi.com.tr\/index.php\/wp-json\/wp\/v2\/product_tag?post=689028"}],"curies":[{"name":"wp","href":"https:\/\/api.w.org\/{rel}","templated":true}]}}

Bediüzzaman Said Nursi Olayı: Modern Türkiye&#8217;de Din ve Toplumsal Değişim

<p>Yazarının “modern Türkiye’de din ve toplumun kaynaştığı yolları kavrama yönünde bir ön çalışmadır” diye nitelediği kitapta, Müslüman düşünür Said Nursi’nin hayatı, Türkiye toplumunun din, ideoloji, bilinç sorunları ve modernizm olgusu ele alınıyor. Bediüzzaman’ın, özellikle reformların yabancı kültürlerle birlikte gündelik hayatı-mıza girip yerleşik usulleri-mizi zorlayan pratiğine karşı mücadelesi inceleniyor.</p>

<p>Yazarının “modern Türkiye’de din ve toplumun kaynaştığı yolları kavrama yönünde bir ön çalışmadır” diye nitelediği kitapta, Müslüman düşünür Said Nursi’nin hayatı, Türkiye toplumunun din, ideoloji, bilinç<span class="excerpt-hellip"> […]</span></p>
