{"id":689027,"date":"2025-08-27T13:08:58","date_gmt":"2025-08-27T10:08:58","guid":{"rendered":"https:\/\/roveyayinevi.com.tr\/index.php\/urun\/baska-kentler-baska-denizler-3\/"},"modified":"2026-04-16T01:58:43","modified_gmt":"2026-04-15T22:58:43","slug":"baska-kentler-baska-denizler-3","status":"publish","type":"product","link":"https:\/\/roveyayinevi.com.tr\/index.php\/urun\/baska-kentler-baska-denizler-3\/","title":{"rendered":"Ba\u015fka Kentler, Ba\u015fka Denizler 3"},"content":{"rendered":"<p>Murat Belge, Ba\u015fka Kentler, Ba\u015fka Denizler\u2019in 3. cildinde okuyucusuyla birlikte \u00e7\u0131kt\u0131\u011f\u0131 seyahate kald\u0131\u011f\u0131 yerden devam ediyor. \u00d6nceki ciltlerde oldu\u011fu gibi bu ciltte de d\u00fcnyan\u0131n d\u00f6rt bir yan\u0131na yapt\u0131\u011f\u0131 seyahatlerden arda kalanlar\u0131, ayn\u0131 ho\u015fsohbet \u00fcslubu ve incelikli kalemi arac\u0131l\u0131\u011f\u0131yla payla\u015f\u0131yor; bir yandan anlat\u0131yor, bir yandan gezdiriyor. Bu seyahatlerin ilk ba\u015flad\u0131\u011f\u0131 dura\u011fa, Hollanda\u2019ya u\u011frad\u0131ktan sonra bu cildin   ba\u015frol   payesinin tart\u0131\u015fmas\u0131z sahibi \u0130talya\u2019ya se\u011firtiyor.   Seyyah  \u0131n dedi\u011fi gibi:   neresine gidersen git, kendini g\u00fczel ve ilgin\u00e7, ayr\u0131ca da s\u0131cak ve sevimli bir yerde   bulabilece\u011fin cinsten bir memleket. Rotam\u0131z   Eski K\u0131ta  dan devam ediyor, \u00f6nce Almanya, ard\u0131ndan Danimarka ve Avusturya, \u00e7ok\u00e7a Graz. D\u00f6n\u00fc\u015fte Balkanlar\u2019\u0131 da bo\u015f ge\u00e7miyor,   eski Yugoslavya topraklar\u0131  n\u0131 ke\u015ffe \u00e7\u0131k\u0131yoruz. <\/p>\n","protected":false},"excerpt":{"rendered":"<p>Murat Belge, Ba\u015fka Kentler, Ba\u015fka Denizler\u2019in 3. cildinde okuyucusuyla birlikte \u00e7\u0131kt\u0131\u011f\u0131 seyahate kald\u0131\u011f\u0131 yerden devam ediyor. \u00d6nceki ciltlerde oldu\u011fu gibi bu ciltte de d\u00fcnyan\u0131n d\u00f6rt bir<span class=\"excerpt-hellip\"> [\u2026]<\/span><\/p>\n","protected":false},"featured_media":0,"template":"","meta":{"_monsterinsights_skip_tracking":false,"_monsterinsights_sitenote_active":false,"_monsterinsights_sitenote_note":"","_monsterinsights_sitenote_category":0},"product_brand":[],"product_cat":[12312,12304],"product_tag":[],"class_list":{"0":"post-689027","1":"product","2":"type-product","3":"status-publish","5":"product_cat-diger","6":"product_cat-tarih","7":"pa_cilt-ciltsiz","8":"pa_tur-kitap","9":"pa_yayinevi-iletisim-yayinlari","10":"pa_yazar-murat-belge","12":"first","13":"instock","14":"sale","15":"shipping-taxable","16":"purchasable","17":"product-type-simple"},"_links":{"self":[{"href":"https:\/\/roveyayinevi.com.tr\/index.php\/wp-json\/wp\/v2\/product\/689027","targetHints":{"allow":["GET"]}}],"collection":[{"href":"https:\/\/roveyayinevi.com.tr\/index.php\/wp-json\/wp\/v2\/product"}],"about":[{"href":"https:\/\/roveyayinevi.com.tr\/index.php\/wp-json\/wp\/v2\/types\/product"}],"wp:attachment":[{"href":"https:\/\/roveyayinevi.com.tr\/index.php\/wp-json\/wp\/v2\/media?parent=689027"}],"wp:term":[{"taxonomy":"product_brand","embeddable":true,"href":"https:\/\/roveyayinevi.com.tr\/index.php\/wp-json\/wp\/v2\/product_brand?post=689027"},{"taxonomy":"product_cat","embeddable":true,"href":"https:\/\/roveyayinevi.com.tr\/index.php\/wp-json\/wp\/v2\/product_cat?post=689027"},{"taxonomy":"product_tag","embeddable":true,"href":"https:\/\/roveyayinevi.com.tr\/index.php\/wp-json\/wp\/v2\/product_tag?post=689027"}],"curies":[{"name":"wp","href":"https:\/\/api.w.org\/{rel}","templated":true}]}}