{"id":688999,"date":"2025-08-27T13:08:54","date_gmt":"2025-08-27T10:08:54","guid":{"rendered":"https:\/\/roveyayinevi.com.tr\/index.php\/urun\/yetiskinler-ejderhalardan-neden-korkar\/"},"modified":"2026-04-16T01:58:43","modified_gmt":"2026-04-15T22:58:43","slug":"yetiskinler-ejderhalardan-neden-korkar","status":"publish","type":"product","link":"https:\/\/roveyayinevi.com.tr\/index.php\/urun\/yetiskinler-ejderhalardan-neden-korkar\/","title":{"rendered":"Yeti\u015fkinler Ejderhalardan Neden Korkar?"},"content":{"rendered":"<p>Edebiyat gen\u00e7lere denemelerle g\u00f6z k\u0131rp\u0131yor, denemeler gen\u00e7leri ustalarla tan\u0131\u015ft\u0131r\u0131yor! Haz\u0131rlad\u0131\u011f\u0131 edebiyat se\u00e7kileriyle tan\u0131nan akademisyen, yazar \u0130shak Reyna, bu kez T\u00fcrk ve d\u00fcnya edebiyat\u0131ndan deneme yaz\u0131lar\u0131n\u0131 gen\u00e7ler i\u00e7in \u00f6zenle se\u00e7ti. Birbirinden etkileyici 30 deneme yaz\u0131s\u0131ndan olu\u015fan se\u00e7kinin amac\u0131, gen\u00e7leri edebiyat\u0131n bu yenilik\u00e7i t\u00fcr\u00fcyle yak\u0131nla\u015ft\u0131rmak. Daha \u00f6nce haz\u0131rlad\u0131\u011f\u0131 Dikkat! K\u0131r\u0131lacak E\u015fya ve Ay&#8217;\u0131 Boyamak adl\u0131 \u00f6yk\u00fc derlemeleriyle dikkati \u00e7eken G\u00fcn\u0131\u015f\u0131\u011f\u0131 Kitapl\u0131\u011f\u0131, bu kez T\u00fcrk edebiyat\u0131ndan 15, d\u00fcnya edebiyat\u0131ndan 15 usta yazar\u0131n kaleme ald\u0131\u011f\u0131 deneme yaz\u0131lar\u0131yla, gen\u00e7 okuru unutulmaz bir d\u00fc\u015f\u00fcnce d\u00fcnyas\u0131nda dola\u015ft\u0131r\u0131yor. Gen\u00e7likteki zorluklardan a\u015fka, futboldan sanata, mizahtan siyasete uzanan denemeler, okurun d\u00fc\u015f\u00fcncelerini de hayal g\u00fcc\u00fcn\u00fc de harekete ge\u00e7iriyor. Kitapta yer alan yazarlar; \u0130\u00e7 Hatlar: Bilge Karasu, \u00c7etin Altan, Fatih \u00d6zg\u00fcven, Ferit Edg\u00fc, Haldun Taner, Melih Cevdet Anday, Memet Fuat, Murathan Mungan, Nermi Uygur, Nurullah Ata\u00e7, Onat Kutlar, Oru\u00e7 Aruoba, Perihan Ma\u011fden, Sabahattin Ey\u00fcbo\u011flu, Selim \u0130leri. D\u0131\u015f Hatlar: Albert Camus, Eduardo Galeano, Francis Bacon, Friedrich Nietzsche, Hermann Hesse, John Berger, Jonathan Swift, Juan Goytisolo, Michel de Montaigne, Nick Hornby, Rainer Maria Rilke, Rolan Barthes, Umberto Eco, Ursula K. LeGuin, Virginia Woolf. \u0130shak Reyna&#8217;n\u0131n &#8220;Merhaba&#8221; ba\u015fl\u0131kl\u0131 giri\u015f yaz\u0131s\u0131ndan: &#8220;Ku\u015fkusuz, ne ya\u015fad\u0131\u011f\u0131m\u0131z co\u011frafyadaki, hele ne de d\u00fcnya \u00fczerindeki deneme yolculuklar\u0131, tadlar\u0131 buradakiler kadar. Elindeki kitap, bir t\u00fcr &#8220;a\u00e7\u0131l\u0131\u015f partisi&#8221;. Dolay\u0131s\u0131yla, bu partinin \u015feref konu\u011fu olarak, burada tan\u0131\u015ft\u0131klar\u0131nla ilgili izlenimlerine de, okur ya da yazar, denemede bundan sonras\u0131nda \u00e7\u0131kaca\u011f\u0131n yeni yolculuklara da elbette sen karar vereceksin\u2026 Yolun a\u00e7\u0131k ve \u00e7e\u015fitli olsun\u2026&#8221; <\/p>\n","protected":false},"excerpt":{"rendered":"<p>Edebiyat gen\u00e7lere denemelerle g\u00f6z k\u0131rp\u0131yor, denemeler gen\u00e7leri ustalarla tan\u0131\u015ft\u0131r\u0131yor! Haz\u0131rlad\u0131\u011f\u0131 edebiyat se\u00e7kileriyle tan\u0131nan akademisyen, yazar \u0130shak Reyna, bu kez T\u00fcrk ve d\u00fcnya edebiyat\u0131ndan deneme yaz\u0131lar\u0131n\u0131 gen\u00e7ler<span class=\"excerpt-hellip\"> [\u2026]<\/span><\/p>\n","protected":false},"featured_media":0,"template":"","meta":{"_monsterinsights_skip_tracking":false,"_monsterinsights_sitenote_active":false,"_monsterinsights_sitenote_note":"","_monsterinsights_sitenote_category":0},"product_brand":[],"product_cat":[12777,12291],"product_tag":[],"class_list":{"0":"post-688999","1":"product","2":"type-product","3":"status-publish","5":"product_cat-deneme","6":"product_cat-edebiyat","7":"pa_cilt-ciltsiz","8":"pa_tur-kitap","9":"pa_yayinevi-gunisigi-kitapligi","10":"pa_yazar-ishak-reyna","12":"first","13":"instock","14":"sale","15":"shipping-taxable","16":"purchasable","17":"product-type-simple"},"_links":{"self":[{"href":"https:\/\/roveyayinevi.com.tr\/index.php\/wp-json\/wp\/v2\/product\/688999","targetHints":{"allow":["GET"]}}],"collection":[{"href":"https:\/\/roveyayinevi.com.tr\/index.php\/wp-json\/wp\/v2\/product"}],"about":[{"href":"https:\/\/roveyayinevi.com.tr\/index.php\/wp-json\/wp\/v2\/types\/product"}],"wp:attachment":[{"href":"https:\/\/roveyayinevi.com.tr\/index.php\/wp-json\/wp\/v2\/media?parent=688999"}],"wp:term":[{"taxonomy":"product_brand","embeddable":true,"href":"https:\/\/roveyayinevi.com.tr\/index.php\/wp-json\/wp\/v2\/product_brand?post=688999"},{"taxonomy":"product_cat","embeddable":true,"href":"https:\/\/roveyayinevi.com.tr\/index.php\/wp-json\/wp\/v2\/product_cat?post=688999"},{"taxonomy":"product_tag","embeddable":true,"href":"https:\/\/roveyayinevi.com.tr\/index.php\/wp-json\/wp\/v2\/product_tag?post=688999"}],"curies":[{"name":"wp","href":"https:\/\/api.w.org\/{rel}","templated":true}]}}