{"id":688995,"date":"2025-08-27T13:08:53","date_gmt":"2025-08-27T10:08:53","guid":{"rendered":"https:\/\/roveyayinevi.com.tr\/index.php\/urun\/beter-ikizler-kasabanin-altinda\/"},"modified":"2026-04-16T01:58:43","modified_gmt":"2026-04-15T22:58:43","slug":"beter-ikizler-kasabanin-altinda","status":"publish","type":"product","link":"https:\/\/roveyayinevi.com.tr\/index.php\/urun\/beter-ikizler-kasabanin-altinda\/","title":{"rendered":"Beter \u0130kizler &#8211; Kasaban\u0131n Alt\u0131nda"},"content":{"rendered":"<p>Bir kasaban\u0131n alt\u0131nda ne olabilir? Sa\u00e7ma planlar, garip t\u00fcneller ve yine Beter \u0130kizler!Pek \u00e7ok \u00fclkede keyifle takip edilen \u201cBeter \u0130kizler\u201d dizisinin ak\u0131l almaz ve garip maceralar\u0131 \u00fc\u00e7\u00fcnc\u00fc kitapla devam ediyor. Koca bir kasabay\u0131 can\u0131ndan bezdiren, biri k\u0131z biri o\u011flan \u201chaylaz\u201d ikizler Edgar ve Ellen bu kez kasaban\u0131n alt\u0131nda hi\u00e7 ummad\u0131klar\u0131 bir ke\u015fif yap\u0131yor. Karakterleri ba\u015far\u0131yla canland\u0131ran etkileyici siyah-beyaz resimlerle bezeli dizi, mizah g\u00fcc\u00fc, yetkin \u00e7evirisi ve zengin s\u00f6zc\u00fck da\u011farc\u0131\u011f\u0131yla \u00e7ocuklara farkl\u0131 bir kitap okuma keyfi sunuyor. \u0130kizlerin zekice \u015fakalar\u0131 ve haylazl\u0131klar\u0131 o denli inan\u0131lmaz ve sa\u00e7ma ki, k\u00fc\u00e7\u00fck okurlar onlar\u0131n planlar\u0131n\u0131n nas\u0131l ba\u015far\u0131s\u0131zl\u0131\u011fa u\u011frad\u0131\u011f\u0131n\u0131 g\u00f6rmek i\u00e7in can at\u0131yorlar.Nod Kasabas\u0131 sakinlerine d\u00fcnyay\u0131 dar eden ve \u00e7ok sevdikleri \u00e7\u00f6pl\u00fck alan\u0131 \u201cZ\u0131mb\u0131rt\u0131 Mezarl\u0131\u011f\u0131\u201dn\u0131n yerine otel yap\u0131lmas\u0131n\u0131 bir t\u00fcrl\u00fc engelleyemeyen Beter \u0130kizler, birinin daha bu in\u015faat\u0131 sabote etmeye \u00e7al\u0131\u015ft\u0131\u011f\u0131n\u0131 fark ederler. \u00dcstelik bu gizemli ki\u015fi onlar\u0131n planlar\u0131n\u0131 \u00e7al\u0131p, onlardan \u00f6nce uygulamakta, kasabay\u0131 onlardan \u00f6nce birbirine katmaktad\u0131r. Kasaban\u0131n alt\u0131ndaki eski kanalizasyon t\u00fcnellerinde iz s\u00fcren karde\u015fler hi\u00e7 ummad\u0131klar\u0131 bir ke\u015fif yaparlar. Nod Kasabas\u0131 bir kez daha \u015fiddetle \u201csars\u0131lacakt\u0131r\u201d!..<\/p>\n","protected":false},"excerpt":{"rendered":"<p>Bir kasaban\u0131n alt\u0131nda ne olabilir? Sa\u00e7ma planlar, garip t\u00fcneller ve yine Beter \u0130kizler!Pek \u00e7ok \u00fclkede keyifle takip edilen \u201cBeter \u0130kizler\u201d dizisinin ak\u0131l almaz ve garip maceralar\u0131<span class=\"excerpt-hellip\"> [\u2026]<\/span><\/p>\n","protected":false},"featured_media":0,"template":"","meta":{"_monsterinsights_skip_tracking":false,"_monsterinsights_sitenote_active":false,"_monsterinsights_sitenote_note":"","_monsterinsights_sitenote_category":0},"product_brand":[],"product_cat":[12274,12284],"product_tag":[],"class_list":{"0":"post-688995","1":"product","2":"type-product","3":"status-publish","5":"product_cat-cocuk-ve-genclik-kitaplari","6":"product_cat-hikayeler","7":"pa_cilt-ciltsiz","8":"pa_tur-kitap","9":"pa_yayinevi-gunisigi-kitapligi","10":"pa_yazar-charles-ogden","12":"first","13":"instock","14":"sale","15":"shipping-taxable","16":"purchasable","17":"product-type-simple"},"_links":{"self":[{"href":"https:\/\/roveyayinevi.com.tr\/index.php\/wp-json\/wp\/v2\/product\/688995","targetHints":{"allow":["GET"]}}],"collection":[{"href":"https:\/\/roveyayinevi.com.tr\/index.php\/wp-json\/wp\/v2\/product"}],"about":[{"href":"https:\/\/roveyayinevi.com.tr\/index.php\/wp-json\/wp\/v2\/types\/product"}],"wp:attachment":[{"href":"https:\/\/roveyayinevi.com.tr\/index.php\/wp-json\/wp\/v2\/media?parent=688995"}],"wp:term":[{"taxonomy":"product_brand","embeddable":true,"href":"https:\/\/roveyayinevi.com.tr\/index.php\/wp-json\/wp\/v2\/product_brand?post=688995"},{"taxonomy":"product_cat","embeddable":true,"href":"https:\/\/roveyayinevi.com.tr\/index.php\/wp-json\/wp\/v2\/product_cat?post=688995"},{"taxonomy":"product_tag","embeddable":true,"href":"https:\/\/roveyayinevi.com.tr\/index.php\/wp-json\/wp\/v2\/product_tag?post=688995"}],"curies":[{"name":"wp","href":"https:\/\/api.w.org\/{rel}","templated":true}]}}