{"id":688982,"date":"2025-08-27T13:08:51","date_gmt":"2025-08-27T10:08:51","guid":{"rendered":"https:\/\/roveyayinevi.com.tr\/index.php\/urun\/diyet\/"},"modified":"2026-02-03T02:00:12","modified_gmt":"2026-02-02T23:00:12","slug":"diyet","status":"publish","type":"product","link":"https:\/\/roveyayinevi.com.tr\/index.php\/urun\/diyet\/","title":{"rendered":"Diyet"},"content":{"rendered":"<p>Koca Ali, uzun boylu, iri pen\u00e7eli, kal\u0131n paz\u0131l\u0131, geni\u015f omuzluydu. T\u0131pk\u0131 bir pehlivan gibiydi. Dar bir kap\u0131s\u0131ndan ba\u015fka ayd\u0131nl\u0131k girecek hi\u00e7bir yeri olmayan d\u00fckk\u00e2n\u0131nda, tek ba\u015f\u0131na, gece g\u00fcnd\u00fcz k\u0131v\u0131lc\u0131mlar sa\u00e7arak \u00e7al\u0131\u015f\u0131rd\u0131. O bir demirci ustas\u0131yd\u0131. Yeni\u00e7eriler bile sadece onun damgas\u0131n\u0131 ta\u015f\u0131yan kamalar\u0131, b\u00fcy\u00fck k\u0131l\u0131\u00e7lar\u0131 tercih ederlerdi. Kimseyle ili\u015fkisi olmayan, nereden geldi\u011fi bilinmeyen esrarengiz biriydi. Bir g\u00fcn \u015fehirde h\u0131rs\u0131zl\u0131k olur. Bununla alakal\u0131 ipu\u00e7lar\u0131, Koca Ali\u2019nin d\u00fckk\u00e2n\u0131ndan \u00e7\u0131kar. Koca Ali, kendini savunamaz ve su\u00e7lu kabul edilir. Ve diyeti gere\u011fi kolunun kesilmesine karar verilir. Ayn\u0131 kitapta \u2018B\u00fcy\u00fcc\u00fc, Ba\u015f\u0131n\u0131 Vermeyen \u015eehit,ka\u00e7 Yerinden\u2019 adl\u0131 \u00f6yk\u00fcler de yer almaktad\u0131r. \ufffc<\/p>\n","protected":false},"excerpt":{"rendered":"<p>Koca Ali, uzun boylu, iri pen\u00e7eli, kal\u0131n paz\u0131l\u0131, geni\u015f omuzluydu. T\u0131pk\u0131 bir pehlivan gibiydi. Dar bir kap\u0131s\u0131ndan ba\u015fka ayd\u0131nl\u0131k girecek hi\u00e7bir yeri olmayan d\u00fckk\u00e2n\u0131nda, tek ba\u015f\u0131na,<span class=\"excerpt-hellip\"> [\u2026]<\/span><\/p>\n","protected":false},"featured_media":0,"template":"","meta":{"_monsterinsights_skip_tracking":false,"_monsterinsights_sitenote_active":false,"_monsterinsights_sitenote_note":"","_monsterinsights_sitenote_category":0},"product_brand":[],"product_cat":[12291,12292],"product_tag":[],"class_list":{"0":"post-688982","1":"product","2":"type-product","3":"status-publish","5":"product_cat-edebiyat","6":"product_cat-turk-edebiyati","7":"pa_cilt-ciltsiz","8":"pa_tur-kitap","9":"pa_yayinevi-timas-cocuk","10":"pa_yazar-omer-seyfettin","12":"first","13":"instock","14":"sale","15":"shipping-taxable","16":"purchasable","17":"product-type-simple"},"_links":{"self":[{"href":"https:\/\/roveyayinevi.com.tr\/index.php\/wp-json\/wp\/v2\/product\/688982","targetHints":{"allow":["GET"]}}],"collection":[{"href":"https:\/\/roveyayinevi.com.tr\/index.php\/wp-json\/wp\/v2\/product"}],"about":[{"href":"https:\/\/roveyayinevi.com.tr\/index.php\/wp-json\/wp\/v2\/types\/product"}],"wp:attachment":[{"href":"https:\/\/roveyayinevi.com.tr\/index.php\/wp-json\/wp\/v2\/media?parent=688982"}],"wp:term":[{"taxonomy":"product_brand","embeddable":true,"href":"https:\/\/roveyayinevi.com.tr\/index.php\/wp-json\/wp\/v2\/product_brand?post=688982"},{"taxonomy":"product_cat","embeddable":true,"href":"https:\/\/roveyayinevi.com.tr\/index.php\/wp-json\/wp\/v2\/product_cat?post=688982"},{"taxonomy":"product_tag","embeddable":true,"href":"https:\/\/roveyayinevi.com.tr\/index.php\/wp-json\/wp\/v2\/product_tag?post=688982"}],"curies":[{"name":"wp","href":"https:\/\/api.w.org\/{rel}","templated":true}]}}