{"id":688980,"date":"2025-08-27T13:08:51","date_gmt":"2025-08-27T10:08:51","guid":{"rendered":"https:\/\/roveyayinevi.com.tr\/index.php\/urun\/7den-70e-tas-devri-diyeti\/"},"modified":"2026-04-16T01:58:42","modified_gmt":"2026-04-15T22:58:42","slug":"7den-70e-tas-devri-diyeti","status":"publish","type":"product","link":"https:\/\/roveyayinevi.com.tr\/index.php\/urun\/7den-70e-tas-devri-diyeti\/","title":{"rendered":"7\u2019den 70\u2019e Ta\u015f Devri Diyeti"},"content":{"rendered":"<p>D\u00fcnyada hi\u00e7bir ger\u00e7ek sakl\u0131 kalmaz. \u00dcst\u00fc ne kadar \u00f6rt\u00fcl\u00fcrse \u00f6rt\u00fcls\u00fcn, halk\u0131n kolayca ula\u015fabilece\u011fi, ucuz ve basit tedavilerin kimi zaman servet harcanan pahal\u0131 ve karma\u015f\u0131k tedavilerden etkili olabildi\u011fi ger\u00e7e\u011fi gibi\u2026Hastal\u0131klar\u0131n \u00f6nlenmesi ve tedavisinde besin unsurlar\u0131n\u0131 kulland\u0131\u011f\u0131m Ta\u015f Devri Diyeti kitab\u0131m\u0131n g\u00f6rd\u00fc\u011f\u00fc b\u00fcy\u00fck ilgi art\u0131k \u201cstat\u00fckocu t\u0131p masallar\u0131\u201d yerine ger\u00e7ekleri duymak istedi\u011fimizi g\u00f6steriyor. Ne de olsa Ta\u015f Devri Diyeti&#8217;ni tabiat ana yazm\u0131\u015f, diyet diktat\u00f6rleri de\u011fil!Ben ak\u015fam ba\u015f\u0131m\u0131 yast\u0131\u011fa koydu\u011fumda huzurla uyuyabilmek i\u00e7in bilgimle ve vicdan\u0131mla elimden gelenin en iyisini yapmaya \u00e7al\u0131\u015ft\u0131m. Yeni konu ba\u015fl\u0131klar\u0131yla geni\u015fleterek yeniden kaleme ald\u0131\u011f\u0131m 7&#8217;den 70&#8217;e Ta\u015f Devri Diyeti kitab\u0131n\u0131n t\u0131p \u00f6\u011frencilerinden diyetisyenlere, hastalardan hekimlere bir\u00e7ok insan\u0131n ba\u015fvuru kayna\u011f\u0131 olmas\u0131n\u0131 umuyorum.T\u00fcm okurlar\u0131ma, hastalar\u0131na kitab\u0131m\u0131 tavsiye eden ve \u00f6nerileriyle kitab\u0131 zenginle\u015ftiren hekim arkada\u015flar\u0131ma ve deste\u011fini esirgemeyen bas\u0131n mensuplar\u0131na ne kadar te\u015fekk\u00fcr etsem az. 30 y\u0131l\u0131 a\u015fk\u0131n hekimlik hayat\u0131mda bana en g\u00fczel hediyeyi verdiniz\u2026Sa\u011fl\u0131cakla kal\u0131n.Prof. Dr. Ahmet Ayd\u0131n <\/p>\n","protected":false},"excerpt":{"rendered":"<p>D\u00fcnyada hi\u00e7bir ger\u00e7ek sakl\u0131 kalmaz. \u00dcst\u00fc ne kadar \u00f6rt\u00fcl\u00fcrse \u00f6rt\u00fcls\u00fcn, halk\u0131n kolayca ula\u015fabilece\u011fi, ucuz ve basit tedavilerin kimi zaman servet harcanan pahal\u0131 ve karma\u015f\u0131k tedavilerden etkili<span class=\"excerpt-hellip\"> [\u2026]<\/span><\/p>\n","protected":false},"featured_media":0,"template":"","meta":{"_monsterinsights_skip_tracking":false,"_monsterinsights_sitenote_active":false,"_monsterinsights_sitenote_note":"","_monsterinsights_sitenote_category":0},"product_brand":[],"product_cat":[13402,13365],"product_tag":[],"class_list":{"0":"post-688980","1":"product","2":"type-product","3":"status-publish","5":"product_cat-beslenme-ve-diyet","6":"product_cat-saglik","7":"pa_cilt-ciltsiz","8":"pa_tur-kitap","9":"pa_yayinevi-hayykitap","10":"pa_yazar-ahmet-aydin","12":"first","13":"instock","14":"sale","15":"shipping-taxable","16":"purchasable","17":"product-type-simple"},"_links":{"self":[{"href":"https:\/\/roveyayinevi.com.tr\/index.php\/wp-json\/wp\/v2\/product\/688980","targetHints":{"allow":["GET"]}}],"collection":[{"href":"https:\/\/roveyayinevi.com.tr\/index.php\/wp-json\/wp\/v2\/product"}],"about":[{"href":"https:\/\/roveyayinevi.com.tr\/index.php\/wp-json\/wp\/v2\/types\/product"}],"wp:attachment":[{"href":"https:\/\/roveyayinevi.com.tr\/index.php\/wp-json\/wp\/v2\/media?parent=688980"}],"wp:term":[{"taxonomy":"product_brand","embeddable":true,"href":"https:\/\/roveyayinevi.com.tr\/index.php\/wp-json\/wp\/v2\/product_brand?post=688980"},{"taxonomy":"product_cat","embeddable":true,"href":"https:\/\/roveyayinevi.com.tr\/index.php\/wp-json\/wp\/v2\/product_cat?post=688980"},{"taxonomy":"product_tag","embeddable":true,"href":"https:\/\/roveyayinevi.com.tr\/index.php\/wp-json\/wp\/v2\/product_tag?post=688980"}],"curies":[{"name":"wp","href":"https:\/\/api.w.org\/{rel}","templated":true}]}}