{"id":688964,"date":"2025-08-27T13:08:48","date_gmt":"2025-08-27T10:08:48","guid":{"rendered":"https:\/\/roveyayinevi.com.tr\/index.php\/urun\/bugun-adim-kaktus-benim\/"},"modified":"2026-04-08T01:58:17","modified_gmt":"2026-04-07T22:58:17","slug":"bugun-adim-kaktus-benim","status":"publish","type":"product","link":"https:\/\/roveyayinevi.com.tr\/index.php\/urun\/bugun-adim-kaktus-benim\/","title":{"rendered":"Bug\u00fcn Ad\u0131m Kakt\u00fcs Benim"},"content":{"rendered":"<p>\u00c7ocukluktan ergenli\u011fe ge\u00e7i\u015fin ba\u015f d\u00f6nd\u00fcr\u00fcc\u00fc de\u011fi\u015fimlerini anlatan e\u011flenceli bir roman.\u00d6d\u00fcll\u00fc yazar Hacer K\u0131lc\u0131o\u011flu, duygu ve mizah y\u00fckl\u00fc ilk \u00e7ocuk roman\u0131 Per\u015fembeleri \u00c7ok Severim\u2019in ard\u0131ndan bu kez bir k\u0131z\u0131n ergenli\u011fe ge\u00e7i\u015f sanc\u0131lar\u0131n\u0131 e\u011flenceli bir kurguyla anlat\u0131yor. \u00c7i\u00e7ek\u2019in kimi g\u00fcld\u00fcren, kimi \u015fa\u015f\u0131rtan \u00f6yk\u00fcs\u00fc; yazar\u0131n \u00f6zg\u00fcn \u00fcslubu, yarat\u0131c\u0131 anlat\u0131m\u0131 ve sesler \u00fczerine kurdu\u011fu dil oyunlar\u0131yla her \u00e7ocuk i\u00e7in keyifli bir okuma deneyimi sunuyor. Gen\u00e7lik kitaplar\u0131 ve an\u0131 romanlar\u0131yla her ya\u015ftan okurun be\u011fenisini kazanan K\u0131lc\u0131o\u011flu, \u00e7ocuklar i\u00e7in yazd\u0131\u011f\u0131 bu kitab\u0131nda sanattan kamp ya\u015fam\u0131na, kom\u015fuluktan \u00e7i\u00e7eklere pek \u00e7ok konuyu ustaca i\u015fliyor.Anne babas\u0131ndan \u201cHaydi \u00c7i\u00e7ek!\u201d s\u00f6zlerini duymaktan s\u0131k\u0131lan \u00c7i\u00e7ek, ad\u0131n\u0131 her g\u00fcn ruh haline g\u00f6re de\u011fi\u015ftirmeye karar verir. Bir g\u00fcn Papatya olur, ne\u015felidir; \u00f6b\u00fcr g\u00fcn Kakt\u00fcs olur, dikenlerini \u00e7\u0131kar\u0131r. Bir yandan yeni do\u011fan karde\u015finin m\u0131z\u0131lt\u0131s\u0131, \u00f6te yandan kankas\u0131yla birbirlerine k\u00fcsmeleri, \u00c7i\u00e7ek\u2019in keyfini ka\u00e7\u0131rm\u0131\u015ft\u0131r. Her g\u00fcn aynaya bak\u0131p, b\u00fcy\u00fcme i\u015fareti sayd\u0131\u011f\u0131 sivilcenin \u00e7\u0131k\u0131p \u00e7\u0131kmad\u0131\u011f\u0131n\u0131 g\u00f6zler. Yoksa, \u201cAbla olunca b\u00fcy\u00fcrs\u00fcn,\u201d diyenler yan\u0131l\u0131yor mudur?..<\/p>\n","protected":false},"excerpt":{"rendered":"<p>\u00c7ocukluktan ergenli\u011fe ge\u00e7i\u015fin ba\u015f d\u00f6nd\u00fcr\u00fcc\u00fc de\u011fi\u015fimlerini anlatan e\u011flenceli bir roman.\u00d6d\u00fcll\u00fc yazar Hacer K\u0131lc\u0131o\u011flu, duygu ve mizah y\u00fckl\u00fc ilk \u00e7ocuk roman\u0131 Per\u015fembeleri \u00c7ok Severim\u2019in ard\u0131ndan bu kez<span class=\"excerpt-hellip\"> [\u2026]<\/span><\/p>\n","protected":false},"featured_media":0,"template":"","meta":{"_monsterinsights_skip_tracking":false,"_monsterinsights_sitenote_active":false,"_monsterinsights_sitenote_note":"","_monsterinsights_sitenote_category":0},"product_brand":[],"product_cat":[12274,12284],"product_tag":[],"class_list":{"0":"post-688964","1":"product","2":"type-product","3":"status-publish","5":"product_cat-cocuk-ve-genclik-kitaplari","6":"product_cat-hikayeler","7":"pa_cilt-ciltsiz","8":"pa_tur-kitap","9":"pa_yayinevi-gunisigi-kitapligi","10":"pa_yazar-hacer-kilcioglu","12":"first","13":"instock","14":"sale","15":"shipping-taxable","16":"purchasable","17":"product-type-simple"},"_links":{"self":[{"href":"https:\/\/roveyayinevi.com.tr\/index.php\/wp-json\/wp\/v2\/product\/688964","targetHints":{"allow":["GET"]}}],"collection":[{"href":"https:\/\/roveyayinevi.com.tr\/index.php\/wp-json\/wp\/v2\/product"}],"about":[{"href":"https:\/\/roveyayinevi.com.tr\/index.php\/wp-json\/wp\/v2\/types\/product"}],"wp:attachment":[{"href":"https:\/\/roveyayinevi.com.tr\/index.php\/wp-json\/wp\/v2\/media?parent=688964"}],"wp:term":[{"taxonomy":"product_brand","embeddable":true,"href":"https:\/\/roveyayinevi.com.tr\/index.php\/wp-json\/wp\/v2\/product_brand?post=688964"},{"taxonomy":"product_cat","embeddable":true,"href":"https:\/\/roveyayinevi.com.tr\/index.php\/wp-json\/wp\/v2\/product_cat?post=688964"},{"taxonomy":"product_tag","embeddable":true,"href":"https:\/\/roveyayinevi.com.tr\/index.php\/wp-json\/wp\/v2\/product_tag?post=688964"}],"curies":[{"name":"wp","href":"https:\/\/api.w.org\/{rel}","templated":true}]}}