{"id":688956,"date":"2025-08-27T13:08:47","date_gmt":"2025-08-27T10:08:47","guid":{"rendered":"https:\/\/roveyayinevi.com.tr\/index.php\/urun\/buyuk-tuzak\/"},"modified":"2026-04-16T01:58:42","modified_gmt":"2026-04-15T22:58:42","slug":"buyuk-tuzak","status":"publish","type":"product","link":"https:\/\/roveyayinevi.com.tr\/index.php\/urun\/buyuk-tuzak\/","title":{"rendered":"B\u00fcy\u00fck Tuzak"},"content":{"rendered":"<p>Eski bir laneti canland\u0131ran Prens Milla, Masallar \u00dclkesi\u2019nde bir felaketin ba\u015flamas\u0131na neden olur. Halk, k\u00f6t\u00fc niyetli Milla y\u00fcz\u00fcnden, h\u0131zla s\u00f6zc\u00fcklerini unutarak k\u0131sa s\u00fcrede konu\u015famaz hale gelir. \u00dcstelik, su\u00e7lunun \u015eeroks oldu\u011funa inan\u0131r. K\u00fc\u00e7\u00fck Cad\u0131 art\u0131k hem ka\u00e7mak, hem de Milla\u2019n\u0131n tuza\u011f\u0131na d\u00fc\u015fen Fare Pibo\u2019nun saray\u0131n Ar\u015fiv Odas\u0131\u2019nda yedi\u011fi masal\u0131 yeniden yazmak zorundad\u0131r. \u015eeroks masal\u0131 zaman\u0131nda yeti\u015ftiremezse, Masallar \u00dclkesi dilini de \u00f6zg\u00fcrl\u00fc\u011f\u00fcn\u00fc de yitirecek midir? \ufffcTan\u0131t\u0131m Metni<\/p>\n","protected":false},"excerpt":{"rendered":"<p>Eski bir laneti canland\u0131ran Prens Milla, Masallar \u00dclkesi\u2019nde bir felaketin ba\u015flamas\u0131na neden olur. Halk, k\u00f6t\u00fc niyetli Milla y\u00fcz\u00fcnden, h\u0131zla s\u00f6zc\u00fcklerini unutarak k\u0131sa s\u00fcrede konu\u015famaz hale gelir.<span class=\"excerpt-hellip\"> [\u2026]<\/span><\/p>\n","protected":false},"featured_media":0,"template":"","meta":{"_monsterinsights_skip_tracking":false,"_monsterinsights_sitenote_active":false,"_monsterinsights_sitenote_note":"","_monsterinsights_sitenote_category":0},"product_brand":[],"product_cat":[12274,12523],"product_tag":[],"class_list":{"0":"post-688956","1":"product","2":"type-product","3":"status-publish","5":"product_cat-cocuk-ve-genclik-kitaplari","6":"product_cat-masallar","7":"pa_cilt-ciltsiz","8":"pa_tur-kitap","9":"pa_yayinevi-gunisigi-kitapligi","10":"pa_yazar-asli-der","12":"first","13":"instock","14":"sale","15":"shipping-taxable","16":"purchasable","17":"product-type-simple"},"_links":{"self":[{"href":"https:\/\/roveyayinevi.com.tr\/index.php\/wp-json\/wp\/v2\/product\/688956","targetHints":{"allow":["GET"]}}],"collection":[{"href":"https:\/\/roveyayinevi.com.tr\/index.php\/wp-json\/wp\/v2\/product"}],"about":[{"href":"https:\/\/roveyayinevi.com.tr\/index.php\/wp-json\/wp\/v2\/types\/product"}],"wp:attachment":[{"href":"https:\/\/roveyayinevi.com.tr\/index.php\/wp-json\/wp\/v2\/media?parent=688956"}],"wp:term":[{"taxonomy":"product_brand","embeddable":true,"href":"https:\/\/roveyayinevi.com.tr\/index.php\/wp-json\/wp\/v2\/product_brand?post=688956"},{"taxonomy":"product_cat","embeddable":true,"href":"https:\/\/roveyayinevi.com.tr\/index.php\/wp-json\/wp\/v2\/product_cat?post=688956"},{"taxonomy":"product_tag","embeddable":true,"href":"https:\/\/roveyayinevi.com.tr\/index.php\/wp-json\/wp\/v2\/product_tag?post=688956"}],"curies":[{"name":"wp","href":"https:\/\/api.w.org\/{rel}","templated":true}]}}