{"id":688953,"date":"2025-08-27T13:08:46","date_gmt":"2025-08-27T10:08:46","guid":{"rendered":"https:\/\/roveyayinevi.com.tr\/index.php\/urun\/batakligin-kiyisindaki-ev\/"},"modified":"2026-04-16T01:58:42","modified_gmt":"2026-04-15T22:58:42","slug":"batakligin-kiyisindaki-ev","status":"publish","type":"product","link":"https:\/\/roveyayinevi.com.tr\/index.php\/urun\/batakligin-kiyisindaki-ev\/","title":{"rendered":"Batakl\u0131\u011f\u0131n K\u0131y\u0131s\u0131ndaki Ev"},"content":{"rendered":"<p>Esrarengiz olaylarla \u00f6r\u00fcl\u00fc s\u00fcr\u00fckleyici bir yaz tatili maceras\u0131!Akrabalar\u0131n u\u011fursuz sayd\u0131\u011f\u0131 B\u00fcy\u00fckhala, yaz tatilini ge\u00e7irmek \u00fczere Peren\u2019i evine davet eder. Peren\u2019in anne ve babas\u0131, s\u00f6ylentilere kulak asmasalar da B\u00fcy\u00fckhala\u2019n\u0131n evi yak\u0131nlar\u0131ndaki batakl\u0131k nedeniyle bu davete s\u0131cak bakmazlar. Peren onlar\u0131 zar zor ikna eder. Batakl\u0131\u011f\u0131n k\u0131y\u0131s\u0131ndaki eski bir evde tek ba\u015f\u0131na ya\u015fayan gizemli B\u00fcy\u00fckhala, etkileyici delikanl\u0131 Kuzey, kasaban\u0131n tek d\u00fckk\u00e2n\u0131nda \u00e7al\u0131\u015fan \u00f6ks\u00fcz K\u00fc\u00e7\u00fck Vah\u015fi ve tuhaf bak\u0131\u015fl\u0131, esrarengiz adam Bayku\u015f, Peren\u2019in o yaz tatilini unutulmaz k\u0131lacaklard\u0131r. <\/p>\n","protected":false},"excerpt":{"rendered":"<p>Esrarengiz olaylarla \u00f6r\u00fcl\u00fc s\u00fcr\u00fckleyici bir yaz tatili maceras\u0131!Akrabalar\u0131n u\u011fursuz sayd\u0131\u011f\u0131 B\u00fcy\u00fckhala, yaz tatilini ge\u00e7irmek \u00fczere Peren\u2019i evine davet eder. Peren\u2019in anne ve babas\u0131, s\u00f6ylentilere kulak asmasalar<span class=\"excerpt-hellip\"> [\u2026]<\/span><\/p>\n","protected":false},"featured_media":0,"template":"","meta":{"_monsterinsights_skip_tracking":false,"_monsterinsights_sitenote_active":false,"_monsterinsights_sitenote_note":"","_monsterinsights_sitenote_category":0},"product_brand":[],"product_cat":[12274,12284],"product_tag":[],"class_list":{"0":"post-688953","1":"product","2":"type-product","3":"status-publish","5":"product_cat-cocuk-ve-genclik-kitaplari","6":"product_cat-hikayeler","7":"pa_cilt-ciltsiz","8":"pa_tur-kitap","9":"pa_yayinevi-gunisigi-kitapligi","10":"pa_yazar-yesim-s-armutak","12":"first","13":"instock","14":"sale","15":"shipping-taxable","16":"purchasable","17":"product-type-simple"},"_links":{"self":[{"href":"https:\/\/roveyayinevi.com.tr\/index.php\/wp-json\/wp\/v2\/product\/688953","targetHints":{"allow":["GET"]}}],"collection":[{"href":"https:\/\/roveyayinevi.com.tr\/index.php\/wp-json\/wp\/v2\/product"}],"about":[{"href":"https:\/\/roveyayinevi.com.tr\/index.php\/wp-json\/wp\/v2\/types\/product"}],"wp:attachment":[{"href":"https:\/\/roveyayinevi.com.tr\/index.php\/wp-json\/wp\/v2\/media?parent=688953"}],"wp:term":[{"taxonomy":"product_brand","embeddable":true,"href":"https:\/\/roveyayinevi.com.tr\/index.php\/wp-json\/wp\/v2\/product_brand?post=688953"},{"taxonomy":"product_cat","embeddable":true,"href":"https:\/\/roveyayinevi.com.tr\/index.php\/wp-json\/wp\/v2\/product_cat?post=688953"},{"taxonomy":"product_tag","embeddable":true,"href":"https:\/\/roveyayinevi.com.tr\/index.php\/wp-json\/wp\/v2\/product_tag?post=688953"}],"curies":[{"name":"wp","href":"https:\/\/api.w.org\/{rel}","templated":true}]}}