{"id":688936,"date":"2025-08-27T13:08:43","date_gmt":"2025-08-27T10:08:43","guid":{"rendered":"https:\/\/roveyayinevi.com.tr\/index.php\/urun\/evrendeki-son-kayit\/"},"modified":"2026-04-16T01:58:41","modified_gmt":"2026-04-15T22:58:41","slug":"evrendeki-son-kayit","status":"publish","type":"product","link":"https:\/\/roveyayinevi.com.tr\/index.php\/urun\/evrendeki-son-kayit\/","title":{"rendered":"Evrendeki Son Kay\u0131t"},"content":{"rendered":"<p>Edebiyat, karanl\u0131k bir gelecekte umudu yeniden ye\u015fertebilir mi?D\u00fcnyay\u0131 alt\u00fcst eden \u201cB\u00fcy\u00fck Sars\u0131nt\u0131\u201dn\u0131n ard\u0131ndan eski metropol kal\u0131nt\u0131lar\u0131nda karanl\u0131k bir ya\u015fama mahk\u00fbm olan \u201cs\u0131radan\u201d \u00e7o\u011funlu\u011fun mutsuzlu\u011fundaki tek \u0131\u015f\u0131k, beyin burgular\u0131d\u0131r. Spaz, hastal\u0131\u011f\u0131 nedeniyle bu sanal e\u011flenceyi ya\u015fayamaz. Ge\u00e7irdi\u011fi krizlerin karde\u015fini etkileyece\u011finden korkan ailesi taraf\u0131ndan reddedilerek evden uzakla\u015ft\u0131r\u0131lan delikanl\u0131, ya\u015fl\u0131 bir bilgeyle tan\u0131\u015f\u0131r. Bilge, kitaplar\u0131n bile uzak ge\u00e7mi\u015fte kald\u0131\u011f\u0131 ve yasakland\u0131\u011f\u0131 bu karanl\u0131k d\u00fcnyada, gizlice kitap yazmay\u0131 s\u00fcrd\u00fcrmektedir. K\u0131z karde\u015finin \u00f6lmek \u00fczere oldu\u011funu \u00f6\u011frenen Spaz, bilge ve K\u00fc\u00e7\u00fck Surat\u2019la birlikte, hayatlar\u0131n\u0131 riske atarak \u00e7ok tehlikeli bir yolculu\u011fa \u00e7\u0131kar. Ancak, yol onlar\u0131 hi\u00e7 d\u00fc\u015f\u00fcnmedikleri bir yere g\u00f6t\u00fcrecektir\u2026 <\/p>\n","protected":false},"excerpt":{"rendered":"<p>Edebiyat, karanl\u0131k bir gelecekte umudu yeniden ye\u015fertebilir mi?D\u00fcnyay\u0131 alt\u00fcst eden \u201cB\u00fcy\u00fck Sars\u0131nt\u0131\u201dn\u0131n ard\u0131ndan eski metropol kal\u0131nt\u0131lar\u0131nda karanl\u0131k bir ya\u015fama mahk\u00fbm olan \u201cs\u0131radan\u201d \u00e7o\u011funlu\u011fun mutsuzlu\u011fundaki tek \u0131\u015f\u0131k,<span class=\"excerpt-hellip\"> [\u2026]<\/span><\/p>\n","protected":false},"featured_media":0,"template":"","meta":{"_monsterinsights_skip_tracking":false,"_monsterinsights_sitenote_active":false,"_monsterinsights_sitenote_note":"","_monsterinsights_sitenote_category":0},"product_brand":[],"product_cat":[12291,12711],"product_tag":[],"class_list":{"0":"post-688936","1":"product","2":"type-product","3":"status-publish","5":"product_cat-edebiyat","6":"product_cat-roman-oyku","7":"pa_cilt-ciltsiz","8":"pa_tur-kitap","9":"pa_yayinevi-gunisigi-kitapligi","10":"pa_yazar-rodman-philbrick","12":"first","13":"instock","14":"sale","15":"shipping-taxable","16":"purchasable","17":"product-type-simple"},"_links":{"self":[{"href":"https:\/\/roveyayinevi.com.tr\/index.php\/wp-json\/wp\/v2\/product\/688936","targetHints":{"allow":["GET"]}}],"collection":[{"href":"https:\/\/roveyayinevi.com.tr\/index.php\/wp-json\/wp\/v2\/product"}],"about":[{"href":"https:\/\/roveyayinevi.com.tr\/index.php\/wp-json\/wp\/v2\/types\/product"}],"wp:attachment":[{"href":"https:\/\/roveyayinevi.com.tr\/index.php\/wp-json\/wp\/v2\/media?parent=688936"}],"wp:term":[{"taxonomy":"product_brand","embeddable":true,"href":"https:\/\/roveyayinevi.com.tr\/index.php\/wp-json\/wp\/v2\/product_brand?post=688936"},{"taxonomy":"product_cat","embeddable":true,"href":"https:\/\/roveyayinevi.com.tr\/index.php\/wp-json\/wp\/v2\/product_cat?post=688936"},{"taxonomy":"product_tag","embeddable":true,"href":"https:\/\/roveyayinevi.com.tr\/index.php\/wp-json\/wp\/v2\/product_tag?post=688936"}],"curies":[{"name":"wp","href":"https:\/\/api.w.org\/{rel}","templated":true}]}}