{"id":688927,"date":"2025-08-27T13:08:42","date_gmt":"2025-08-27T10:08:42","guid":{"rendered":"https:\/\/roveyayinevi.com.tr\/index.php\/urun\/citir-citir-felsefe-serisi-02-adalet-ve-haksizlik\/"},"modified":"2026-04-16T01:58:41","modified_gmt":"2026-04-15T22:58:41","slug":"citir-citir-felsefe-serisi-02-adalet-ve-haksizlik","status":"publish","type":"product","link":"https:\/\/roveyayinevi.com.tr\/index.php\/urun\/citir-citir-felsefe-serisi-02-adalet-ve-haksizlik\/","title":{"rendered":"\u00c7\u0131t\u0131r \u00c7\u0131t\u0131r Felsefe Serisi 02 &#8211; Adalet ve Haks\u0131zl\u0131k"},"content":{"rendered":"<p>\u0130nsan\u0131n kendi do\u011fum g\u00fcn\u00fcnde pastadan herkesin yedi\u011finden daha b\u00fcy\u00fck bir par\u00e7a almas\u0131 adil midir? Ya da en iyi arkada\u015f\u0131na pastadan daha b\u00fcy\u00fck bir dilim verince, di\u011ferlerine haks\u0131zl\u0131k yapm\u0131\u015f olur musun? Belki de, b\u00fcy\u00fckler iri dilimler, k\u00fc\u00e7\u00fckler minik dilimler almal\u0131! Off, b\u00f6l\u00fc\u015fmek ger\u00e7ekten \u00e7ok karma\u015f\u0131k! Yapt\u0131\u011f\u0131m\u0131z do\u011fru mu, yanl\u0131\u015f m\u0131, nereden bilece\u011fiz?.. \ufffc<\/p>\n","protected":false},"excerpt":{"rendered":"<p>\u0130nsan\u0131n kendi do\u011fum g\u00fcn\u00fcnde pastadan herkesin yedi\u011finden daha b\u00fcy\u00fck bir par\u00e7a almas\u0131 adil midir? Ya da en iyi arkada\u015f\u0131na pastadan daha b\u00fcy\u00fck bir dilim verince, di\u011ferlerine<span class=\"excerpt-hellip\"> [\u2026]<\/span><\/p>\n","protected":false},"featured_media":0,"template":"","meta":{"_monsterinsights_skip_tracking":false,"_monsterinsights_sitenote_active":false,"_monsterinsights_sitenote_note":"","_monsterinsights_sitenote_category":0},"product_brand":[],"product_cat":[12389,12388],"product_tag":[],"class_list":{"0":"post-688927","1":"product","2":"type-product","3":"status-publish","5":"product_cat-diger-felsefe","6":"product_cat-felsefe","7":"pa_cilt-ciltsiz","8":"pa_tur-kitap","9":"pa_yayinevi-gunisigi-kitapligi","10":"pa_yazar-brigitte-labbe","12":"first","13":"instock","14":"sale","15":"shipping-taxable","16":"purchasable","17":"product-type-simple"},"_links":{"self":[{"href":"https:\/\/roveyayinevi.com.tr\/index.php\/wp-json\/wp\/v2\/product\/688927","targetHints":{"allow":["GET"]}}],"collection":[{"href":"https:\/\/roveyayinevi.com.tr\/index.php\/wp-json\/wp\/v2\/product"}],"about":[{"href":"https:\/\/roveyayinevi.com.tr\/index.php\/wp-json\/wp\/v2\/types\/product"}],"wp:attachment":[{"href":"https:\/\/roveyayinevi.com.tr\/index.php\/wp-json\/wp\/v2\/media?parent=688927"}],"wp:term":[{"taxonomy":"product_brand","embeddable":true,"href":"https:\/\/roveyayinevi.com.tr\/index.php\/wp-json\/wp\/v2\/product_brand?post=688927"},{"taxonomy":"product_cat","embeddable":true,"href":"https:\/\/roveyayinevi.com.tr\/index.php\/wp-json\/wp\/v2\/product_cat?post=688927"},{"taxonomy":"product_tag","embeddable":true,"href":"https:\/\/roveyayinevi.com.tr\/index.php\/wp-json\/wp\/v2\/product_tag?post=688927"}],"curies":[{"name":"wp","href":"https:\/\/api.w.org\/{rel}","templated":true}]}}