{"id":688924,"date":"2025-08-27T13:08:41","date_gmt":"2025-08-27T10:08:41","guid":{"rendered":"https:\/\/roveyayinevi.com.tr\/index.php\/urun\/5-cocuk-5-istanbul\/"},"modified":"2026-04-16T01:58:41","modified_gmt":"2026-04-15T22:58:41","slug":"5-cocuk-5-istanbul","status":"publish","type":"product","link":"https:\/\/roveyayinevi.com.tr\/index.php\/urun\/5-cocuk-5-istanbul\/","title":{"rendered":"5 \u00c7ocuk 5 \u0130stanbul"},"content":{"rendered":"<p>\u0130stanbul\u2019un 5 farkl\u0131 d\u00f6nemi, 5 farkl\u0131 \u00f6yk\u00fc\u2026\u00dclkemizin uluslararas\u0131 \u00fcne sahip \u00e7ocuk kitaplar\u0131 ill\u00fcstrat\u00f6r\u00fc Bet\u00fcl Say\u0131n, yaz\u0131p resimledi\u011fi bu kitab\u0131nda, okul\u00f6ncesi k\u00fc\u00e7\u00fckler ve okumaya yeni ba\u015flayanlar i\u00e7in \u0130stanbul\u2019u anlat\u0131yor. Mine Soysal\u2019\u0131n yazd\u0131\u011f\u0131 ve yine Say\u0131n\u2019\u0131n resimledi\u011fi \u0130stanbul Masal\u0131kitab\u0131ndan yola \u00e7\u0131kan sanat\u00e7\u0131, \u0130stanbul kentinin be\u015f farkl\u0131 tarihsel s\u00fcrecini be\u015f de\u011fi\u015fik kahramanla canland\u0131r\u0131yor. Yay\u0131n hakk\u0131 Almanya ve G\u00fcrcistan\u2019a sat\u0131lan kitab\u0131n g\u00fcn\u00fcm\u00fczden ba\u015flay\u0131p tarih\u00f6ncesine do\u011fru zamanda geriye akan s\u0131rad\u0131\u015f\u0131 kurgusu ve renkli resimleri, \u00e7ocuklar i\u00e7in e\u015fsiz bir okuma ve \u00f6\u011frenme deneyimi sunuyor.G\u00fcn\u00fcm\u00fcz \u0130stanbul\u2019unun kalabal\u0131k semtlerinden birinde ya\u015fayan Mert, hastalanan anneannesini ziyarete gider. Anneannesinin ya\u015fad\u0131\u011f\u0131 eski evin tavanaras\u0131nda buldu\u011fu fes, Osmanl\u0131 kenti \u0130stanbul\u2019unda Hamdi\u2019ye aittir\u2026 Osmanl\u0131 Sultan\u0131\u2019n\u0131n d\u00fczenledi\u011fi \u015fenlikleri izlemek i\u00e7in sab\u0131rs\u0131zlanan Hamdi, ablas\u0131 i\u00e7in gittikleri Kapal\u0131\u00e7ar\u015f\u0131\u2019da mor ta\u015flarla s\u00fcsl\u00fc bir ayna g\u00f6r\u00fcr. Mor ayna Bizans d\u00f6neminde ya\u015fayan Helen\u2019indir\u2026 Ailesiyle birlikte Hipodrom\u2019da d\u00fczenlenen yar\u0131\u015flar\u0131 izlemeye giden Helen, bir d\u00fckk\u00e2nda sat\u0131lan eski bir parayla ilgilenir. \u00dcst\u00fcnde bal\u0131k resimleri bulunan para, Bizantion d\u00f6neminde bal\u0131k\u00e7\u0131l\u0131k yapan dedesine yard\u0131m eden Milya\u2019n\u0131nd\u0131r\u2026 Milya ve dedesinin kay\u0131\u011f\u0131 yakalad\u0131\u011f\u0131 bal\u0131klarla dolar. Tanr\u0131lara te\u015fekk\u00fcr etmek i\u00e7in tap\u0131nakta d\u00fczenlenen t\u00f6renden d\u00f6nerken Milya yolda eski bir \u00e7\u00f6mlek par\u00e7as\u0131 bulur. Bu par\u00e7a, tarih\u00f6ncesinde \u0130stanbul yak\u0131nlar\u0131nda bir ma\u011farada ya\u015fayan kemik tokal\u0131 k\u0131z\u0131n annesinin yapt\u0131\u011f\u0131 \u00e7\u00f6mle\u011fin par\u00e7as\u0131d\u0131r\u2026<\/p>\n","protected":false},"excerpt":{"rendered":"<p>\u0130stanbul\u2019un 5 farkl\u0131 d\u00f6nemi, 5 farkl\u0131 \u00f6yk\u00fc\u2026\u00dclkemizin uluslararas\u0131 \u00fcne sahip \u00e7ocuk kitaplar\u0131 ill\u00fcstrat\u00f6r\u00fc Bet\u00fcl Say\u0131n, yaz\u0131p resimledi\u011fi bu kitab\u0131nda, okul\u00f6ncesi k\u00fc\u00e7\u00fckler ve okumaya yeni ba\u015flayanlar i\u00e7in<span class=\"excerpt-hellip\"> [\u2026]<\/span><\/p>\n","protected":false},"featured_media":0,"template":"","meta":{"_monsterinsights_skip_tracking":false,"_monsterinsights_sitenote_active":false,"_monsterinsights_sitenote_note":"","_monsterinsights_sitenote_category":0},"product_brand":[],"product_cat":[12274,12284],"product_tag":[],"class_list":{"0":"post-688924","1":"product","2":"type-product","3":"status-publish","5":"product_cat-cocuk-ve-genclik-kitaplari","6":"product_cat-hikayeler","7":"pa_cilt-ciltsiz","8":"pa_tur-kitap","9":"pa_yayinevi-gunisigi-kitapligi","10":"pa_yazar-betul-sayin","12":"first","13":"instock","14":"sale","15":"shipping-taxable","16":"purchasable","17":"product-type-simple"},"_links":{"self":[{"href":"https:\/\/roveyayinevi.com.tr\/index.php\/wp-json\/wp\/v2\/product\/688924","targetHints":{"allow":["GET"]}}],"collection":[{"href":"https:\/\/roveyayinevi.com.tr\/index.php\/wp-json\/wp\/v2\/product"}],"about":[{"href":"https:\/\/roveyayinevi.com.tr\/index.php\/wp-json\/wp\/v2\/types\/product"}],"wp:attachment":[{"href":"https:\/\/roveyayinevi.com.tr\/index.php\/wp-json\/wp\/v2\/media?parent=688924"}],"wp:term":[{"taxonomy":"product_brand","embeddable":true,"href":"https:\/\/roveyayinevi.com.tr\/index.php\/wp-json\/wp\/v2\/product_brand?post=688924"},{"taxonomy":"product_cat","embeddable":true,"href":"https:\/\/roveyayinevi.com.tr\/index.php\/wp-json\/wp\/v2\/product_cat?post=688924"},{"taxonomy":"product_tag","embeddable":true,"href":"https:\/\/roveyayinevi.com.tr\/index.php\/wp-json\/wp\/v2\/product_tag?post=688924"}],"curies":[{"name":"wp","href":"https:\/\/api.w.org\/{rel}","templated":true}]}}