{"id":688853,"date":"2025-08-27T13:08:30","date_gmt":"2025-08-27T10:08:30","guid":{"rendered":"https:\/\/roveyayinevi.com.tr\/index.php\/urun\/gece-gunesi\/"},"modified":"2026-04-16T01:58:39","modified_gmt":"2026-04-15T22:58:39","slug":"gece-gunesi","status":"publish","type":"product","link":"https:\/\/roveyayinevi.com.tr\/index.php\/urun\/gece-gunesi\/","title":{"rendered":"Gece G\u00fcne\u015fi"},"content":{"rendered":"<p>Arda i\u00e7in G\u00fcne\u015f, geceleri de \u00e7\u0131kabilir. Hindistan&#8217;\u0131n as\u0131l ad\u0131 neden &#8220;Hindisyan&#8221; olmas\u0131n? Baharatlarla yap\u0131lan iksirler, Ay&#8217;daki dinozorlara iyi gelebilir. Bir g\u00fcn birileri Ay&#8217;\u0131 \u00e7alabilir ve geri getirmeyebilir. \u00d6\u011fretmen anneleri, onlar dururken neden ba\u015fka \u00e7ocuklar\u0131n s\u0131n\u0131f\u0131na giriyor?.. Arda&#8217;n\u0131n hayal g\u00fcc\u00fcn\u00fcn de, sorular\u0131n\u0131n da sonu yok! Ama ablas\u0131 Arya yan\u0131nda olmasa, ne bu sorular\u0131 sorman\u0131n ne de cevaplar araman\u0131n keyfi kal\u0131r! Ya Arya? Bunca soruya cevap yeti\u015ftirmek, Arda&#8217;n\u0131n ablas\u0131 olmak kolay m\u0131?.. \ufffcTan\u0131t\u0131m Metni<\/p>\n","protected":false},"excerpt":{"rendered":"<p>Arda i\u00e7in G\u00fcne\u015f, geceleri de \u00e7\u0131kabilir. Hindistan&#8217;\u0131n as\u0131l ad\u0131 neden &#8220;Hindisyan&#8221; olmas\u0131n? Baharatlarla yap\u0131lan iksirler, Ay&#8217;daki dinozorlara iyi gelebilir. Bir g\u00fcn birileri Ay&#8217;\u0131 \u00e7alabilir ve geri<span class=\"excerpt-hellip\"> [\u2026]<\/span><\/p>\n","protected":false},"featured_media":0,"template":"","meta":{"_monsterinsights_skip_tracking":false,"_monsterinsights_sitenote_active":false,"_monsterinsights_sitenote_note":"","_monsterinsights_sitenote_category":0},"product_brand":[],"product_cat":[12274,12284],"product_tag":[],"class_list":{"0":"post-688853","1":"product","2":"type-product","3":"status-publish","5":"product_cat-cocuk-ve-genclik-kitaplari","6":"product_cat-hikayeler","7":"pa_cilt-ciltsiz","8":"pa_tur-kitap","9":"pa_yayinevi-gunisigi-kitapligi","10":"pa_yazar-karin-karakasli","12":"first","13":"instock","14":"sale","15":"shipping-taxable","16":"purchasable","17":"product-type-simple"},"_links":{"self":[{"href":"https:\/\/roveyayinevi.com.tr\/index.php\/wp-json\/wp\/v2\/product\/688853","targetHints":{"allow":["GET"]}}],"collection":[{"href":"https:\/\/roveyayinevi.com.tr\/index.php\/wp-json\/wp\/v2\/product"}],"about":[{"href":"https:\/\/roveyayinevi.com.tr\/index.php\/wp-json\/wp\/v2\/types\/product"}],"wp:attachment":[{"href":"https:\/\/roveyayinevi.com.tr\/index.php\/wp-json\/wp\/v2\/media?parent=688853"}],"wp:term":[{"taxonomy":"product_brand","embeddable":true,"href":"https:\/\/roveyayinevi.com.tr\/index.php\/wp-json\/wp\/v2\/product_brand?post=688853"},{"taxonomy":"product_cat","embeddable":true,"href":"https:\/\/roveyayinevi.com.tr\/index.php\/wp-json\/wp\/v2\/product_cat?post=688853"},{"taxonomy":"product_tag","embeddable":true,"href":"https:\/\/roveyayinevi.com.tr\/index.php\/wp-json\/wp\/v2\/product_tag?post=688853"}],"curies":[{"name":"wp","href":"https:\/\/api.w.org\/{rel}","templated":true}]}}