{"id":688851,"date":"2025-08-27T13:08:29","date_gmt":"2025-08-27T10:08:29","guid":{"rendered":"https:\/\/roveyayinevi.com.tr\/index.php\/urun\/ege-kiyilarindan-eski-zaman-masallari\/"},"modified":"2026-04-16T01:58:39","modified_gmt":"2026-04-15T22:58:39","slug":"ege-kiyilarindan-eski-zaman-masallari","status":"publish","type":"product","link":"https:\/\/roveyayinevi.com.tr\/index.php\/urun\/ege-kiyilarindan-eski-zaman-masallari\/","title":{"rendered":"Ege K\u0131y\u0131lar\u0131ndan Eski Zaman Masallar\u0131"},"content":{"rendered":"<p>G\u00fcn\u00fcm\u00fcz\u00fc kavraman\u0131n ipu\u00e7lar\u0131 mitolojik masallarda gizli.D\u00fcnya kurulal\u0131 beri insan\u0131n varolu\u015fun gizemini a\u00e7\u0131klamaya \u00e7al\u0131\u015fma bi\u00e7imi olan mitolojik masallar, \u00e7ocuklar\u0131m\u0131z i\u00e7in de ya\u015fam\u0131 kavraman\u0131n \u00f6nemli birer arac\u0131. O masallardaki tanr\u0131lara, tanr\u0131\u00e7alara benzer ki\u015filiklere, benzer tutum ve davran\u0131\u015flara bug\u00fcn de rastl\u0131yoruz. Ahmet \u00dcnver, Bat\u0131 Anadolu topraklar\u0131nda filizlenen Yunan mitolojisinin en g\u00fczel \u00f6yk\u00fclerini bar\u0131nd\u0131ran bu kitab\u0131nda, kitab\u0131n ba\u015f\u0131nda yer alan \u201c\u00d6nce K\u00fc\u00e7\u00fck Bir Sohbet\u201d adl\u0131 yaz\u0131s\u0131nda \u00e7ocuklara mitolojik masallar\u0131 nas\u0131l de\u011ferlendirebileceklerini ilgin\u00e7 bir bi\u00e7imde a\u00e7\u0131kl\u0131yor.Kitapta birbirinden ilgi \u00e7ekici, birbirinden d\u00fc\u015f\u00fcnd\u00fcr\u00fcc\u00fc 8 \u00f6yk\u00fc yer al\u0131yor: \u201cMerakl\u0131 Pandora ve Konu\u015fan Sand\u0131k\u201dta, k\u00f6t\u00fcl\u00fcklerin ve umudun d\u00fcnyaya yay\u0131l\u0131\u015f\u0131; Asklepios ve Devac\u0131 Y\u0131lanlar\u0131\u2019nda \u00fcn\u00fc d\u00f6rt bir yana yay\u0131lan hekim Asklepios\u2019un ya\u015fam\u00f6yk\u00fcs\u00fc; \u201cPhaethon ve G\u00fcne\u015f Arabas\u0131\u2019n\u0131n Atlar\u0131\u201dnda g\u00fcne\u015fin d\u00fcnyay\u0131 ger\u00e7ekte nas\u0131l etkiledi\u011fi anlat\u0131l\u0131yor. \u201cYank\u0131 ile Nergis\u201d, biri i\u00e7in \u00e7aresizli\u011fin, biri i\u00e7in kendine hayranl\u0131\u011f\u0131n \u00f6yk\u00fcs\u00fc. \u201cMidas\u2019\u0131n Alt\u0131nlar\u0131\u201d, servet d\u00fc\u015fk\u00fcnl\u00fc\u011f\u00fcn\u00fcn yol a\u00e7t\u0131\u011f\u0131 ac\u0131lar\u0131; \u201c\u0130nsanl\u0131\u011fa Ayd\u0131nl\u0131\u011f\u0131 Getiren \u00d6l\u00fcms\u00fcz: Prometheus\u201d bilginin, u\u011fruna her \u015feyin g\u00f6ze al\u0131nabilece\u011fi bir ayd\u0131nl\u0131k olu\u015funu; \u201cApollon\u2019un Liri mi, Marsyas\u2019\u0131n Kaval\u0131 m\u0131?\u201d h\u0131rs\u0131 ve egoyu dillendiriyor. Son \u00f6yk\u00fc \u201cYery\u00fcz\u00fcn\u00fcn \u0130lk G\u00fczellik Yar\u0131\u015fmas\u0131\u201d ise, i\u00e7 g\u00fczelli\u011fin d\u0131\u015f g\u00fczelli\u011fi nas\u0131l alt etti\u011fini anlat\u0131yor.<\/p>\n","protected":false},"excerpt":{"rendered":"<p>G\u00fcn\u00fcm\u00fcz\u00fc kavraman\u0131n ipu\u00e7lar\u0131 mitolojik masallarda gizli.D\u00fcnya kurulal\u0131 beri insan\u0131n varolu\u015fun gizemini a\u00e7\u0131klamaya \u00e7al\u0131\u015fma bi\u00e7imi olan mitolojik masallar, \u00e7ocuklar\u0131m\u0131z i\u00e7in de ya\u015fam\u0131 kavraman\u0131n \u00f6nemli birer arac\u0131. O<span class=\"excerpt-hellip\"> [\u2026]<\/span><\/p>\n","protected":false},"featured_media":0,"template":"","meta":{"_monsterinsights_skip_tracking":false,"_monsterinsights_sitenote_active":false,"_monsterinsights_sitenote_note":"","_monsterinsights_sitenote_category":0},"product_brand":[],"product_cat":[12718,12858],"product_tag":[],"class_list":{"0":"post-688851","1":"product","2":"type-product","3":"status-publish","5":"product_cat-din","6":"product_cat-mitolojiler","7":"pa_cilt-ciltsiz","8":"pa_tur-kitap","9":"pa_yayinevi-gunisigi-kitapligi","10":"pa_yazar-ahmet-unver","12":"first","13":"instock","14":"sale","15":"shipping-taxable","16":"purchasable","17":"product-type-simple"},"_links":{"self":[{"href":"https:\/\/roveyayinevi.com.tr\/index.php\/wp-json\/wp\/v2\/product\/688851","targetHints":{"allow":["GET"]}}],"collection":[{"href":"https:\/\/roveyayinevi.com.tr\/index.php\/wp-json\/wp\/v2\/product"}],"about":[{"href":"https:\/\/roveyayinevi.com.tr\/index.php\/wp-json\/wp\/v2\/types\/product"}],"wp:attachment":[{"href":"https:\/\/roveyayinevi.com.tr\/index.php\/wp-json\/wp\/v2\/media?parent=688851"}],"wp:term":[{"taxonomy":"product_brand","embeddable":true,"href":"https:\/\/roveyayinevi.com.tr\/index.php\/wp-json\/wp\/v2\/product_brand?post=688851"},{"taxonomy":"product_cat","embeddable":true,"href":"https:\/\/roveyayinevi.com.tr\/index.php\/wp-json\/wp\/v2\/product_cat?post=688851"},{"taxonomy":"product_tag","embeddable":true,"href":"https:\/\/roveyayinevi.com.tr\/index.php\/wp-json\/wp\/v2\/product_tag?post=688851"}],"curies":[{"name":"wp","href":"https:\/\/api.w.org\/{rel}","templated":true}]}}