{"id":688838,"date":"2025-08-27T13:08:27","date_gmt":"2025-08-27T10:08:27","guid":{"rendered":"https:\/\/roveyayinevi.com.tr\/index.php\/urun\/satilik-ada-kibris\/"},"modified":"2025-09-17T20:15:52","modified_gmt":"2025-09-17T17:15:52","slug":"satilik-ada-kibris","status":"publish","type":"product","link":"https:\/\/roveyayinevi.com.tr\/index.php\/urun\/satilik-ada-kibris\/","title":{"rendered":"Sat\u0131l\u0131k Ada K\u0131br\u0131s"},"content":{"rendered":"<p>K\u0131br\u0131s, bir k\u00fc\u00e7\u00fck ada ve \u00fczerinde T\u00fcrkiye d\u0131\u015f\u0131nda kimsenin tan\u0131mad\u0131\u011f\u0131 bir &#8221; cumhuriyet var. KKTC, T\u00fcrkiye&#8217;nin t\u00fcm ad\u0131mlar\u0131n\u0131 kilitlemesine ra\u011fmen vazge\u00e7ilebilecek bir kara par\u00e7as\u0131 da de\u011fil&#8230; Bu ada yaln\u0131z d\u0131\u015f politikada de\u011fil, i\u00e7 politikada da g\u00fcndemden hi\u00e7 d\u00fc\u015fm\u00fcyor. 20 Temmuz 1974&#8217;te K\u0131br\u0131s T\u00fcrklerini topluca \u00f6l\u00fcm\u00fcn e\u015fi\u011finden alan T\u00fcrkiye, sava\u015f karar\u0131n\u0131n \u00fczerinden ge\u00e7en y\u0131llar\u0131n ard\u0131ndan gelinen s\u00fcre\u00e7te, stratejik bir karar\u0131n e\u015fi\u011finde duruyor: &#8220;K\u0131br\u0131s, sat\u0131l\u0131k bir ada m\u0131d\u0131r?&#8221; K\u0131br\u0131s Sorunu 20 Temmuz 1974&#8217;te ba\u015flam\u0131\u015f de\u011fildir ve T\u00fcrk askerinin adadan \u00e7ekilmesiyle de \u00e7\u00f6z\u00fclemez. Bar\u0131\u015f Harek\u00e2t\u0131, bir oldu bitti yarat\u0131larak yap\u0131lan bir sava\u015f ya da toprak i\u015fgali de\u011fildir. Bu harek\u00e2t, K\u0131br\u0131s T\u00fcrk toplumunun tamam\u0131n\u0131n \u00f6ld\u00fcr\u00fclmesini engellemek, Yunanistan&#8217;daki Cunta k\u0131\u015fk\u0131rtmas\u0131yla y\u0131kt\u0131r\u0131lan anayasal d\u00fczenin kurulmas\u0131n\u0131 sa\u011flamak ve Enosis&#8217;e giden yok kapatmak amac\u0131yla yap\u0131lm\u0131\u015ft\u0131r.Kitapta, K\u0131br\u0131s Bar\u0131\u015f Harek\u00e2t\u0131 ile ilgili yazar\u0131n ki\u015fisel ar\u015fivine emanet edilen ve yaz\u0131lmas\u0131na izin verilen an\u0131lar, belgeler, foto\u011fraflar, sava\u015f jurnalleri, telsiz g\u00f6r\u00fc\u015fmelerinin bant \u00e7\u00f6z\u00fcmleri, orijinal kroki ve harita \u00e7izimleri ilk kez yay\u0131nlanm\u0131\u015f oluyor. Bu kitapta;\u2022  Kocatepe muhribimizin kendi u\u00e7aklar\u0131m\u0131z taraf\u0131ndan bat\u0131r\u0131l\u0131\u015f\u0131n\u0131n dakika dakika ayr\u0131nt\u0131s\u0131,\u2022 \u00c7\u0131karma plaj\u0131n\u0131n se\u00e7imi \u00f6yk\u00fcs\u00fc\u2022 \u00c7\u0131karma Birlikleri Komutan\u0131n\u0131n se\u00e7imi, Yanl\u0131\u015f S\u00fcleyman Olay\u0131,\u2022 Oramiral Kemal Kayacan ile ABD Genelkurmay Ba\u015fkan\u0131 ve Deniz Kuvvetleri Komutan\u0131 g\u00f6r\u00fc\u015fme tutana\u011f\u0131 (Mart 1974)\u2022  Hava \u0130ndirme Birliklerimizin ve Komandolar\u0131m\u0131z\u0131n harek\u00e2t\u0131n\u0131 g\u00f6steren resmi sava\u015f dok\u00fcmanlar\u0131\u2022 Mahkeme tutanaklar\u0131\u2022 Akritas Plan\u0131&#8217;ndan Annan Plan\u0131&#8217;na b\u00fcy\u00fck komplolar ile hem asker\u00ee hem de diplomatik sava\u015f\u0131n t\u00fcm ayr\u0131nt\u0131lar\u0131n\u0131 ilk kez okuyacaks\u0131n\u0131z.<\/p>\n","protected":false},"excerpt":{"rendered":"<p>K\u0131br\u0131s, bir k\u00fc\u00e7\u00fck ada ve \u00fczerinde T\u00fcrkiye d\u0131\u015f\u0131nda kimsenin tan\u0131mad\u0131\u011f\u0131 bir &#8221; cumhuriyet var. KKTC, T\u00fcrkiye&#8217;nin t\u00fcm ad\u0131mlar\u0131n\u0131 kilitlemesine ra\u011fmen vazge\u00e7ilebilecek bir kara par\u00e7as\u0131 da de\u011fil&#8230;<span class=\"excerpt-hellip\"> [\u2026]<\/span><\/p>\n","protected":false},"featured_media":0,"template":"","meta":{"_monsterinsights_skip_tracking":false,"_monsterinsights_sitenote_active":false,"_monsterinsights_sitenote_note":"","_monsterinsights_sitenote_category":0},"product_brand":[],"product_cat":[12304,13493],"product_tag":[],"class_list":{"0":"post-688838","1":"product","2":"type-product","3":"status-publish","5":"product_cat-tarih","6":"product_cat-turkiye-ve-cumhuriyet-tarihi","7":"pa_cilt-ciltsiz","8":"pa_tur-kitap","9":"pa_yayinevi-alfa-yayinlari","10":"pa_yazar-erol-mutercimler","12":"first","13":"instock","14":"sale","15":"shipping-taxable","16":"purchasable","17":"product-type-simple"},"_links":{"self":[{"href":"https:\/\/roveyayinevi.com.tr\/index.php\/wp-json\/wp\/v2\/product\/688838","targetHints":{"allow":["GET"]}}],"collection":[{"href":"https:\/\/roveyayinevi.com.tr\/index.php\/wp-json\/wp\/v2\/product"}],"about":[{"href":"https:\/\/roveyayinevi.com.tr\/index.php\/wp-json\/wp\/v2\/types\/product"}],"wp:attachment":[{"href":"https:\/\/roveyayinevi.com.tr\/index.php\/wp-json\/wp\/v2\/media?parent=688838"}],"wp:term":[{"taxonomy":"product_brand","embeddable":true,"href":"https:\/\/roveyayinevi.com.tr\/index.php\/wp-json\/wp\/v2\/product_brand?post=688838"},{"taxonomy":"product_cat","embeddable":true,"href":"https:\/\/roveyayinevi.com.tr\/index.php\/wp-json\/wp\/v2\/product_cat?post=688838"},{"taxonomy":"product_tag","embeddable":true,"href":"https:\/\/roveyayinevi.com.tr\/index.php\/wp-json\/wp\/v2\/product_tag?post=688838"}],"curies":[{"name":"wp","href":"https:\/\/api.w.org\/{rel}","templated":true}]}}

Satılık Ada Kıbrıs

<p>Kıbrıs, bir küçük ada ve üzerinde Türkiye dışında kimsenin tanımadığı bir &#8221; cumhuriyet var. KKTC, Türkiye&#8217;nin tüm adımlarını kilitlemesine rağmen vazgeçilebilecek bir kara parçası da değil&#8230; Bu ada yalnız dış politikada değil, iç politikada da gündemden hiç düşmüyor. 20 Temmuz 1974&#8217;te Kıbrıs Türklerini topluca ölümün eşiğinden alan Türkiye, savaş kararının üzerinden geçen yılların ardından gelinen süreçte, stratejik bir kararın eşiğinde duruyor: &#8220;Kıbrıs, satılık bir ada mıdır?&#8221; Kıbrıs Sorunu 20 Temmuz 1974&#8217;te başlamış değildir ve Türk askerinin adadan çekilmesiyle de çözülemez. Barış Harekâtı, bir oldu bitti yaratılarak yapılan bir savaş ya da toprak işgali değildir. Bu harekât, Kıbrıs Türk toplumunun tamamının öldürülmesini engellemek, Yunanistan&#8217;daki Cunta kışkırtmasıyla yıktırılan anayasal düzenin kurulmasını sağlamak ve Enosis&#8217;e giden yok kapatmak amacıyla yapılmıştır.Kitapta, Kıbrıs Barış Harekâtı ile ilgili yazarın kişisel arşivine emanet edilen ve yazılmasına izin verilen anılar, belgeler, fotoğraflar, savaş jurnalleri, telsiz görüşmelerinin bant çözümleri, orijinal kroki ve harita çizimleri ilk kez yayınlanmış oluyor. Bu kitapta;•  Kocatepe muhribimizin kendi uçaklarımız tarafından batırılışının dakika dakika ayrıntısı,• Çıkarma plajının seçimi öyküsü• Çıkarma Birlikleri Komutanının seçimi, Yanlış Süleyman Olayı,• Oramiral Kemal Kayacan ile ABD Genelkurmay Başkanı ve Deniz Kuvvetleri Komutanı görüşme tutanağı (Mart 1974)•  Hava İndirme Birliklerimizin ve Komandolarımızın harekâtını gösteren resmi savaş dokümanları• Mahkeme tutanakları• Akritas Planı&#8217;ndan Annan Planı&#8217;na büyük komplolar ile hem askerî hem de diplomatik savaşın tüm ayrıntılarını ilk kez okuyacaksınız.</p>

<p>Kıbrıs, bir küçük ada ve üzerinde Türkiye dışında kimsenin tanımadığı bir &#8221; cumhuriyet var. KKTC, Türkiye&#8217;nin tüm adımlarını kilitlemesine rağmen vazgeçilebilecek bir kara parçası da değil&#8230;<span class="excerpt-hellip"> […]</span></p>
