{"id":688827,"date":"2025-08-27T13:07:43","date_gmt":"2025-08-27T10:07:43","guid":{"rendered":"https:\/\/roveyayinevi.com.tr\/index.php\/urun\/devlet-ve-anarsi\/"},"modified":"2026-04-16T01:58:39","modified_gmt":"2026-04-15T22:58:39","slug":"devlet-ve-anarsi","status":"publish","type":"product","link":"https:\/\/roveyayinevi.com.tr\/index.php\/urun\/devlet-ve-anarsi\/","title":{"rendered":"Devlet ve Anar\u015fi"},"content":{"rendered":"<p>Mihail Aleksandrovi\u00e7 Bakunin: Anar\u015fist. Otoritenin, devletlerin, imparatorluklar\u0131n, b\u00fct\u00fcn otoritelerin amans\u0131z d\u00fc\u015fman\u0131. 19. y\u00fczy\u0131l sosyalizmi ve anar\u015fizminin en karizmatik siyasal fig\u00fcrlerinden biri. \u00d6zg\u00fcrl\u00fck \u00e2\u015f\u0131\u011f\u0131. Paradoksal d\u00fc\u015f\u00fcn\u00fcr.  Y\u0131kma d\u00fcrt\u00fcs\u00fcn\u00fcn yarat\u0131c\u0131 bir co\u015fku oldu\u011fu\u2018na g\u00f6n\u00fclden inanan ve bu u\u011furda ayaklanmadan ayaklanmaya, barikattan barikata ko\u015fan Bakunin\u2018e g\u00f6re devrim, ba\u015f\u0131 ve sonu belli olmayan bir tatildir ve bu y\u00fczden de Walter Benjamin,  Bakunin\u2018den sonra Avrupa\u2018da \u00f6zg\u00fcrl\u00fc\u011f\u00fcn radikal anlam\u0131nda bir eksiklik vard\u0131r,  demekte hakl\u0131d\u0131r.  Her t\u00fcrden devletin -hatta i\u015f\u00e7ilerin kendi elleriyle kurduklar\u0131 devletlerin bile- ordusu, polis g\u00fcc\u00fc, hapishanesi varsa bu tiranl\u0131kt\u0131r,  diyen Bakunin\u2018in hayk\u0131r\u0131\u015f\u0131 tiranlar\u0131n \u00fczerinde inlemi\u015ftir: Ya\u015fas\u0131n \u00f6zg\u00fcrl\u00fck! <\/p>\n","protected":false},"excerpt":{"rendered":"<p>Mihail Aleksandrovi\u00e7 Bakunin: Anar\u015fist. Otoritenin, devletlerin, imparatorluklar\u0131n, b\u00fct\u00fcn otoritelerin amans\u0131z d\u00fc\u015fman\u0131. 19. y\u00fczy\u0131l sosyalizmi ve anar\u015fizminin en karizmatik siyasal fig\u00fcrlerinden biri. \u00d6zg\u00fcrl\u00fck \u00e2\u015f\u0131\u011f\u0131. Paradoksal d\u00fc\u015f\u00fcn\u00fcr. Y\u0131kma<span class=\"excerpt-hellip\"> [\u2026]<\/span><\/p>\n","protected":false},"featured_media":0,"template":"","meta":{"_monsterinsights_skip_tracking":false,"_monsterinsights_sitenote_active":false,"_monsterinsights_sitenote_note":"","_monsterinsights_sitenote_category":0},"product_brand":[],"product_cat":[12965,12337],"product_tag":[],"class_list":{"0":"post-688827","1":"product","2":"type-product","3":"status-publish","5":"product_cat-genel-politika","6":"product_cat-politika-siyaset","7":"pa_tur-kitap","8":"pa_yayinevi-agora-kitapligi","9":"pa_yazar-mihail-bakunin","11":"first","12":"instock","13":"sale","14":"shipping-taxable","15":"purchasable","16":"product-type-simple"},"_links":{"self":[{"href":"https:\/\/roveyayinevi.com.tr\/index.php\/wp-json\/wp\/v2\/product\/688827","targetHints":{"allow":["GET"]}}],"collection":[{"href":"https:\/\/roveyayinevi.com.tr\/index.php\/wp-json\/wp\/v2\/product"}],"about":[{"href":"https:\/\/roveyayinevi.com.tr\/index.php\/wp-json\/wp\/v2\/types\/product"}],"wp:attachment":[{"href":"https:\/\/roveyayinevi.com.tr\/index.php\/wp-json\/wp\/v2\/media?parent=688827"}],"wp:term":[{"taxonomy":"product_brand","embeddable":true,"href":"https:\/\/roveyayinevi.com.tr\/index.php\/wp-json\/wp\/v2\/product_brand?post=688827"},{"taxonomy":"product_cat","embeddable":true,"href":"https:\/\/roveyayinevi.com.tr\/index.php\/wp-json\/wp\/v2\/product_cat?post=688827"},{"taxonomy":"product_tag","embeddable":true,"href":"https:\/\/roveyayinevi.com.tr\/index.php\/wp-json\/wp\/v2\/product_tag?post=688827"}],"curies":[{"name":"wp","href":"https:\/\/api.w.org\/{rel}","templated":true}]}}