{"id":688816,"date":"2025-08-27T13:07:41","date_gmt":"2025-08-27T10:07:41","guid":{"rendered":"https:\/\/roveyayinevi.com.tr\/index.php\/urun\/kacakcilik-suclari-ve-gumruk-kabahatleri-ve-gumruk-uyusmazliklarinin-cozum-yollari\/"},"modified":"2026-04-16T01:58:38","modified_gmt":"2026-04-15T22:58:38","slug":"kacakcilik-suclari-ve-gumruk-kabahatleri-ve-gumruk-uyusmazliklarinin-cozum-yollari","status":"publish","type":"product","link":"https:\/\/roveyayinevi.com.tr\/index.php\/urun\/kacakcilik-suclari-ve-gumruk-kabahatleri-ve-gumruk-uyusmazliklarinin-cozum-yollari\/","title":{"rendered":"Ka\u00e7ak\u00e7\u0131l\u0131k Su\u00e7lar\u0131 ve G\u00fcmr\u00fck Kabahatleri ve G\u00fcmr\u00fck Uyu\u015fmazl\u0131klar\u0131n\u0131n \u00c7\u00f6z\u00fcm Yollar\u0131"},"content":{"rendered":"<p>G\u00fcmr\u00fck idaresinin gerek G\u00fcmr\u00fck Kanunu gerekse Ka\u00e7ak\u00e7\u0131l\u0131kla M\u00fccadele Kanununun uygulanmas\u0131ndan kaynaklanan ve muhataplar\u0131, bir ba\u015fka deyi\u015fle ba\u015fta y\u00fck\u00fcml\u00fcler olmak \u00fczere onlar ad\u0131na i\u015f takip eden temsilcileri aras\u0131nda ya\u015fanan uyu\u015fmazl\u0131klar\u0131n neler oldu\u011funa, bunlar\u0131n idari ve adli s\u00fcre\u00e7lerine, bu s\u00fcre\u00e7lerin sonu\u00e7lar\u0131na Yarg\u0131tay ve Dan\u0131\u015ftay&#8217;\u0131n konuyla ilgili verdi\u011fi ve i\u00e7tihat mahiyetinde olan kararlar\u0131na da yer verilmek suretiyle de\u011finilmi\u015ftir.Bu \u00e7al\u0131\u015fma; g\u00fcmr\u00fck idarelerinde \u00e7al\u0131\u015fan b\u00fct\u00fcn personele, g\u00fcmr\u00fck idaresiyle muhatap olarak g\u00fcmr\u00fck i\u015flemi yapt\u0131ran i\u015f sahip ve temsilcilerine, g\u00fcmr\u00fck ve d\u0131\u015f ticaret konular\u0131yla ilgilenen herkese faydal\u0131 olaca\u011f\u0131na inan\u0131lmaktad\u0131r. <\/p>\n","protected":false},"excerpt":{"rendered":"<p>G\u00fcmr\u00fck idaresinin gerek G\u00fcmr\u00fck Kanunu gerekse Ka\u00e7ak\u00e7\u0131l\u0131kla M\u00fccadele Kanununun uygulanmas\u0131ndan kaynaklanan ve muhataplar\u0131, bir ba\u015fka deyi\u015fle ba\u015fta y\u00fck\u00fcml\u00fcler olmak \u00fczere onlar ad\u0131na i\u015f takip eden temsilcileri<span class=\"excerpt-hellip\"> [\u2026]<\/span><\/p>\n","protected":false},"featured_media":0,"template":"","meta":{"_monsterinsights_skip_tracking":false,"_monsterinsights_sitenote_active":false,"_monsterinsights_sitenote_note":"","_monsterinsights_sitenote_category":0},"product_brand":[],"product_cat":[12573,12566],"product_tag":[],"class_list":{"0":"post-688816","1":"product","2":"type-product","3":"status-publish","5":"product_cat-akademik-kitaplar","6":"product_cat-egitim","7":"pa_cilt-ciltsiz","8":"pa_tur-kitap","9":"pa_yayinevi-gazi-kitabevi","10":"pa_yazar-kaptan-kilic","12":"first","13":"instock","14":"sale","15":"shipping-taxable","16":"purchasable","17":"product-type-simple"},"_links":{"self":[{"href":"https:\/\/roveyayinevi.com.tr\/index.php\/wp-json\/wp\/v2\/product\/688816","targetHints":{"allow":["GET"]}}],"collection":[{"href":"https:\/\/roveyayinevi.com.tr\/index.php\/wp-json\/wp\/v2\/product"}],"about":[{"href":"https:\/\/roveyayinevi.com.tr\/index.php\/wp-json\/wp\/v2\/types\/product"}],"wp:attachment":[{"href":"https:\/\/roveyayinevi.com.tr\/index.php\/wp-json\/wp\/v2\/media?parent=688816"}],"wp:term":[{"taxonomy":"product_brand","embeddable":true,"href":"https:\/\/roveyayinevi.com.tr\/index.php\/wp-json\/wp\/v2\/product_brand?post=688816"},{"taxonomy":"product_cat","embeddable":true,"href":"https:\/\/roveyayinevi.com.tr\/index.php\/wp-json\/wp\/v2\/product_cat?post=688816"},{"taxonomy":"product_tag","embeddable":true,"href":"https:\/\/roveyayinevi.com.tr\/index.php\/wp-json\/wp\/v2\/product_tag?post=688816"}],"curies":[{"name":"wp","href":"https:\/\/api.w.org\/{rel}","templated":true}]}}