{"id":688801,"date":"2025-08-27T13:07:39","date_gmt":"2025-08-27T10:07:39","guid":{"rendered":"https:\/\/roveyayinevi.com.tr\/index.php\/urun\/hybrids-melezler\/"},"modified":"2026-04-16T01:58:38","modified_gmt":"2026-04-15T22:58:38","slug":"hybrids-melezler","status":"publish","type":"product","link":"https:\/\/roveyayinevi.com.tr\/index.php\/urun\/hybrids-melezler\/","title":{"rendered":"Hybrids-Melezler"},"content":{"rendered":"<p>Hominids-\u0130nsans\u0131lar\u2019da Robert J. Sawyer, paralel evrenden bir Neanderthal olan unutulmaz karakter, fizik\u00e7i Ponter Boddit\u2019i tan\u0131tm\u0131\u015ft\u0131 bize. Boddit, kendisini bilmedi\u011fi bir d\u00fcnyada yabanc\u0131 haline getiren kuantum bilgisayar\u0131 deneyi s\u0131ras\u0131nda, kendi ger\u00e7ekli\u011finden bizimkine ak\u0131vermi\u015fti. \ufffcTan\u0131t\u0131m Metni<\/p>\n","protected":false},"excerpt":{"rendered":"<p>Hominids-\u0130nsans\u0131lar\u2019da Robert J. Sawyer, paralel evrenden bir Neanderthal olan unutulmaz karakter, fizik\u00e7i Ponter Boddit\u2019i tan\u0131tm\u0131\u015ft\u0131 bize. Boddit, kendisini bilmedi\u011fi bir d\u00fcnyada yabanc\u0131 haline getiren kuantum bilgisayar\u0131<span class=\"excerpt-hellip\"> [\u2026]<\/span><\/p>\n","protected":false},"featured_media":0,"template":"","meta":{"_monsterinsights_skip_tracking":false,"_monsterinsights_sitenote_active":false,"_monsterinsights_sitenote_note":"","_monsterinsights_sitenote_category":0},"product_brand":[],"product_cat":[12540,12291],"product_tag":[],"class_list":{"0":"post-688801","1":"product","2":"type-product","3":"status-publish","5":"product_cat-bilim-kurgu","6":"product_cat-edebiyat","7":"pa_tur-kitap","8":"pa_yayinevi-abis-yayincilik","9":"pa_yazar-robert-j-sawyer","11":"first","12":"instock","13":"sale","14":"shipping-taxable","15":"purchasable","16":"product-type-simple"},"_links":{"self":[{"href":"https:\/\/roveyayinevi.com.tr\/index.php\/wp-json\/wp\/v2\/product\/688801","targetHints":{"allow":["GET"]}}],"collection":[{"href":"https:\/\/roveyayinevi.com.tr\/index.php\/wp-json\/wp\/v2\/product"}],"about":[{"href":"https:\/\/roveyayinevi.com.tr\/index.php\/wp-json\/wp\/v2\/types\/product"}],"wp:attachment":[{"href":"https:\/\/roveyayinevi.com.tr\/index.php\/wp-json\/wp\/v2\/media?parent=688801"}],"wp:term":[{"taxonomy":"product_brand","embeddable":true,"href":"https:\/\/roveyayinevi.com.tr\/index.php\/wp-json\/wp\/v2\/product_brand?post=688801"},{"taxonomy":"product_cat","embeddable":true,"href":"https:\/\/roveyayinevi.com.tr\/index.php\/wp-json\/wp\/v2\/product_cat?post=688801"},{"taxonomy":"product_tag","embeddable":true,"href":"https:\/\/roveyayinevi.com.tr\/index.php\/wp-json\/wp\/v2\/product_tag?post=688801"}],"curies":[{"name":"wp","href":"https:\/\/api.w.org\/{rel}","templated":true}]}}