{"id":688777,"date":"2025-08-27T13:07:35","date_gmt":"2025-08-27T10:07:35","guid":{"rendered":"https:\/\/roveyayinevi.com.tr\/index.php\/urun\/cingirakli-coban\/"},"modified":"2026-04-16T01:58:37","modified_gmt":"2026-04-15T22:58:37","slug":"cingirakli-coban","status":"publish","type":"product","link":"https:\/\/roveyayinevi.com.tr\/index.php\/urun\/cingirakli-coban\/","title":{"rendered":"\u00c7\u0131ng\u0131rakl\u0131 \u00c7oban"},"content":{"rendered":"<p>Ailesiyle \u015firin bir k\u00f6yde ya\u015fayan Ali&#8217;nin babas\u0131, k\u00f6y\u00fcn \u00e7oban\u0131d\u0131r. Ali, babas\u0131yla birlikte koyunlar\u0131, kuzular\u0131 otlatmaya g\u00f6t\u00fcrmek ister. Da\u011flar\u0131, p\u0131narlar\u0131, \u00e7ay\u0131rlar\u0131 gezmektir \u00f6zlemi. Bir g\u00fcn babas\u0131n\u0131 ikna eder ve boynuna koyunlar\u0131n \u00e7\u0131ng\u0131ra\u011f\u0131ndan takarak, s\u00fcr\u00fcn\u00fcn ba\u015f\u0131na ge\u00e7er. Art\u0131k o \u00c7\u0131ng\u0131rakl\u0131 \u00c7oban&#8217;d\u0131r. Peki Ali&#8217;nin kendi s\u00fcr\u00fcs\u00fc olacak m\u0131? Elbette olacak ve as\u0131l macera ondan sonra ba\u015flayacak. <\/p>\n","protected":false},"excerpt":{"rendered":"<p>Ailesiyle \u015firin bir k\u00f6yde ya\u015fayan Ali&#8217;nin babas\u0131, k\u00f6y\u00fcn \u00e7oban\u0131d\u0131r. Ali, babas\u0131yla birlikte koyunlar\u0131, kuzular\u0131 otlatmaya g\u00f6t\u00fcrmek ister. Da\u011flar\u0131, p\u0131narlar\u0131, \u00e7ay\u0131rlar\u0131 gezmektir \u00f6zlemi. Bir g\u00fcn babas\u0131n\u0131 ikna<span class=\"excerpt-hellip\"> [\u2026]<\/span><\/p>\n","protected":false},"featured_media":0,"template":"","meta":{"_monsterinsights_skip_tracking":false,"_monsterinsights_sitenote_active":false,"_monsterinsights_sitenote_note":"","_monsterinsights_sitenote_category":0},"product_brand":[],"product_cat":[12274,12284],"product_tag":[],"class_list":{"0":"post-688777","1":"product","2":"type-product","3":"status-publish","5":"product_cat-cocuk-ve-genclik-kitaplari","6":"product_cat-hikayeler","7":"pa_cilt-ciltsiz","8":"pa_tur-kitap","9":"pa_yayinevi-bilgi-yayinevi-cocuk","10":"pa_yazar-muzaffer-izgu","12":"first","13":"instock","14":"sale","15":"shipping-taxable","16":"purchasable","17":"product-type-simple"},"_links":{"self":[{"href":"https:\/\/roveyayinevi.com.tr\/index.php\/wp-json\/wp\/v2\/product\/688777","targetHints":{"allow":["GET"]}}],"collection":[{"href":"https:\/\/roveyayinevi.com.tr\/index.php\/wp-json\/wp\/v2\/product"}],"about":[{"href":"https:\/\/roveyayinevi.com.tr\/index.php\/wp-json\/wp\/v2\/types\/product"}],"wp:attachment":[{"href":"https:\/\/roveyayinevi.com.tr\/index.php\/wp-json\/wp\/v2\/media?parent=688777"}],"wp:term":[{"taxonomy":"product_brand","embeddable":true,"href":"https:\/\/roveyayinevi.com.tr\/index.php\/wp-json\/wp\/v2\/product_brand?post=688777"},{"taxonomy":"product_cat","embeddable":true,"href":"https:\/\/roveyayinevi.com.tr\/index.php\/wp-json\/wp\/v2\/product_cat?post=688777"},{"taxonomy":"product_tag","embeddable":true,"href":"https:\/\/roveyayinevi.com.tr\/index.php\/wp-json\/wp\/v2\/product_tag?post=688777"}],"curies":[{"name":"wp","href":"https:\/\/api.w.org\/{rel}","templated":true}]}}