{"id":688755,"date":"2025-08-27T13:07:31","date_gmt":"2025-08-27T10:07:31","guid":{"rendered":"https:\/\/roveyayinevi.com.tr\/index.php\/urun\/humanizm-uzerine\/"},"modified":"2026-04-16T01:58:37","modified_gmt":"2026-04-15T22:58:37","slug":"humanizm-uzerine","status":"publish","type":"product","link":"https:\/\/roveyayinevi.com.tr\/index.php\/urun\/humanizm-uzerine\/","title":{"rendered":"H\u00fcmanizm \u00dczerine"},"content":{"rendered":"<p>&#8220;\u0130nsan\u0131n \u00f6z\u00fcn\u00fc s\u00fcrd\u00fcrmesiyle ilgili en y\u00fcce h\u00fcmanist belirlemeler bile, insan\u0131n as\u0131l onurunun tecr\u00fcbesini edinemezler. Bu nedenle &#8216;Varl\u0131k ve Zaman&#8217;daki D\u00fc\u015f\u00fcnme, h\u00fcmanizmin kar\u015f\u0131s\u0131ndad\u0131r. Fakat bu kar\u015f\u0131tl\u0131k, bu D\u00fc\u015f\u00fcnmenin, kendini insanca olan\u0131n kar\u015f\u0131s\u0131na koydu\u011fu ve insanca olmayana evet dedi\u011fi, gayri insanili\u011fi savundu\u011fu ve insan onurunu al\u00e7altt\u0131\u011f\u0131 anlam\u0131na gelmez. H\u00fcmanizme kar\u015f\u0131 d\u00fc\u015f\u00fcn\u00fclmektedir, \u00e7\u00fcnk\u00fc h\u00fcmanizm insan\u0131n humanitas&#8217;\u0131n\u0131 yeterince y\u00fcceltmemektedir.&#8221;<\/p>\n","protected":false},"excerpt":{"rendered":"<p>&#8220;\u0130nsan\u0131n \u00f6z\u00fcn\u00fc s\u00fcrd\u00fcrmesiyle ilgili en y\u00fcce h\u00fcmanist belirlemeler bile, insan\u0131n as\u0131l onurunun tecr\u00fcbesini edinemezler. Bu nedenle &#8216;Varl\u0131k ve Zaman&#8217;daki D\u00fc\u015f\u00fcnme, h\u00fcmanizmin kar\u015f\u0131s\u0131ndad\u0131r. Fakat bu kar\u015f\u0131tl\u0131k, bu<span class=\"excerpt-hellip\"> [\u2026]<\/span><\/p>\n","protected":false},"featured_media":0,"template":"","meta":{"_monsterinsights_skip_tracking":false,"_monsterinsights_sitenote_active":false,"_monsterinsights_sitenote_note":"","_monsterinsights_sitenote_category":0},"product_brand":[],"product_cat":[12389,12388],"product_tag":[],"class_list":{"0":"post-688755","1":"product","2":"type-product","3":"status-publish","5":"product_cat-diger-felsefe","6":"product_cat-felsefe","7":"pa_cilt-ciltsiz","8":"pa_tur-kitap","9":"pa_yayinevi-turkiye-felsefe-kurumu","10":"pa_yazar-martin-heidegger","12":"first","13":"instock","14":"sale","15":"shipping-taxable","16":"purchasable","17":"product-type-simple"},"_links":{"self":[{"href":"https:\/\/roveyayinevi.com.tr\/index.php\/wp-json\/wp\/v2\/product\/688755","targetHints":{"allow":["GET"]}}],"collection":[{"href":"https:\/\/roveyayinevi.com.tr\/index.php\/wp-json\/wp\/v2\/product"}],"about":[{"href":"https:\/\/roveyayinevi.com.tr\/index.php\/wp-json\/wp\/v2\/types\/product"}],"wp:attachment":[{"href":"https:\/\/roveyayinevi.com.tr\/index.php\/wp-json\/wp\/v2\/media?parent=688755"}],"wp:term":[{"taxonomy":"product_brand","embeddable":true,"href":"https:\/\/roveyayinevi.com.tr\/index.php\/wp-json\/wp\/v2\/product_brand?post=688755"},{"taxonomy":"product_cat","embeddable":true,"href":"https:\/\/roveyayinevi.com.tr\/index.php\/wp-json\/wp\/v2\/product_cat?post=688755"},{"taxonomy":"product_tag","embeddable":true,"href":"https:\/\/roveyayinevi.com.tr\/index.php\/wp-json\/wp\/v2\/product_tag?post=688755"}],"curies":[{"name":"wp","href":"https:\/\/api.w.org\/{rel}","templated":true}]}}