{"id":688726,"date":"2025-08-27T13:07:27","date_gmt":"2025-08-27T10:07:27","guid":{"rendered":"https:\/\/roveyayinevi.com.tr\/index.php\/urun\/kopekbaligi-ve-deniz-canlilari-kendimi-tanitiyorum\/"},"modified":"2026-04-16T01:58:36","modified_gmt":"2026-04-15T22:58:36","slug":"kopekbaligi-ve-deniz-canlilari-kendimi-tanitiyorum","status":"publish","type":"product","link":"https:\/\/roveyayinevi.com.tr\/index.php\/urun\/kopekbaligi-ve-deniz-canlilari-kendimi-tanitiyorum\/","title":{"rendered":"K\u00f6pekbal\u0131\u011f\u0131 ve Deniz Canl\u0131lar\u0131 &#8211; Kendimi Tan\u0131t\u0131yorum"},"content":{"rendered":"<p>D\u00fcnya okyanuslar\u0131na ho\u015f geldiniz. Gezegenimizin %70&#8217;i suyla kapl\u0131d\u0131r ve denizlerle okyanuslar ya\u015fam doludur. Suyun i\u00e7inde ve \u00fczerinde ya\u015fayan milyonlarca canl\u0131 vard\u0131r. Size hayatlar\u0131m\u0131z\u0131 nas\u0131l s\u00fcrd\u00fcrd\u00fc\u011f\u00fcm\u00fcz\u00fc anlatmak istiyoruz.    Belki denizay\u0131lar\u0131n\u0131n nerede ya\u015fad\u0131\u011f\u0131n\u0131 ya da okyanusun zifiri karanl\u0131k, dondurucu ve t\u00fcm\u00fcyle sessiz olan en dibinde hangi canl\u0131lar\u0131n ya\u015fayabildi\u011fini bilmek istersiniz..   Papa\u011fan bal\u0131\u011f\u0131 size mercan kayal\u0131\u011f\u0131ndaki ya\u015faman\u0131 anlatacak ve ye\u015fil kaplumba\u011fa yumurtalar\u0131n\u0131 b\u0131rakmak i\u00e7in Atlas Okyanusu&#8217;nda neden kilometrelerce y\u00fczd\u00fc\u011f\u00fcn\u00fc a\u00e7\u0131klayacak, albatros ise d\u00fcnyan\u0131n etraf\u0131nda u\u00e7man\u0131n s\u0131rr\u0131n\u0131 verecek.   Ama \u00f6nce, okyanustaki en korkun\u00e7 yarat\u0131klardan biri olan b\u00fcy\u00fck beyaz k\u00f6pekbal\u0131\u011f\u0131n\u0131n anlatt\u0131klar\u0131na kulak verin.  <\/p>\n","protected":false},"excerpt":{"rendered":"<p>D\u00fcnya okyanuslar\u0131na ho\u015f geldiniz. Gezegenimizin %70&#8217;i suyla kapl\u0131d\u0131r ve denizlerle okyanuslar ya\u015fam doludur. Suyun i\u00e7inde ve \u00fczerinde ya\u015fayan milyonlarca canl\u0131 vard\u0131r. Size hayatlar\u0131m\u0131z\u0131 nas\u0131l s\u00fcrd\u00fcrd\u00fc\u011f\u00fcm\u00fcz\u00fc anlatmak<span class=\"excerpt-hellip\"> [\u2026]<\/span><\/p>\n","protected":false},"featured_media":0,"template":"","meta":{"_monsterinsights_skip_tracking":false,"_monsterinsights_sitenote_active":false,"_monsterinsights_sitenote_note":"","_monsterinsights_sitenote_category":0},"product_brand":[],"product_cat":[12492,12274],"product_tag":[],"class_list":{"0":"post-688726","1":"product","2":"type-product","3":"status-publish","5":"product_cat-bilmece-bulmaca","6":"product_cat-cocuk-ve-genclik-kitaplari","7":"pa_cilt-ciltsiz","8":"pa_tur-kitap","9":"pa_yayinevi-1001-cicek-kitaplar","10":"pa_yazar-olivia-brookes","12":"first","13":"instock","14":"sale","15":"shipping-taxable","16":"purchasable","17":"product-type-simple"},"_links":{"self":[{"href":"https:\/\/roveyayinevi.com.tr\/index.php\/wp-json\/wp\/v2\/product\/688726","targetHints":{"allow":["GET"]}}],"collection":[{"href":"https:\/\/roveyayinevi.com.tr\/index.php\/wp-json\/wp\/v2\/product"}],"about":[{"href":"https:\/\/roveyayinevi.com.tr\/index.php\/wp-json\/wp\/v2\/types\/product"}],"wp:attachment":[{"href":"https:\/\/roveyayinevi.com.tr\/index.php\/wp-json\/wp\/v2\/media?parent=688726"}],"wp:term":[{"taxonomy":"product_brand","embeddable":true,"href":"https:\/\/roveyayinevi.com.tr\/index.php\/wp-json\/wp\/v2\/product_brand?post=688726"},{"taxonomy":"product_cat","embeddable":true,"href":"https:\/\/roveyayinevi.com.tr\/index.php\/wp-json\/wp\/v2\/product_cat?post=688726"},{"taxonomy":"product_tag","embeddable":true,"href":"https:\/\/roveyayinevi.com.tr\/index.php\/wp-json\/wp\/v2\/product_tag?post=688726"}],"curies":[{"name":"wp","href":"https:\/\/api.w.org\/{rel}","templated":true}]}}