{"id":688722,"date":"2025-08-27T13:07:26","date_gmt":"2025-08-27T10:07:26","guid":{"rendered":"https:\/\/roveyayinevi.com.tr\/index.php\/urun\/ingilizce-ilk-bin-sozcuk\/"},"modified":"2026-04-16T01:58:36","modified_gmt":"2026-04-15T22:58:36","slug":"ingilizce-ilk-bin-sozcuk","status":"publish","type":"product","link":"https:\/\/roveyayinevi.com.tr\/index.php\/urun\/ingilizce-ilk-bin-sozcuk\/","title":{"rendered":"\u0130ngilizce \u0130lk Bin S\u00f6zc\u00fck"},"content":{"rendered":"<p>\u0130ngilizce \u0130lk Bin S\u00f6zc\u00fck, \u00e7ocuklar\u0131n ve gen\u00e7lerin dil \u00f6\u011frenimi i\u00e7in haz\u0131rlanm\u0131\u015ft\u0131r. Bu kitap, hem okul \u00f6ncesi hem de okul \u00e7a\u011f\u0131ndaki \u00e7ocuklar i\u00e7in e\u015fsiz bir hazine niteli\u011findedir.Hen\u00fcz okul ya\u015f\u0131na gelmemi\u015f \u00e7ocuklar, kitab\u0131 resimli bir s\u00f6zl\u00fck olarak kullanabilirler. Resimleri tarif edip \u0130ngilizce adlar\u0131n\u0131 s\u00f6yleyebilir hale gelecek ve resimlerde g\u00f6rd\u00fckleri nesneleri \u0130ngilizcedeki adlar\u0131 ile e\u015fle\u015ftirmeye ba\u015flayacaklard\u0131r.Okul \u00e7a\u011f\u0131ndaki \u00e7ocuklar ise bu kitap sayesinde s\u00f6zc\u00fck da\u011farc\u0131klar\u0131n\u0131 geli\u015ftirir ve \u0130ngilizce s\u00f6zc\u00fcklerin do\u011fru yaz\u0131l\u0131\u015flar\u0131n\u0131 \u00f6\u011frenirler.Ayr\u0131ca t\u00fcm s\u00f6zc\u00fckleri kapsayan ve kitab\u0131n sonunda yer alan listeyi \u00e7ocu\u011funuzun yarat\u0131c\u0131l\u0131\u011f\u0131n\u0131 ortaya \u00e7\u0131karacak oyunlar geli\u015ftirmek i\u00e7in kullanabilir ve \u00e7ocu\u011funuzun farkl\u0131 alanlardaki geli\u015fimine de katk\u0131 sa\u011flayabilirsiniz.\u0130lk Bin S\u00f6zc\u00fck serisindeki di\u011fer kitaplar:Almanca \u0130lk Bin S\u00f6zc\u00fckFrans\u0131zca \u0130lk Bin S\u00f6zc\u00fck\u0130talyanca \u0130lk Bin S\u00f6zc\u00fck\u0130spanyolca \u0130lk Bin S\u00f6zc\u00fckRus\u00e7a \u0130lk Bin S\u00f6zc\u00fck <\/p>\n","protected":false},"excerpt":{"rendered":"<p>\u0130ngilizce \u0130lk Bin S\u00f6zc\u00fck, \u00e7ocuklar\u0131n ve gen\u00e7lerin dil \u00f6\u011frenimi i\u00e7in haz\u0131rlanm\u0131\u015ft\u0131r. Bu kitap, hem okul \u00f6ncesi hem de okul \u00e7a\u011f\u0131ndaki \u00e7ocuklar i\u00e7in e\u015fsiz bir hazine niteli\u011findedir.Hen\u00fcz<span class=\"excerpt-hellip\"> [\u2026]<\/span><\/p>\n","protected":false},"featured_media":0,"template":"","meta":{"_monsterinsights_skip_tracking":false,"_monsterinsights_sitenote_active":false,"_monsterinsights_sitenote_note":"","_monsterinsights_sitenote_category":0},"product_brand":[],"product_cat":[12492,12274],"product_tag":[],"class_list":{"0":"post-688722","1":"product","2":"type-product","3":"status-publish","5":"product_cat-bilmece-bulmaca","6":"product_cat-cocuk-ve-genclik-kitaplari","7":"pa_cilt-ciltsiz","8":"pa_tur-kitap","9":"pa_yayinevi-1001-cicek-kitaplar","10":"pa_yazar-heather-amery","12":"first","13":"instock","14":"sale","15":"shipping-taxable","16":"purchasable","17":"product-type-simple"},"_links":{"self":[{"href":"https:\/\/roveyayinevi.com.tr\/index.php\/wp-json\/wp\/v2\/product\/688722","targetHints":{"allow":["GET"]}}],"collection":[{"href":"https:\/\/roveyayinevi.com.tr\/index.php\/wp-json\/wp\/v2\/product"}],"about":[{"href":"https:\/\/roveyayinevi.com.tr\/index.php\/wp-json\/wp\/v2\/types\/product"}],"wp:attachment":[{"href":"https:\/\/roveyayinevi.com.tr\/index.php\/wp-json\/wp\/v2\/media?parent=688722"}],"wp:term":[{"taxonomy":"product_brand","embeddable":true,"href":"https:\/\/roveyayinevi.com.tr\/index.php\/wp-json\/wp\/v2\/product_brand?post=688722"},{"taxonomy":"product_cat","embeddable":true,"href":"https:\/\/roveyayinevi.com.tr\/index.php\/wp-json\/wp\/v2\/product_cat?post=688722"},{"taxonomy":"product_tag","embeddable":true,"href":"https:\/\/roveyayinevi.com.tr\/index.php\/wp-json\/wp\/v2\/product_tag?post=688722"}],"curies":[{"name":"wp","href":"https:\/\/api.w.org\/{rel}","templated":true}]}}