{"id":688719,"date":"2025-08-27T13:07:25","date_gmt":"2025-08-27T10:07:25","guid":{"rendered":"https:\/\/roveyayinevi.com.tr\/index.php\/urun\/dinozorlar-kendimi-tanitiyorum\/"},"modified":"2026-04-16T01:58:36","modified_gmt":"2026-04-15T22:58:36","slug":"dinozorlar-kendimi-tanitiyorum","status":"publish","type":"product","link":"https:\/\/roveyayinevi.com.tr\/index.php\/urun\/dinozorlar-kendimi-tanitiyorum\/","title":{"rendered":"Dinozorlar &#8211; Kendimi Tan\u0131t\u0131yorum"},"content":{"rendered":"<p>Bizimle d\u00fcnyan\u0131n en eski canl\u0131lar\u0131yla tan\u0131\u015faca\u011f\u0131n\u0131z bir yolculu\u011fa \u00e7\u0131kmak istemez misiniz?   \u0130nsanlardan \u00f6nce d\u00fcnyaya 160 milyon y\u0131l boyunca h\u00fckmeden biz dinozorlar\u0131n \u00f6yk\u00fcs\u00fcn\u00fc dinlemeye haz\u0131r olun. T\u00fcyl\u00fc dinozor t\u00fcrleriyle tan\u0131\u015f\u0131n, yavru bir dinozorun ya\u015famak i\u00e7in verdi\u011fi m\u00fccadeleye tan\u0131k olun.  Size biz dev s\u00fcr\u00fcngenlerin neslinin neden t\u00fckendi\u011fini ve bizler yok olduktan sonra d\u00fcnya \u00fczerinde ger\u00e7ekle\u015fen de\u011fi\u015fiklikleri anlataca\u011f\u0131z. Bir at\u0131 yiyebilecek kadar b\u00fcy\u00fck bir ku\u015fla tan\u0131\u015fabilir, size benzeyen ilk insanlar\u0131n t\u00fcy yumaklar\u0131n\u0131 and\u0131ran mamutlar\u0131 nas\u0131l avlad\u0131klar\u0131n\u0131 \u00f6\u011frenebilirsiniz.   Ama \u00f6nce gelin, her \u015feyin nas\u0131l ba\u015flad\u0131\u011f\u0131n\u0131 g\u00f6rmek i\u00e7in bizimle Kambriyen okyanusuna dal\u0131n. <\/p>\n","protected":false},"excerpt":{"rendered":"<p>Bizimle d\u00fcnyan\u0131n en eski canl\u0131lar\u0131yla tan\u0131\u015faca\u011f\u0131n\u0131z bir yolculu\u011fa \u00e7\u0131kmak istemez misiniz? \u0130nsanlardan \u00f6nce d\u00fcnyaya 160 milyon y\u0131l boyunca h\u00fckmeden biz dinozorlar\u0131n \u00f6yk\u00fcs\u00fcn\u00fc dinlemeye haz\u0131r olun. T\u00fcyl\u00fc<span class=\"excerpt-hellip\"> [\u2026]<\/span><\/p>\n","protected":false},"featured_media":0,"template":"","meta":{"_monsterinsights_skip_tracking":false,"_monsterinsights_sitenote_active":false,"_monsterinsights_sitenote_note":"","_monsterinsights_sitenote_category":0},"product_brand":[],"product_cat":[12492,12274],"product_tag":[],"class_list":{"0":"post-688719","1":"product","2":"type-product","3":"status-publish","5":"product_cat-bilmece-bulmaca","6":"product_cat-cocuk-ve-genclik-kitaplari","7":"pa_cilt-ciltsiz","8":"pa_tur-kitap","9":"pa_yayinevi-1001-cicek-kitaplar","10":"pa_yazar-olivia-brookes","12":"first","13":"instock","14":"sale","15":"shipping-taxable","16":"purchasable","17":"product-type-simple"},"_links":{"self":[{"href":"https:\/\/roveyayinevi.com.tr\/index.php\/wp-json\/wp\/v2\/product\/688719","targetHints":{"allow":["GET"]}}],"collection":[{"href":"https:\/\/roveyayinevi.com.tr\/index.php\/wp-json\/wp\/v2\/product"}],"about":[{"href":"https:\/\/roveyayinevi.com.tr\/index.php\/wp-json\/wp\/v2\/types\/product"}],"wp:attachment":[{"href":"https:\/\/roveyayinevi.com.tr\/index.php\/wp-json\/wp\/v2\/media?parent=688719"}],"wp:term":[{"taxonomy":"product_brand","embeddable":true,"href":"https:\/\/roveyayinevi.com.tr\/index.php\/wp-json\/wp\/v2\/product_brand?post=688719"},{"taxonomy":"product_cat","embeddable":true,"href":"https:\/\/roveyayinevi.com.tr\/index.php\/wp-json\/wp\/v2\/product_cat?post=688719"},{"taxonomy":"product_tag","embeddable":true,"href":"https:\/\/roveyayinevi.com.tr\/index.php\/wp-json\/wp\/v2\/product_tag?post=688719"}],"curies":[{"name":"wp","href":"https:\/\/api.w.org\/{rel}","templated":true}]}}