{"id":688715,"date":"2025-08-27T13:07:25","date_gmt":"2025-08-27T10:07:25","guid":{"rendered":"https:\/\/roveyayinevi.com.tr\/index.php\/urun\/dikkat-toplama-becerisini-gelistirici-etkinlikler-okuloncesi\/"},"modified":"2026-04-16T01:58:36","modified_gmt":"2026-04-15T22:58:36","slug":"dikkat-toplama-becerisini-gelistirici-etkinlikler-okuloncesi","status":"publish","type":"product","link":"https:\/\/roveyayinevi.com.tr\/index.php\/urun\/dikkat-toplama-becerisini-gelistirici-etkinlikler-okuloncesi\/","title":{"rendered":"Dikkat Toplama Becerisini Geli\u015ftirici Etkinlikler &#8211; Okul\u00f6ncesi"},"content":{"rendered":"<p>Bu kitapta, okul \u00f6ncesi d\u00f6nemdeki \u00e7ocuklar\u0131n dikkat toplama becerisini geli\u015ftirici etkinlikler; al\u0131\u015ft\u0131rmalar, oyunlar ve gev\u015feme egzersizleri yer almaktad\u0131r. Bu etkinliklere ge\u00e7meden \u00f6nce dikkat, dikkat toplama, dikkat toplama sorunlar\u0131 ile ilgili a\u00e7\u0131klay\u0131c\u0131 bilgiler verilmi\u015ftir. Dikkat toplama becerisinin, \u00f6zellikle okuldaki ba\u015far\u0131 i\u00e7in ne kadar \u00f6nemli oldu\u011fu bilinmektedir. Bu nedenle okul \u00f6ncesi d\u00f6nemden ba\u015flayarak dikkat toplama becerisinin geli\u015ftirilmesine \u00f6zel bir \u00f6nemin verilmesi gerekmektedir. B\u00f6ylece daha sonraki y\u0131llarda ortaya \u00e7\u0131kabilecek e\u011fitsel sorunlar\u0131nda azalt\u0131lmas\u0131 m\u00fcmk\u00fcn olabilecektir.Bu kitapta yer alan etkinliklerin, \u00e7ocuklar\u0131n var olan dikkat toplama potansiyellerini geli\u015ftirebilece\u011fi, ayn\u0131 zamanda dikkat toplama sorunu ya\u015fayan \u00e7ocuklar\u0131n bu sorunla ba\u015f etmelerinde etkili olabilece\u011fi d\u00fc\u015f\u00fcn\u00fclmektedir.Renkli, Resimli <\/p>\n","protected":false},"excerpt":{"rendered":"<p>Bu kitapta, okul \u00f6ncesi d\u00f6nemdeki \u00e7ocuklar\u0131n dikkat toplama becerisini geli\u015ftirici etkinlikler; al\u0131\u015ft\u0131rmalar, oyunlar ve gev\u015feme egzersizleri yer almaktad\u0131r. Bu etkinliklere ge\u00e7meden \u00f6nce dikkat, dikkat toplama, dikkat<span class=\"excerpt-hellip\"> [\u2026]<\/span><\/p>\n","protected":false},"featured_media":0,"template":"","meta":{"_monsterinsights_skip_tracking":false,"_monsterinsights_sitenote_active":false,"_monsterinsights_sitenote_note":"","_monsterinsights_sitenote_category":0},"product_brand":[],"product_cat":[12573,12566],"product_tag":[],"class_list":{"0":"post-688715","1":"product","2":"type-product","3":"status-publish","5":"product_cat-akademik-kitaplar","6":"product_cat-egitim","7":"pa_cilt-ciltsiz","8":"pa_tur-kitap","9":"pa_yayinevi-ani-yayincilik","10":"pa_yazar-suna-kaymak-ozmen","12":"first","13":"instock","14":"sale","15":"shipping-taxable","16":"purchasable","17":"product-type-simple"},"_links":{"self":[{"href":"https:\/\/roveyayinevi.com.tr\/index.php\/wp-json\/wp\/v2\/product\/688715","targetHints":{"allow":["GET"]}}],"collection":[{"href":"https:\/\/roveyayinevi.com.tr\/index.php\/wp-json\/wp\/v2\/product"}],"about":[{"href":"https:\/\/roveyayinevi.com.tr\/index.php\/wp-json\/wp\/v2\/types\/product"}],"wp:attachment":[{"href":"https:\/\/roveyayinevi.com.tr\/index.php\/wp-json\/wp\/v2\/media?parent=688715"}],"wp:term":[{"taxonomy":"product_brand","embeddable":true,"href":"https:\/\/roveyayinevi.com.tr\/index.php\/wp-json\/wp\/v2\/product_brand?post=688715"},{"taxonomy":"product_cat","embeddable":true,"href":"https:\/\/roveyayinevi.com.tr\/index.php\/wp-json\/wp\/v2\/product_cat?post=688715"},{"taxonomy":"product_tag","embeddable":true,"href":"https:\/\/roveyayinevi.com.tr\/index.php\/wp-json\/wp\/v2\/product_tag?post=688715"}],"curies":[{"name":"wp","href":"https:\/\/api.w.org\/{rel}","templated":true}]}}