{"id":688705,"date":"2025-08-27T13:07:23","date_gmt":"2025-08-27T10:07:23","guid":{"rendered":"https:\/\/roveyayinevi.com.tr\/index.php\/urun\/aricik\/"},"modified":"2026-04-16T01:58:36","modified_gmt":"2026-04-15T22:58:36","slug":"aricik","status":"publish","type":"product","link":"https:\/\/roveyayinevi.com.tr\/index.php\/urun\/aricik\/","title":{"rendered":"Ar\u0131c\u0131k"},"content":{"rendered":"<p>Ar\u0131c\u0131k inanamad\u0131 g\u00f6zlerine&#8230; Yok yok hay\u0131r, d\u00fc\u015f de\u011fildi bu. O so\u011fuk k\u0131\u015f g\u00fcnlerinin a\u00e7l\u0131k d\u00fc\u015fleri de\u011fildi. Kovan\u0131n deli\u011finde \u0131\u015f\u0131k g\u00f6rm\u00fc\u015ft\u00fc. I\u015f\u0131k vurmu\u015ftu kovan\u0131n i\u00e7ine. Ya bu koku, bu koku&#8230; Ar\u0131c\u0131k \u00e7ok iyi tan\u0131yordu bu kokuyu. Bu koku bahar kokusu, \u0131t\u0131r kokusu, papatya kokusu, akasya kokusuydu&#8230; \u00c7ok uzaklardan geliyordu bu koku. B\u00fct\u00fcn k\u0131\u015f \u00f6l\u00fcmle kal\u0131m aras\u0131nda uyuyan ar\u0131lar birer birer canlan\u0131yorlar. Ko\u015fuyorlar deli\u011fe. Bir an \u00f6nce u\u00e7mak, bir an \u00f6nce \u00e7i\u00e7eklere kavu\u015fmak, bir an \u00f6nce doymak i\u00e7in&#8230; <\/p>\n","protected":false},"excerpt":{"rendered":"<p>Ar\u0131c\u0131k inanamad\u0131 g\u00f6zlerine&#8230; Yok yok hay\u0131r, d\u00fc\u015f de\u011fildi bu. O so\u011fuk k\u0131\u015f g\u00fcnlerinin a\u00e7l\u0131k d\u00fc\u015fleri de\u011fildi. Kovan\u0131n deli\u011finde \u0131\u015f\u0131k g\u00f6rm\u00fc\u015ft\u00fc. I\u015f\u0131k vurmu\u015ftu kovan\u0131n i\u00e7ine. Ya bu<span class=\"excerpt-hellip\"> [\u2026]<\/span><\/p>\n","protected":false},"featured_media":0,"template":"","meta":{"_monsterinsights_skip_tracking":false,"_monsterinsights_sitenote_active":false,"_monsterinsights_sitenote_note":"","_monsterinsights_sitenote_category":0},"product_brand":[],"product_cat":[12274,12284],"product_tag":[],"class_list":{"0":"post-688705","1":"product","2":"type-product","3":"status-publish","5":"product_cat-cocuk-ve-genclik-kitaplari","6":"product_cat-hikayeler","7":"pa_cilt-ciltsiz","8":"pa_tur-kitap","9":"pa_yayinevi-bilgi-yayinevi-cocuk","10":"pa_yazar-muzaffer-izgu","12":"first","13":"instock","14":"sale","15":"shipping-taxable","16":"purchasable","17":"product-type-simple"},"_links":{"self":[{"href":"https:\/\/roveyayinevi.com.tr\/index.php\/wp-json\/wp\/v2\/product\/688705","targetHints":{"allow":["GET"]}}],"collection":[{"href":"https:\/\/roveyayinevi.com.tr\/index.php\/wp-json\/wp\/v2\/product"}],"about":[{"href":"https:\/\/roveyayinevi.com.tr\/index.php\/wp-json\/wp\/v2\/types\/product"}],"wp:attachment":[{"href":"https:\/\/roveyayinevi.com.tr\/index.php\/wp-json\/wp\/v2\/media?parent=688705"}],"wp:term":[{"taxonomy":"product_brand","embeddable":true,"href":"https:\/\/roveyayinevi.com.tr\/index.php\/wp-json\/wp\/v2\/product_brand?post=688705"},{"taxonomy":"product_cat","embeddable":true,"href":"https:\/\/roveyayinevi.com.tr\/index.php\/wp-json\/wp\/v2\/product_cat?post=688705"},{"taxonomy":"product_tag","embeddable":true,"href":"https:\/\/roveyayinevi.com.tr\/index.php\/wp-json\/wp\/v2\/product_tag?post=688705"}],"curies":[{"name":"wp","href":"https:\/\/api.w.org\/{rel}","templated":true}]}}