{"id":688696,"date":"2025-08-27T13:07:22","date_gmt":"2025-08-27T10:07:22","guid":{"rendered":"https:\/\/roveyayinevi.com.tr\/index.php\/urun\/david-copperfield\/"},"modified":"2026-04-16T01:58:36","modified_gmt":"2026-04-15T22:58:36","slug":"david-copperfield","status":"publish","type":"product","link":"https:\/\/roveyayinevi.com.tr\/index.php\/urun\/david-copperfield\/","title":{"rendered":"David Copperfield"},"content":{"rendered":"<p>Babas\u0131n\u0131n \u00f6l\u00fcm\u00fcnden sonra d\u00fcnyaya gelen David Copperfield, babas\u0131n\u0131n annesiyle evlenmesine kar\u015f\u0131 \u00e7\u0131kan b\u00fcy\u00fck hala Betsey Trootwood taraf\u0131ndan da k\u0131z olmad\u0131\u011f\u0131 i\u00e7in kabul edilmez. On ya\u015f\u0131na kadar annesi ve dad\u0131s\u0131 ile mutlu bir ya\u015fam s\u00fcren David\u2019in ya\u015fam\u0131 annesi tekrar evlenince tamamen de\u011fi\u015fir.\u00dcvey baba ve onun k\u0131z karde\u015finin eziyetleriyle kar\u015f\u0131 kar\u015f\u0131ya kal\u0131r. G\u00f6nderildi\u011fi yat\u0131l\u0131 okulda zor g\u00fcnler ya\u015farken annesinin \u00f6l\u00fcm\u00fc ile evini de kaybeder.Yapayaln\u0131z kalan David\u2019i nas\u0131l bir gelecek beklemektedir? \u00dcnl\u00fc \u0130ngiliz yazar Charles Dickens (1812-1870), 19. y\u00fczy\u0131l\u0131n ba\u015f\u0131 \u0130ngiltere\u2019sinin sosyal durumunu, insan ili\u015fkilerini; d\u00f6nemin ac\u0131mas\u0131zl\u0131\u011f\u0131n\u0131, insanlar\u0131n h\u0131rslar\u0131n\u0131 \u00e7arp\u0131c\u0131 bir bi\u00e7imde anlat\u0131yor.<\/p>\n","protected":false},"excerpt":{"rendered":"<p>Babas\u0131n\u0131n \u00f6l\u00fcm\u00fcnden sonra d\u00fcnyaya gelen David Copperfield, babas\u0131n\u0131n annesiyle evlenmesine kar\u015f\u0131 \u00e7\u0131kan b\u00fcy\u00fck hala Betsey Trootwood taraf\u0131ndan da k\u0131z olmad\u0131\u011f\u0131 i\u00e7in kabul edilmez. On ya\u015f\u0131na kadar<span class=\"excerpt-hellip\"> [\u2026]<\/span><\/p>\n","protected":false},"featured_media":0,"template":"","meta":{"_monsterinsights_skip_tracking":false,"_monsterinsights_sitenote_active":false,"_monsterinsights_sitenote_note":"","_monsterinsights_sitenote_category":0},"product_brand":[],"product_cat":[12274,12284],"product_tag":[],"class_list":{"0":"post-688696","1":"product","2":"type-product","3":"status-publish","5":"product_cat-cocuk-ve-genclik-kitaplari","6":"product_cat-hikayeler","7":"pa_cilt-ciltsiz","8":"pa_tur-kitap","9":"pa_yayinevi-arkadas-yayinlari","10":"pa_yazar-charles-dickens","12":"first","13":"instock","14":"sale","15":"shipping-taxable","16":"purchasable","17":"product-type-simple"},"_links":{"self":[{"href":"https:\/\/roveyayinevi.com.tr\/index.php\/wp-json\/wp\/v2\/product\/688696","targetHints":{"allow":["GET"]}}],"collection":[{"href":"https:\/\/roveyayinevi.com.tr\/index.php\/wp-json\/wp\/v2\/product"}],"about":[{"href":"https:\/\/roveyayinevi.com.tr\/index.php\/wp-json\/wp\/v2\/types\/product"}],"wp:attachment":[{"href":"https:\/\/roveyayinevi.com.tr\/index.php\/wp-json\/wp\/v2\/media?parent=688696"}],"wp:term":[{"taxonomy":"product_brand","embeddable":true,"href":"https:\/\/roveyayinevi.com.tr\/index.php\/wp-json\/wp\/v2\/product_brand?post=688696"},{"taxonomy":"product_cat","embeddable":true,"href":"https:\/\/roveyayinevi.com.tr\/index.php\/wp-json\/wp\/v2\/product_cat?post=688696"},{"taxonomy":"product_tag","embeddable":true,"href":"https:\/\/roveyayinevi.com.tr\/index.php\/wp-json\/wp\/v2\/product_tag?post=688696"}],"curies":[{"name":"wp","href":"https:\/\/api.w.org\/{rel}","templated":true}]}}