{"id":688689,"date":"2025-08-27T13:07:21","date_gmt":"2025-08-27T10:07:21","guid":{"rendered":"https:\/\/roveyayinevi.com.tr\/index.php\/urun\/aklin-cocuklari\/"},"modified":"2026-04-16T01:58:36","modified_gmt":"2026-04-15T22:58:36","slug":"aklin-cocuklari","status":"publish","type":"product","link":"https:\/\/roveyayinevi.com.tr\/index.php\/urun\/aklin-cocuklari\/","title":{"rendered":"Akl\u0131n \u00c7ocuklar\u0131"},"content":{"rendered":"<p>Bilim kurgu d\u00fcnyas\u0131n\u0131n en \u00f6nemli iki \u00f6d\u00fcl\u00fc, Hugo ve Nebula \u00f6d\u00fcllerini ayn\u0131 anda alan Ender Serisi devam ediyor.. <\/p>\n","protected":false},"excerpt":{"rendered":"<p>Bilim kurgu d\u00fcnyas\u0131n\u0131n en \u00f6nemli iki \u00f6d\u00fcl\u00fc, Hugo ve Nebula \u00f6d\u00fcllerini ayn\u0131 anda alan Ender Serisi devam ediyor..<\/p>\n","protected":false},"featured_media":0,"template":"","meta":{"_monsterinsights_skip_tracking":false,"_monsterinsights_sitenote_active":false,"_monsterinsights_sitenote_note":"","_monsterinsights_sitenote_category":0},"product_brand":[],"product_cat":[12540,12291],"product_tag":[],"class_list":{"0":"post-688689","1":"product","2":"type-product","3":"status-publish","5":"product_cat-bilim-kurgu","6":"product_cat-edebiyat","7":"pa_tur-kitap","8":"pa_yayinevi-altikirkbes-yayinlari","9":"pa_yazar-orson-scott-card","11":"first","12":"instock","13":"sale","14":"shipping-taxable","15":"purchasable","16":"product-type-simple"},"_links":{"self":[{"href":"https:\/\/roveyayinevi.com.tr\/index.php\/wp-json\/wp\/v2\/product\/688689","targetHints":{"allow":["GET"]}}],"collection":[{"href":"https:\/\/roveyayinevi.com.tr\/index.php\/wp-json\/wp\/v2\/product"}],"about":[{"href":"https:\/\/roveyayinevi.com.tr\/index.php\/wp-json\/wp\/v2\/types\/product"}],"wp:attachment":[{"href":"https:\/\/roveyayinevi.com.tr\/index.php\/wp-json\/wp\/v2\/media?parent=688689"}],"wp:term":[{"taxonomy":"product_brand","embeddable":true,"href":"https:\/\/roveyayinevi.com.tr\/index.php\/wp-json\/wp\/v2\/product_brand?post=688689"},{"taxonomy":"product_cat","embeddable":true,"href":"https:\/\/roveyayinevi.com.tr\/index.php\/wp-json\/wp\/v2\/product_cat?post=688689"},{"taxonomy":"product_tag","embeddable":true,"href":"https:\/\/roveyayinevi.com.tr\/index.php\/wp-json\/wp\/v2\/product_tag?post=688689"}],"curies":[{"name":"wp","href":"https:\/\/api.w.org\/{rel}","templated":true}]}}